Results for 3.1 20020127 (experimental) testsuite on i386-unknown-netbsdelf1.5ZA
Krister Walfridsson
cato@df.lth.se
Sun Jan 27 21:06:00 GMT 2002
LAST_UPDATED: Sun Jan 27 17:04:50 UTC 2002
Native configuration is i386-unknown-netbsdelf1.5ZA
=== g++ tests ===
Running target unix
FAIL: g++.ext/instantiate2.C not instantiated (test for errors, line 19)
=== g++ Summary ===
# of expected passes 6871
# of unexpected failures 1
# of expected failures 93
# of untested testcases 15
# of unsupported tests 1
/ndsk/gcctmp/i386/gcc020127/build/gcc/testsuite/../g++ version 3.1 20020127 (experimental)
=== g77 tests ===
Running target unix
=== g77 Summary ===
# of expected passes 1140
# of unsupported tests 8
/ndsk/gcctmp/i386/gcc020127/build/gcc/testsuite/../g77 version 3.1 20020127 (experimental)
=== gcc tests ===
Running target unix
FAIL: gcc.c-torture/compile/20020106-1.c, -O0
FAIL: gcc.c-torture/compile/20020106-1.c, -O1
FAIL: gcc.c-torture/compile/20020106-1.c, -O2
FAIL: gcc.c-torture/compile/20020106-1.c, -O3 -fomit-frame-pointer
FAIL: gcc.c-torture/compile/20020106-1.c, -O3 -g
FAIL: gcc.c-torture/compile/20020106-1.c, -Os
FAIL: gcc.c-torture/execute/20011223-1.c execution, -O2
FAIL: gcc.c-torture/execute/20011223-1.c execution, -O3 -fomit-frame-pointer
FAIL: gcc.c-torture/execute/20011223-1.c execution, -O3 -g
FAIL: gcc.c-torture/execute/20011223-1.c execution, -Os
FAIL: gcc.c-torture/execute/960218-1.c compilation, -O0
FAIL: gcc.c-torture/execute/960218-1.c compilation, -O1
FAIL: gcc.c-torture/execute/960218-1.c compilation, -O2
FAIL: gcc.c-torture/execute/960218-1.c compilation, -O3 -fomit-frame-pointer
FAIL: gcc.c-torture/execute/960218-1.c compilation, -O3 -fomit-frame-pointer -funroll-loops
FAIL: gcc.c-torture/execute/960218-1.c compilation, -O3 -fomit-frame-pointer -funroll-all-loops -finline-functions
FAIL: gcc.c-torture/execute/960218-1.c compilation, -O3 -g
FAIL: gcc.c-torture/execute/960218-1.c compilation, -Os
FAIL: gcc.c-torture/execute/loop-10.c execution, -O2
FAIL: gcc.c-torture/execute/loop-10.c execution, -Os
FAIL: gcc.c-torture/execute/loop-2c.c execution, -Os
FAIL: gcc.c-torture/execute/loop-2d.c execution, -Os
FAIL: gcc.c-torture/execute/loop-3c.c execution, -Os
FAIL: gcc.c-torture/execute/ieee/rbug.c execution, -O0
FAIL: gcc.c-torture/execute/ieee/rbug.c execution, -O1
FAIL: gcc.c-torture/execute/ieee/rbug.c execution, -O2
FAIL: gcc.c-torture/execute/ieee/rbug.c execution, -Os
FAIL: gcc.dg/i386-sse-2.c (test for excess errors)
FAIL: gcc.dg/format/c99-scanf-3.c vfscanf (test for warnings, line 21)
FAIL: gcc.dg/format/c99-scanf-3.c vfscanf (test for warnings, line 21)
FAIL: gcc.dg/format/ext-6.c vfscanf (test for warnings, line 42)
FAIL: gcc.dg/format/ext-6.c vfscanf (test for warnings, line 42)
=== gcc Summary ===
# of expected passes 17408
# of unexpected failures 32
# of expected failures 44
# of unresolved testcases 8
# of unsupported tests 37
/ndsk/gcctmp/i386/gcc020127/build/gcc/xgcc version 3.1 20020127 (experimental)
=== objc tests ===
Running target unix
FAIL: objc/execute/formal_protocol-6.m execution, -O0
FAIL: objc/execute/formal_protocol-6.m execution, -O1
FAIL: objc/execute/formal_protocol-6.m execution, -O2
FAIL: objc/execute/formal_protocol-6.m execution, -O3 -fomit-frame-pointer
FAIL: objc/execute/formal_protocol-6.m execution, -O3 -g
FAIL: objc/execute/formal_protocol-6.m execution, -Os
=== objc Summary ===
# of expected passes 1036
# of unexpected failures 6
/ndsk/gcctmp/i386/gcc020127/build/gcc/xgcc version 3.1 20020127 (experimental)
=== libstdc++-v3 tests ===
Running target unix
FAIL: 22_locale/codecvt_members_char_char.cc execution test
XPASS: 22_locale/collate_members_wchar_t.cc execution test
XPASS: 22_locale/money_get_members_wchar_t.cc execution test
XPASS: 22_locale/money_put_members_wchar_t.cc execution test
XPASS: 22_locale/moneypunct_members_wchar_t.cc execution test
XPASS: 22_locale/num_get_members_wchar_t.cc execution test
XPASS: 22_locale/num_put_members_wchar_t.cc execution test
XPASS: 22_locale/numpunct_members_wchar_t.cc execution test
XPASS: 22_locale/time_get_members_wchar_t.cc execution test
XPASS: 22_locale/time_put_members_wchar_t.cc execution test
FAIL: 27_io/istream_extractor_arith.cc execution test
=== libstdc++-v3 Summary ===
# of expected passes 341
# of unexpected failures 2
# of unexpected successes 9
# of expected failures 16
# of unsupported tests 6
Compiler version: 3.1 20020127 (experimental)
Platform: i386-unknown-netbsdelf1.5ZA
configure flags: --host=i386-unknown-netbsdelf1.5ZA --disable-nls
More information about the Gcc-testresults
mailing list