Results for 3.1 20020127 (experimental) testsuite on sparc-sun-solaris2.8
lucier@math.purdue.edu
lucier@math.purdue.edu
Sun Jan 27 09:15:00 GMT 2002
LAST_UPDATED: Sun Jan 27 14:25:09 UTC 2002
Native configuration is sparc-sun-solaris2.8
=== g++ tests ===
Running target unix
FAIL: g++.dg/ext/instantiate1.C suppressing f<int> (test for errors, line )
FAIL: g++.dg/ext/instantiate1.C suppressing A<int> (test for errors, line )
FAIL: g++.dg/ext/instantiate1.C (test for excess errors)
FAIL: g++.dg/special/conpr-2.C execution test
FAIL: g++.dg/special/conpr-3.C execution test
FAIL: g++.dg/special/initp1.C execution test
FAIL: g++.eh/ia64-1.C (test for excess errors)
FAIL: g++.ext/instantiate2.C not instantiated (test for errors, line 19)
FAIL: g++.ext/instantiate3.C not instantiated (test for errors, line 13)
=== g++ Summary ===
# of expected passes 6853
# of unexpected failures 9
# of expected failures 93
# of untested testcases 21
# of unsupported tests 1
/export/u3/lucier/programs/gcc/gcc-3.1/objdir-sparc/gcc/testsuite/../g++ version 3.1 20020127 (experimental)
=== g77 tests ===
Running target unix
=== g77 Summary ===
# of expected passes 1118
# of expected failures 14
# of untested testcases 8
# of unsupported tests 8
/export/u3/lucier/programs/gcc/gcc-3.1/objdir-sparc/gcc/testsuite/../g77 version 3.1 20020127 (experimental)
=== gcc tests ===
Running target unix
FAIL: gcc.c-torture/compile/20011119-1.c, -O0
FAIL: gcc.c-torture/compile/20011119-1.c, -O1
FAIL: gcc.c-torture/compile/20011119-1.c, -O2
FAIL: gcc.c-torture/compile/20011119-1.c, -O3 -fomit-frame-pointer
FAIL: gcc.c-torture/compile/20011119-1.c, -O3 -g
FAIL: gcc.c-torture/compile/20011119-1.c, -Os
FAIL: gcc.c-torture/compile/20011119-2.c, -O0
FAIL: gcc.c-torture/compile/20011119-2.c, -O1
FAIL: gcc.c-torture/compile/20011119-2.c, -O2
FAIL: gcc.c-torture/compile/20011119-2.c, -O3 -fomit-frame-pointer
FAIL: gcc.c-torture/compile/20011119-2.c, -O3 -g
FAIL: gcc.c-torture/compile/20011119-2.c, -Os
FAIL: gcc.c-torture/execute/loop-10.c execution, -O2
FAIL: gcc.c-torture/execute/loop-10.c execution, -Os
FAIL: gcc.c-torture/execute/strct-pack-1.c execution, -O2
FAIL: gcc.c-torture/execute/strct-pack-1.c execution, -Os
FAIL: gcc.dg/cpp/charconst.c (test for excess errors)
FAIL: gcc.dg/cpp/ucs.c bad U1234abcd evaluation (test for bogus messages, line 14)
FAIL: gcc.dg/cpp/ucs.c (test for excess errors)
FAIL: gcc.dg/20001013-1.c (test for excess errors)
FAIL: gcc.dg/20001101-1.c (test for excess errors)
FAIL: gcc.dg/20001102-1.c (test for excess errors)
FAIL: gcc.dg/c99-float-1.c (test for excess errors)
FAIL: gcc.dg/noncompile/930622-1.c (test for excess errors)
=== gcc Summary ===
# of expected passes 17279
# of unexpected failures 24
# of expected failures 44
# of unresolved testcases 4
# of unsupported tests 94
/export/u3/lucier/programs/gcc/gcc-3.1/objdir-sparc/gcc/xgcc version 3.1 20020127 (experimental)
=== objc tests ===
Running target unix
FAIL: objc/execute/formal_protocol-6.m execution, -O0
FAIL: objc/execute/formal_protocol-6.m execution, -O1
FAIL: objc/execute/formal_protocol-6.m execution, -O2
FAIL: objc/execute/formal_protocol-6.m execution, -O3 -fomit-frame-pointer
FAIL: objc/execute/formal_protocol-6.m execution, -O3 -g
FAIL: objc/execute/formal_protocol-6.m execution, -Os
=== objc Summary ===
# of expected passes 1036
# of unexpected failures 6
/export/u3/lucier/programs/gcc/gcc-3.1/objdir-sparc/gcc/xgcc version 3.1 20020127 (experimental)
=== libstdc++-v3 tests ===
Running target unix
XPASS: 22_locale/collate_members_wchar_t.cc execution test
XPASS: 22_locale/money_get_members_wchar_t.cc execution test
XPASS: 22_locale/money_put_members_wchar_t.cc execution test
XPASS: 22_locale/moneypunct_members_wchar_t.cc execution test
XPASS: 22_locale/num_get_members_wchar_t.cc execution test
XPASS: 22_locale/num_put_members_wchar_t.cc execution test
XPASS: 22_locale/numpunct_members_wchar_t.cc execution test
XPASS: 22_locale/time_get_members_wchar_t.cc execution test
XPASS: 22_locale/time_put_members_wchar_t.cc execution test
FAIL: 27_io/istream_extractor_arith.cc execution test
=== libstdc++-v3 Summary ===
# of expected passes 354
# of unexpected failures 1
# of unexpected successes 9
# of expected failures 16
Compiler version: 3.1 20020127 (experimental)
Platform: sparc-sun-solaris2.8
configure flags: --host=sparc-sun-solaris2.8 --prefix=/pkgs/gcc-3.1
Counting all warnings,
there are 57 warnings in stage3 of this bootstrap.
Number of warnings per file:
18 gcc/combine.c
10 gcc/regclass.c
10 gcc/gcc.c
4 gcc/unwind-dw2.c
4 gcc/optabs.c
3 gcc/java/builtins.c
2 gcc/reload1.c
2 gcc/fold-const.c
1 gcc/reload.c
1 gcc/objc/lang-specs.h
1 gcc/java/jvspec.c
1 gcc/cp/lang-specs.h
Number of warning types:
31 comparison between signed and unsigned
11 string length \`???' is greater than the length \`???' ISO C89 compilers are required to support
5 signed and unsigned type in conditional expression
3 unused parameter \`???'
2 traditional C rejects string concatenation
2 missing braces around initializer
2 (near initialization for \`???')
1 pointer targets in passing arg ??? of \`???' differ in signedness
More information about the Gcc-testresults
mailing list