Results for 3.1 20020125 (experimental) testsuite on i386-unknown-freebsd4.4

Loren James Rittle rittle@latour.rsch.comm.mot.com
Fri Jan 25 17:17:00 GMT 2002


LAST_UPDATED: Fri Jan 25 16:48:29 GMT 2002

Native configuration is i386-unknown-freebsd4.4

		=== g++ tests ===


Running target unix
FAIL: g++.ext/instantiate2.C not instantiated (test for errors, line 19)

		=== g++ Summary for unix ===

# of expected passes		6877
# of unexpected failures	1
# of expected failures		93
# of untested testcases		12
# of unsupported tests		1

Running target unix/-pthread -fpic
FAIL: g++.dg/eh/omit-frame-pointer.C execution test
FAIL: g++.eh/badalloc1.C  Execution test
FAIL: g++.ext/instantiate2.C not instantiated (test for errors, line 19)

		=== g++ Summary for unix/-pthread -fpic ===

# of expected passes		6875
# of unexpected failures	3
# of expected failures		93
# of untested testcases		12
# of unsupported tests		1

		=== g++ Summary ===

# of expected passes		13752
# of unexpected failures	4
# of expected failures		186
# of untested testcases		24
# of unsupported tests		2
/usr/users/rittle/tmp/gcc-build-latour-mainline-0125/gcc/testsuite/../g++ version 3.1 20020125 (experimental)

		=== g77 tests ===


Running target unix

		=== g77 Summary for unix ===

# of expected passes		1350
# of unsupported tests		8

Running target unix/-pthread -fpic
FAIL: g77.f-torture/execute/f90-intrinsic-bit.f execution,  -O3 -fomit-frame-pointer 
FAIL: g77.f-torture/execute/f90-intrinsic-bit.f execution,  -O3 -fomit-frame-pointer -funroll-loops 
FAIL: g77.f-torture/execute/f90-intrinsic-bit.f execution,  -O3 -fomit-frame-pointer -funroll-all-loops -finline-functions 

		=== g77 Summary for unix/-pthread -fpic ===

# of expected passes		1347
# of unexpected failures	3
# of unsupported tests		8

		=== g77 Summary ===

# of expected passes		2697
# of unexpected failures	3
# of unsupported tests		16
/usr/users/rittle/tmp/gcc-build-latour-mainline-0125/gcc/testsuite/../g77 version 3.1 20020125 (experimental)

		=== gcc tests ===


Running target unix
FAIL: gcc.c-torture/compile/20020106-1.c,  -O0  
FAIL: gcc.c-torture/compile/20020106-1.c,  -O1  
FAIL: gcc.c-torture/compile/20020106-1.c,  -O2  
FAIL: gcc.c-torture/compile/20020106-1.c,  -O3 -fomit-frame-pointer  
FAIL: gcc.c-torture/compile/20020106-1.c,  -O3 -g  
FAIL: gcc.c-torture/compile/20020106-1.c,  -Os  
FAIL: gcc.c-torture/execute/20011223-1.c execution,  -O2 
FAIL: gcc.c-torture/execute/20011223-1.c execution,  -O3 -fomit-frame-pointer 
FAIL: gcc.c-torture/execute/20011223-1.c execution,  -O3 -g 
FAIL: gcc.c-torture/execute/20011223-1.c execution,  -Os 
FAIL: gcc.c-torture/execute/loop-10.c execution,  -O2 
FAIL: gcc.c-torture/execute/loop-10.c execution,  -Os 
FAIL: gcc.c-torture/execute/loop-2c.c execution,  -Os 
FAIL: gcc.c-torture/execute/loop-2d.c execution,  -Os 
FAIL: gcc.c-torture/execute/loop-3c.c execution,  -Os 
FAIL: gcc.dg/i386-sse-2.c (test for excess errors)
FAIL: gcc.dg/format/c99-scanf-3.c vfscanf (test for warnings, line 21)
FAIL: gcc.dg/format/c99-scanf-3.c vfscanf (test for warnings, line 21)
FAIL: gcc.dg/format/ext-6.c vfscanf (test for warnings, line 42)
FAIL: gcc.dg/format/ext-6.c vfscanf (test for warnings, line 42)

		=== gcc Summary for unix ===

# of expected passes		17037
# of unexpected failures	20
# of expected failures		44
# of unsupported tests		38

Running target unix/-pthread -fpic
FAIL: gcc.c-torture/compile/20000804-1.c,  -O0  
FAIL: gcc.c-torture/compile/20020106-1.c,  -O0  
FAIL: gcc.c-torture/compile/20020106-1.c,  -O1  
FAIL: gcc.c-torture/compile/20020106-1.c,  -O2  
FAIL: gcc.c-torture/compile/20020106-1.c,  -O3 -fomit-frame-pointer  
FAIL: gcc.c-torture/compile/20020106-1.c,  -O3 -g  
FAIL: gcc.c-torture/compile/20020106-1.c,  -Os  
FAIL: gcc.c-torture/execute/20011223-1.c execution,  -O2 
FAIL: gcc.c-torture/execute/20011223-1.c execution,  -O3 -fomit-frame-pointer 
FAIL: gcc.c-torture/execute/20011223-1.c execution,  -O3 -g 
FAIL: gcc.c-torture/execute/20011223-1.c execution,  -Os 
FAIL: gcc.c-torture/execute/loop-10.c execution,  -O2 
FAIL: gcc.c-torture/execute/loop-10.c execution,  -Os 
FAIL: gcc.dg/20011119-1.c (test for excess errors)
FAIL: gcc.dg/asm-names.c (test for excess errors)
FAIL: gcc.dg/i386-sse-2.c (test for excess errors)
FAIL: gcc.dg/format/c99-scanf-3.c vfscanf (test for warnings, line 21)
FAIL: gcc.dg/format/c99-scanf-3.c vfscanf (test for warnings, line 21)
FAIL: gcc.dg/format/ext-6.c vfscanf (test for warnings, line 42)
FAIL: gcc.dg/format/ext-6.c vfscanf (test for warnings, line 42)

		=== gcc Summary for unix/-pthread -fpic ===

# of expected passes		17036
# of unexpected failures	20
# of expected failures		44
# of unsupported tests		38

		=== gcc Summary ===

# of expected passes		34073
# of unexpected failures	40
# of expected failures		88
# of unsupported tests		76
/usr/users/rittle/tmp/gcc-build-latour-mainline-0125/gcc/xgcc version 3.1 20020125 (experimental)

		=== objc tests ===


Running target unix
FAIL: objc/execute/formal_protocol-6.m execution,  -O0 
FAIL: objc/execute/formal_protocol-6.m execution,  -O1 
FAIL: objc/execute/formal_protocol-6.m execution,  -O2 
FAIL: objc/execute/formal_protocol-6.m execution,  -O3 -fomit-frame-pointer 
FAIL: objc/execute/formal_protocol-6.m execution,  -O3 -g 
FAIL: objc/execute/formal_protocol-6.m execution,  -Os 

		=== objc Summary for unix ===

# of expected passes		1036
# of unexpected failures	6

Running target unix/-pthread -fpic
FAIL: objc/execute/formal_protocol-6.m execution,  -O0 
FAIL: objc/execute/formal_protocol-6.m execution,  -O1 
FAIL: objc/execute/formal_protocol-6.m execution,  -O2 
FAIL: objc/execute/formal_protocol-6.m execution,  -O3 -fomit-frame-pointer 
FAIL: objc/execute/formal_protocol-6.m execution,  -O3 -g 
FAIL: objc/execute/formal_protocol-6.m execution,  -Os 

		=== objc Summary for unix/-pthread -fpic ===

# of expected passes		1036
# of unexpected failures	6

		=== objc Summary ===

# of expected passes		2072
# of unexpected failures	12
/usr/users/rittle/tmp/gcc-build-latour-mainline-0125/gcc/xgcc version 3.1 20020125 (experimental)

		=== libstdc++-v3 tests ===


Running target unix
FAIL: 22_locale/codecvt_members_char_char.cc execution test
XPASS: 22_locale/collate_members_wchar_t.cc execution test
XPASS: 22_locale/money_get_members_wchar_t.cc execution test
XPASS: 22_locale/money_put_members_wchar_t.cc execution test
XPASS: 22_locale/moneypunct_members_wchar_t.cc execution test
XPASS: 22_locale/num_get_members_wchar_t.cc execution test
XPASS: 22_locale/num_put_members_wchar_t.cc execution test
XPASS: 22_locale/numpunct_members_wchar_t.cc execution test
XPASS: 22_locale/time_get_members_wchar_t.cc execution test
XPASS: 22_locale/time_put_members_wchar_t.cc execution test
FAIL: 27_io/istream_extractor_arith.cc execution test

		=== libstdc++-v3 Summary for unix ===

# of expected passes		353
# of unexpected failures	2
# of unexpected successes	9
# of expected failures		16

Running target unix/-pthread -fpic
FAIL: 22_locale/codecvt_members_char_char.cc execution test
XPASS: 22_locale/collate_members_wchar_t.cc execution test
XPASS: 22_locale/money_get_members_wchar_t.cc execution test
XPASS: 22_locale/money_put_members_wchar_t.cc execution test
XPASS: 22_locale/moneypunct_members_wchar_t.cc execution test
XPASS: 22_locale/num_get_members_wchar_t.cc execution test
XPASS: 22_locale/num_put_members_wchar_t.cc execution test
XPASS: 22_locale/numpunct_members_wchar_t.cc execution test
XPASS: 22_locale/time_get_members_wchar_t.cc execution test
XPASS: 22_locale/time_put_members_wchar_t.cc execution test
FAIL: 27_io/istream_extractor_arith.cc execution test

		=== libstdc++-v3 Summary for unix/-pthread -fpic ===

# of expected passes		353
# of unexpected failures	2
# of unexpected successes	9
# of expected failures		16

		=== libstdc++-v3 Summary ===

# of expected passes		706
# of unexpected failures	4
# of unexpected successes	18
# of expected failures		32

Compiler version: 3.1 20020125 (experimental) 
Platform: i386-unknown-freebsd4.4
configure flags: --host=i386-unknown-freebsd4.4 --prefix=/usr/local/beta-gcc --disable-libgcj --with-gnu-as --with-as=/usr/local/beta-gcc/bin/as --with-gnu-ld --with-ld=/usr/local/beta-gcc/bin/ld
BOOT_CFLAGS=-g -O2



More information about the Gcc-testresults mailing list