Results for 3.1 20020122 (experimental) testsuite on i386-unknown-freebsd5.0

ljrittle@FreeBSD.org ljrittle@FreeBSD.org
Thu Jan 24 08:26:00 GMT 2002


LAST_UPDATED: Tue Jan 22 15:00:12 GMT 2002

Native configuration is i386-unknown-freebsd5.0

		=== g++ tests ===


Running target unix
FAIL: g++.ext/instantiate2.C not instantiated (test for errors, line 19)
FAIL: g++.law/profile1.C (test for excess errors)
FAIL: g++.other/debug5.C caused compiler crash
FAIL: g++.other/goto4.C caused compiler crash
FAIL: g++.other/overload9.C caused compiler crash

		=== g++ Summary for unix ===

# of expected passes		6829
# of unexpected failures	5
# of expected failures		99
# of untested testcases		12
# of unsupported tests		1

Running target unix/-pthread -fpic
FAIL: g++.dg/eh/omit-frame-pointer.C execution test
FAIL: g++.eh/badalloc1.C  Execution test
FAIL: g++.ext/instantiate2.C not instantiated (test for errors, line 19)
FAIL: g++.law/profile1.C (test for excess errors)
FAIL: g++.other/debug5.C caused compiler crash
FAIL: g++.other/goto4.C caused compiler crash
FAIL: g++.other/overload9.C caused compiler crash

		=== g++ Summary for unix/-pthread -fpic ===

# of expected passes		6827
# of unexpected failures	7
# of expected failures		99
# of untested testcases		12
# of unsupported tests		1

		=== g++ Summary ===

# of expected passes		13656
# of unexpected failures	12
# of expected failures		198
# of untested testcases		24
# of unsupported tests		2
/local0/scratch/ljrittle/gcc-build-ref5-0122/gcc/testsuite/../g++ version 3.1 20020122 (experimental)

		=== g77 tests ===


Running target unix

		=== g77 Summary for unix ===

# of expected passes		1350
# of unsupported tests		8

Running target unix/-pthread -fpic
FAIL: g77.f-torture/execute/f90-intrinsic-bit.f execution,  -O3 -fomit-frame-pointer 
FAIL: g77.f-torture/execute/f90-intrinsic-bit.f execution,  -O3 -fomit-frame-pointer -funroll-loops 
FAIL: g77.f-torture/execute/f90-intrinsic-bit.f execution,  -O3 -fomit-frame-pointer -funroll-all-loops -finline-functions 

		=== g77 Summary for unix/-pthread -fpic ===

# of expected passes		1347
# of unexpected failures	3
# of unsupported tests		8

		=== g77 Summary ===

# of expected passes		2697
# of unexpected failures	3
# of unsupported tests		16
/local0/scratch/ljrittle/gcc-build-ref5-0122/gcc/testsuite/../g77 version 3.1 20020122 (experimental)

		=== gcc tests ===


Running target unix
FAIL: gcc.c-torture/compile/20020106-1.c,  -O0  
FAIL: gcc.c-torture/compile/20020106-1.c,  -O1  
FAIL: gcc.c-torture/compile/20020106-1.c,  -O2  
FAIL: gcc.c-torture/compile/20020106-1.c,  -O3 -fomit-frame-pointer  
FAIL: gcc.c-torture/compile/20020106-1.c,  -O3 -g  
FAIL: gcc.c-torture/compile/20020106-1.c,  -Os  
FAIL: gcc.c-torture/execute/20011223-1.c execution,  -O2 
FAIL: gcc.c-torture/execute/20011223-1.c execution,  -O3 -fomit-frame-pointer 
FAIL: gcc.c-torture/execute/20011223-1.c execution,  -O3 -g 
FAIL: gcc.c-torture/execute/20011223-1.c execution,  -Os 
FAIL: gcc.c-torture/execute/loop-10.c execution,  -O2 
FAIL: gcc.c-torture/execute/loop-10.c execution,  -Os 
FAIL: gcc.c-torture/execute/loop-2c.c execution,  -Os 
FAIL: gcc.c-torture/execute/loop-2d.c execution,  -Os 
FAIL: gcc.c-torture/execute/loop-3c.c execution,  -Os 
FAIL: gcc.dg/c99-intconst-1.c (test for excess errors)
FAIL: gcc.dg/i386-sse-2.c (test for excess errors)
FAIL: gcc.dg/format/c99-scanf-3.c vfscanf (test for warnings, line 21)
FAIL: gcc.dg/format/c99-scanf-3.c vfscanf (test for warnings, line 21)
FAIL: gcc.dg/format/ext-6.c vfscanf (test for warnings, line 42)
FAIL: gcc.dg/format/ext-6.c vfscanf (test for warnings, line 42)

		=== gcc Summary for unix ===

# of expected passes		17031
# of unexpected failures	21
# of expected failures		43
# of unsupported tests		38

Running target unix/-pthread -fpic
FAIL: gcc.c-torture/compile/20000804-1.c,  -O0  
FAIL: gcc.c-torture/compile/20020106-1.c,  -O0  
FAIL: gcc.c-torture/compile/20020106-1.c,  -O1  
FAIL: gcc.c-torture/compile/20020106-1.c,  -O2  
FAIL: gcc.c-torture/compile/20020106-1.c,  -O3 -fomit-frame-pointer  
FAIL: gcc.c-torture/compile/20020106-1.c,  -O3 -g  
FAIL: gcc.c-torture/compile/20020106-1.c,  -Os  
FAIL: gcc.c-torture/execute/20011223-1.c execution,  -O2 
FAIL: gcc.c-torture/execute/20011223-1.c execution,  -O3 -fomit-frame-pointer 
FAIL: gcc.c-torture/execute/20011223-1.c execution,  -O3 -g 
FAIL: gcc.c-torture/execute/20011223-1.c execution,  -Os 
FAIL: gcc.c-torture/execute/loop-10.c execution,  -O2 
FAIL: gcc.c-torture/execute/loop-10.c execution,  -Os 
FAIL: gcc.dg/20011119-1.c (test for excess errors)
FAIL: gcc.dg/asm-names.c (test for excess errors)
FAIL: gcc.dg/c99-intconst-1.c (test for excess errors)
FAIL: gcc.dg/i386-sse-2.c (test for excess errors)
FAIL: gcc.dg/format/c99-scanf-3.c vfscanf (test for warnings, line 21)
FAIL: gcc.dg/format/c99-scanf-3.c vfscanf (test for warnings, line 21)
FAIL: gcc.dg/format/ext-6.c vfscanf (test for warnings, line 42)
FAIL: gcc.dg/format/ext-6.c vfscanf (test for warnings, line 42)

		=== gcc Summary for unix/-pthread -fpic ===

# of expected passes		17030
# of unexpected failures	21
# of expected failures		43
# of unsupported tests		38

		=== gcc Summary ===

# of expected passes		34061
# of unexpected failures	42
# of expected failures		86
# of unsupported tests		76
/local0/scratch/ljrittle/gcc-build-ref5-0122/gcc/xgcc version 3.1 20020122 (experimental)

		=== objc tests ===


Running target unix
FAIL: objc/execute/formal_protocol-6.m execution,  -O0 
FAIL: objc/execute/formal_protocol-6.m execution,  -O1 
FAIL: objc/execute/formal_protocol-6.m execution,  -O2 
FAIL: objc/execute/formal_protocol-6.m execution,  -O3 -fomit-frame-pointer 
FAIL: objc/execute/formal_protocol-6.m execution,  -O3 -g 
FAIL: objc/execute/formal_protocol-6.m execution,  -Os 

		=== objc Summary for unix ===

# of expected passes		1036
# of unexpected failures	6

Running target unix/-pthread -fpic
FAIL: objc/execute/formal_protocol-6.m execution,  -O0 
FAIL: objc/execute/formal_protocol-6.m execution,  -O1 
FAIL: objc/execute/formal_protocol-6.m execution,  -O2 
FAIL: objc/execute/formal_protocol-6.m execution,  -O3 -fomit-frame-pointer 
FAIL: objc/execute/formal_protocol-6.m execution,  -O3 -g 
FAIL: objc/execute/formal_protocol-6.m execution,  -Os 

		=== objc Summary for unix/-pthread -fpic ===

# of expected passes		1036
# of unexpected failures	6

		=== objc Summary ===

# of expected passes		2072
# of unexpected failures	12
/local0/scratch/ljrittle/gcc-build-ref5-0122/gcc/xgcc version 3.1 20020122 (experimental)

		=== libjava tests ===


Running target unix
FAIL: register run
FAIL: linking cxxtest
FAIL: Divide_1 execution from source compiled test
FAIL: Divide_1 execution from bytecode->native test
FAIL: Divide_1 -O execution from source compiled test
FAIL: Divide_1 -O execution from bytecode->native test
FAIL: Float_1 -O execution from bytecode->native test
FAIL: G19990304_01 execution from source compiled test
FAIL: Invoke_1 execution from source compiled test
FAIL: Invoke_1 execution from bytecode->native test
FAIL: Invoke_1 -O execution from source compiled test
FAIL: Invoke_1 -O execution from bytecode->native test
FAIL: PR218 execution from source compiled test
FAIL: PR218 execution from bytecode->native test
FAIL: PR218 -O execution from source compiled test
FAIL: PR218 -O execution from bytecode->native test
FAIL: Primes output from source compiled test
FAIL: Primes output from bytecode->native test
FAIL: Primes -O output from source compiled test
FAIL: Primes -O output from bytecode->native test
FAIL: Thread_Interrupt -O execution from source compiled test
FAIL: err2 execution from source compiled test
FAIL: err2 execution from bytecode->native test
XPASS: err7 compilation from bytecode
FAIL: err7 execution from bytecode->native test
XPASS: err7 -O compilation from bytecode
XPASS: err8 compilation from bytecode
XPASS: err8 -O compilation from bytecode
FAIL: err9 -O execution from bytecode->native test
FAIL: indirect -O execution from bytecode->native test
FAIL: instinit2 output from bytecode->native test
FAIL: instinit2 -O output from bytecode->native test
FAIL: nested_with_ctor output from bytecode->native test
FAIL: nested_with_ctor -O output from bytecode->native test
XPASS: stringconst output from bytecode->native test
XPASS: stringconst -O output from bytecode->native test
FAIL: stringconst2 execution from source compiled test
FAIL: stringconst2 execution from bytecode->native test
FAIL: Array_3 execution from source compiled test
FAIL: Array_3 execution from bytecode->native test
FAIL: Array_3 -O execution from source compiled test
FAIL: Array_3 -O execution from bytecode->native test

		=== libjava Summary for unix ===

# of expected passes		1918
# of unexpected failures	36
# of unexpected successes	6
# of expected failures		9
# of untested testcases		35

Running target unix/-pthread -fpic
FAIL: calls header generation
FAIL: final_method header generation
FAIL: findclass header generation
FAIL: invoke header generation
FAIL: martin header generation
FAIL: noclass header generation
FAIL: overload header generation
FAIL: register header generation
FAIL: simple_int header generation
FAIL: throwit header generation
FAIL: virtual header generation
FAIL: field header generation
FAIL: cxxtest header generation
FAIL: Divide_1 execution from source compiled test
FAIL: Divide_1 execution from bytecode->native test
FAIL: Divide_1 -O execution from source compiled test
FAIL: Divide_1 -O execution from bytecode->native test
FAIL: G19990301_01 execution from bytecode->native test
FAIL: G19990303_02 -O execution from source compiled test
FAIL: G19990303_02 -O execution from bytecode->native test
FAIL: Invoke_1 execution from source compiled test
FAIL: Invoke_1 execution from bytecode->native test
FAIL: Invoke_1 -O execution from source compiled test
FAIL: Invoke_1 -O execution from bytecode->native test
FAIL: N19990310_5 execution from bytecode->native test
FAIL: PR218 execution from source compiled test
FAIL: PR218 execution from bytecode->native test
FAIL: PR218 -O execution from source compiled test
FAIL: PR218 -O execution from bytecode->native test
FAIL: Primes output from source compiled test
FAIL: Primes output from bytecode->native test
FAIL: Primes -O output from source compiled test
FAIL: Primes -O output from bytecode->native test
FAIL: Synch execution from bytecode->native test
FAIL: Thread_Wait execution from source compiled test
XPASS: err7 compilation from bytecode
XPASS: err7 -O compilation from bytecode
XPASS: err8 compilation from bytecode
XPASS: err8 -O compilation from bytecode
FAIL: final_int execution from source compiled test
FAIL: instinit execution from bytecode->native test
FAIL: instinit2 output from bytecode->native test
FAIL: instinit2 -O output from bytecode->native test
FAIL: klass execution from bytecode->native test
FAIL: nested_with_ctor output from bytecode->native test
FAIL: nested_with_ctor -O output from bytecode->native test
XPASS: stringconst output from bytecode->native test
XPASS: stringconst -O output from bytecode->native test
FAIL: stringconst2 -O execution from bytecode->native test
FAIL: Array_3 execution from source compiled test
FAIL: Array_3 execution from bytecode->native test
FAIL: Array_3 -O execution from source compiled test
FAIL: Array_3 -O execution from bytecode->native test

		=== libjava Summary for unix/-pthread -fpic ===

# of expected passes		1869
# of unexpected failures	47
# of unexpected successes	6
# of expected failures		8
# of untested testcases		34

		=== libjava Summary ===

# of expected passes		3787
# of unexpected failures	83
# of unexpected successes	12
# of expected failures		17
# of untested testcases		69
		=== libstdc++-v3 tests ===


Running target unix
XPASS: 22_locale/collate_members_wchar_t.cc execution test
XPASS: 22_locale/money_get_members_wchar_t.cc execution test
XPASS: 22_locale/money_put_members_wchar_t.cc execution test
XPASS: 22_locale/moneypunct_members_wchar_t.cc execution test
XPASS: 22_locale/num_get_members_wchar_t.cc execution test
XPASS: 22_locale/num_put_members_wchar_t.cc execution test
XPASS: 22_locale/numpunct_members_wchar_t.cc execution test
XPASS: 22_locale/time_get_members_wchar_t.cc execution test
XPASS: 22_locale/time_put_members_wchar_t.cc execution test
FAIL: 26_numerics/complex_inserters_extractors.cc execution test
FAIL: 27_io/istream_extractor_arith.cc execution test
FAIL: 27_io/istream_sentry.cc execution test

		=== libstdc++-v3 Summary for unix ===

# of expected passes		338
# of unexpected failures	3
# of unexpected successes	9
# of expected failures		16

Running target unix/-pthread -fpic
XPASS: 22_locale/collate_members_wchar_t.cc execution test
XPASS: 22_locale/money_get_members_wchar_t.cc execution test
XPASS: 22_locale/money_put_members_wchar_t.cc execution test
XPASS: 22_locale/moneypunct_members_wchar_t.cc execution test
XPASS: 22_locale/num_get_members_wchar_t.cc execution test
XPASS: 22_locale/num_put_members_wchar_t.cc execution test
XPASS: 22_locale/numpunct_members_wchar_t.cc execution test
XPASS: 22_locale/time_get_members_wchar_t.cc execution test
XPASS: 22_locale/time_put_members_wchar_t.cc execution test
FAIL: 26_numerics/complex_inserters_extractors.cc execution test
FAIL: 27_io/istream_extractor_arith.cc execution test
FAIL: 27_io/istream_sentry.cc execution test

		=== libstdc++-v3 Summary for unix/-pthread -fpic ===

# of expected passes		338
# of unexpected failures	3
# of unexpected successes	9
# of expected failures		16

		=== libstdc++-v3 Summary ===

# of expected passes		676
# of unexpected failures	6
# of unexpected successes	18
# of expected failures		32

Compiler version: 3.1 20020122 (experimental) 
Platform: i386-unknown-freebsd5.0
configure flags: --host=i386-unknown-freebsd5.0 --enable-libgcj --prefix=/home/ljrittle/tmp-ref5/install-ref5 --with-gnu-as --with-as=/usr/bin/as --with-gnu-ld --with-ld=/usr/bin/ld
BOOT_CFLAGS=-g -O2
Using gmake with objdir configuration
Key: gmake is GNU make
     make is BSD make as shipped on i386-unknown-freebsd5.0
     srcdir means in-source configuration was done within the gcc source tree
     objdir means out-source configuration was done within a fresh directory
ref4 (3.0.X) and ref5 (mainline) attempt to build gcc twice daily;
once for srcdir configuration and once for objdir configuration;
odd number days use GNU make; missing reports infer breakage



More information about the Gcc-testresults mailing list