Results for 3.1 20020122 (experimental) testsuite on mipsel-pc-linux-gnu
H . J . Lu
hjl@lucon.org
Wed Jan 23 14:47:00 GMT 2002
LAST_UPDATED: Wed Jan 23 01:35:27 UTC 2002
Native configuration is mipsel-pc-linux-gnu
=== g++ tests ===
Running target unix
XPASS: g++.dg/template/friend.C (test for bogus messages, line 19)
XPASS: g++.dg/template/friend.C (test for bogus messages, line 21)
XPASS: g++.dg/template/friend.C (test for bogus messages, line 28)
XPASS: g++.ext/instantiate3.C not instantiated (test for errors, line 13)
XPASS: g++.law/profile1.C (test for excess errors)
XPASS: g++.law/profile1.C Execution test
FAIL: g++.other/incomplete.C incomplete (test for errors, line 14)
FAIL: g++.other/incomplete.C incomplete (test for errors, line 15)
FAIL: g++.other/incomplete.C incomplete (test for errors, line 16)
=== g++ Summary ===
# of expected passes 6815
# of unexpected failures 3
# of unexpected successes 6
# of expected failures 97
# of untested testcases 21
# of unsupported tests 1
/export/build/gnu/gcc/build-mipsel-linux/gcc/testsuite/../g++ version 3.1 20020122 (experimental)
=== g77 tests ===
Running target unix
=== g77 Summary ===
# of expected passes 1350
# of unsupported tests 8
/export/build/gnu/gcc/build-mipsel-linux/gcc/testsuite/../g77 version 3.1 20020122 (experimental)
=== gcc tests ===
Running target unix
FAIL: gcc.c-torture/compile/20001226-1.c, -O0
FAIL: gcc.c-torture/compile/20001226-1.c, -O2
FAIL: gcc.c-torture/compile/20001226-1.c, -O3 -fomit-frame-pointer
FAIL: gcc.c-torture/compile/20001226-1.c, -O3 -g
FAIL: gcc.c-torture/compile/20001226-1.c, -Os
FAIL: gcc.c-torture/execute/20010122-1.c execution, -O0
FAIL: gcc.c-torture/execute/20010122-1.c execution, -O1
FAIL: gcc.c-torture/execute/20010122-1.c execution, -O2
FAIL: gcc.c-torture/execute/20010122-1.c execution, -O3 -fomit-frame-pointer
FAIL: gcc.c-torture/execute/20010122-1.c execution, -O3 -fomit-frame-pointer -funroll-loops
FAIL: gcc.c-torture/execute/20010122-1.c execution, -O3 -fomit-frame-pointer -funroll-all-loops -finline-functions
FAIL: gcc.c-torture/execute/20010122-1.c execution, -O3 -g
FAIL: gcc.c-torture/execute/20010122-1.c execution, -Os
FAIL: gcc.c-torture/execute/20011219-1.c compilation, -O1
FAIL: gcc.c-torture/execute/20011219-1.c compilation, -O2
FAIL: gcc.c-torture/execute/20011219-1.c compilation, -O3 -fomit-frame-pointer
FAIL: gcc.c-torture/execute/20011219-1.c compilation, -O3 -g
FAIL: gcc.c-torture/execute/20011219-1.c compilation, -Os
FAIL: gcc.c-torture/execute/conversion.c execution, -O0
FAIL: gcc.c-torture/execute/conversion.c execution, -O1
FAIL: gcc.c-torture/execute/conversion.c execution, -O2
FAIL: gcc.c-torture/execute/conversion.c execution, -Os
FAIL: gcc.c-torture/execute/loop-10.c execution, -O2
FAIL: gcc.c-torture/execute/loop-10.c execution, -Os
FAIL: gcc.dg/cpp/assert_trad1.c (test for excess errors)
FAIL: gcc.dg/cpp/assert_trad2.c (test for excess errors)
FAIL: gcc.dg/cpp/assert_trad3.c (test for excess errors)
FAIL: gcc.dg/cpp/defined_trad.c (test for excess errors)
FAIL: gcc.dg/cpp/hash2.c (test for excess errors)
FAIL: gcc.dg/cpp/tr-define.c (test for excess errors)
FAIL: gcc.dg/cpp/tr-direct.c (test for excess errors)
FAIL: gcc.dg/cpp/tr-paste.c (test for excess errors)
FAIL: gcc.dg/cpp/tr-str.c (test for excess errors)
FAIL: gcc.dg/asm-fs-1.c scan-assembler-not \\*_bar
FAIL: gcc.dg/asm-fs-1.c scan-assembler-not \\*_baz
FAIL: gcc.dg/c99-intconst-1.c (test for excess errors)
FAIL: gcc.dg/ext-glob.c (test for excess errors)
FAIL: gcc.dg/noncompile/930622-1.c (test for excess errors)
FAIL: gcc.dg/special/gcsec-1.c (test for excess errors)
=== gcc Summary ===
# of expected passes 16867
# of unexpected failures 39
# of expected failures 43
# of unresolved testcases 5
# of unsupported tests 102
/export/build/gnu/gcc/build-mipsel-linux/gcc/xgcc version 3.1 20020122 (experimental)
=== objc tests ===
Running target unix
FAIL: objc/execute/formal_protocol-6.m execution, -O0
FAIL: objc/execute/formal_protocol-6.m execution, -O1
FAIL: objc/execute/formal_protocol-6.m execution, -O2
FAIL: objc/execute/formal_protocol-6.m execution, -O3 -fomit-frame-pointer
FAIL: objc/execute/formal_protocol-6.m execution, -O3 -g
FAIL: objc/execute/formal_protocol-6.m execution, -Os
=== objc Summary ===
# of expected passes 1036
# of unexpected failures 6
/export/build/gnu/gcc/build-mipsel-linux/gcc/xgcc version 3.1 20020122 (experimental)
=== libstdc++-v3 tests ===
Running target unix
FAIL: 18_support/numeric_limits.cc execution test
XPASS: 22_locale/ctype_members_char.cc execution test
XPASS: 22_locale/members.cc execution test
XPASS: 22_locale/messages_byname.cc execution test
XPASS: 22_locale/messages_members_char.cc execution test
XPASS: 22_locale/money_get_members_char.cc execution test
XPASS: 22_locale/money_get_members_wchar_t.cc execution test
XPASS: 22_locale/money_put_members_char.cc execution test
XPASS: 22_locale/money_put_members_wchar_t.cc execution test
XPASS: 22_locale/moneypunct_byname.cc execution test
XPASS: 22_locale/moneypunct_members_char.cc execution test
XPASS: 22_locale/moneypunct_members_wchar_t.cc execution test
XPASS: 22_locale/num_get_members_char.cc execution test
XPASS: 22_locale/num_get_members_wchar_t.cc execution test
XPASS: 22_locale/num_put_members_char.cc execution test
XPASS: 22_locale/num_put_members_wchar_t.cc execution test
XPASS: 22_locale/numpunct_byname.cc execution test
XPASS: 22_locale/numpunct_members_char.cc execution test
XPASS: 22_locale/numpunct_members_wchar_t.cc execution test
XPASS: 22_locale/time_get_members_char.cc execution test
XPASS: 22_locale/time_get_members_wchar_t.cc execution test
XPASS: 22_locale/time_put_members_char.cc execution test
FAIL: 26_numerics/c99_classification_macros_c.cc (test for excess errors)
=== libstdc++-v3 Summary ===
# of expected passes 339
# of unexpected failures 2
# of unexpected successes 21
# of expected failures 4
Compiler version: 3.1 20020122 (experimental)
Platform: mipsel-pc-linux-gnu
configure flags: --host=mipsel-pc-linux-gnu --enable-clocale=gnu --enable-shared --enable-threads=posix --enable-haifa --disable-checking --prefix=/usr/gcc-3.1 --with-local-prefix=/usr/local
More information about the Gcc-testresults
mailing list