Results for 3.1 20020121 (experimental) testsuite on sparc-sun-solaris2.5
Alexandre Oliva
oliva@ic.unicamp.br
Tue Jan 22 22:04:00 GMT 2002
Native configuration is sparc-sun-solaris2.5
=== binutils tests ===
Running target unix
FAIL: readelf -wi
=== binutils Summary ===
# of expected passes 31
# of unexpected failures 1
=== g++ tests ===
Running target unix
FAIL: g++.dg/special/conpr-2.C execution test
FAIL: g++.dg/special/conpr-3.C execution test
FAIL: g++.dg/special/initp1.C execution test
FAIL: g++.law/profile1.C Execution test
FAIL: g++.robertl/eb130.C (test for excess errors)
FAIL: g++.robertl/eb132.C (test for excess errors)
FAIL: g++.robertl/eb73.C (test for excess errors)
=== g++ Summary ===
# of expected passes 6818
# of unexpected failures 7
# of expected failures 98
# of untested testcases 19
# of unsupported tests 1
/tmp/egcs/gcc/testsuite/../g++ version 3.1 20020121 (experimental)
=== g77 tests ===
Running target unix
=== g77 Summary ===
# of expected passes 1328
# of expected failures 14
# of untested testcases 8
# of unsupported tests 8
/tmp/egcs/gcc/testsuite/../g77 version 3.1 20020121 (experimental)
=== gas tests ===
Running target unix
=== gas Summary ===
# of expected passes 79
=== gcc tests ===
Running target unix
FAIL: gcc.c-torture/execute/loop-10.c execution, -O2
FAIL: gcc.c-torture/execute/loop-10.c execution, -Os
FAIL: gcc.c-torture/execute/strct-pack-1.c execution, -O2
FAIL: gcc.c-torture/execute/strct-pack-1.c execution, -Os
FAIL: gcc.dg/cpp/ucs.c bad U1234abcd evaluation (test for bogus messages, line 14)
FAIL: gcc.dg/cpp/ucs.c (test for excess errors)
FAIL: gcc.dg/20001013-1.c (test for excess errors)
FAIL: gcc.dg/20001101-1.c (test for excess errors)
FAIL: gcc.dg/20001102-1.c (test for excess errors)
FAIL: gcc.dg/20020122-1.c (test for excess errors)
FAIL: gcc.dg/c99-float-1.c (test for excess errors)
FAIL: gcc.dg/c99-intconst-1.c (test for excess errors)
FAIL: gcc.dg/noncompile/930622-1.c (test for excess errors)
=== gcc Summary ===
# of expected passes 16902
# of unexpected failures 13
# of expected failures 43
# of unsupported tests 95
/tmp/egcs/gcc/xgcc version 3.1 20020121 (experimental)
=== gdb tests ===
Running target unix
XPASS: gdb.base/callfuncs.exp: p t_float_values2(0.0,0.0)
FAIL: gdb.base/callfwmall.exp: p t_float_values2(3.14159,float_val2)
XPASS: gdb.base/constvars.exp: ptype qux1
XPASS: gdb.base/constvars.exp: ptype lecherous
XPASS: gdb.base/constvars.exp: ptype lectern
XPASS: gdb.base/constvars.exp: ptype laconic
XPASS: gdb.base/constvars.exp: ptype laggard
XPASS: gdb.base/constvars.exp: ptype lagoon
XPASS: gdb.base/constvars.exp: ptype laity
XPASS: gdb.base/constvars.exp: ptype lambent
XPASS: gdb.base/constvars.exp: ptype laminated
XPASS: gdb.base/constvars.exp: ptype lampoon
XPASS: gdb.base/constvars.exp: ptype languid
XPASS: gdb.base/constvars.exp: ptype legend
XPASS: gdb.base/constvars.exp: ptype legerdemain
XPASS: gdb.base/constvars.exp: ptype leniency
XPASS: gdb.base/constvars.exp: ptype leonine
XPASS: gdb.base/constvars.exp: ptype lesion
XPASS: gdb.base/constvars.exp: ptype lethal
XPASS: gdb.base/constvars.exp: ptype lethargic
XPASS: gdb.base/constvars.exp: ptype levity
XPASS: gdb.base/constvars.exp: ptype lewd
XPASS: gdb.base/constvars.exp: ptype lexicographer
XPASS: gdb.base/constvars.exp: ptype lexicon
XPASS: gdb.base/constvars.exp: ptype liaison
XPASS: gdb.base/constvars.exp: ptype libation
XPASS: gdb.base/constvars.exp: ptype libelous
XPASS: gdb.base/constvars.exp: ptype libertine
XPASS: gdb.base/constvars.exp: ptype libidinous
XPASS: gdb.base/constvars.exp: ptype languish
XPASS: gdb.base/constvars.exp: ptype languor
XPASS: gdb.base/constvars.exp: ptype lank
XPASS: gdb.base/constvars.exp: ptype lapidary
XPASS: gdb.base/constvars.exp: ptype larceny
XPASS: gdb.base/constvars.exp: ptype largess
XPASS: gdb.base/constvars.exp: ptype lascivious
XPASS: gdb.base/constvars.exp: ptype lassitude
XPASS: gdb.base/constvars.exp: ptype lamprey
XPASS: gdb.base/constvars.exp: ptype lariat
XPASS: gdb.base/constvars.exp: ptype laudanum
XPASS: gdb.base/constvars.exp: ptype lecithin
XPASS: gdb.base/constvars.exp: ptype leviathan
XPASS: gdb.base/constvars.exp: ptype libretto
XPASS: gdb.base/constvars.exp: ptype lissome
XPASS: gdb.base/constvars.exp: ptype locust
FAIL: gdb.base/corefile.exp: print func2::coremaker_local
FAIL: gdb.base/corefile.exp: backtrace in corefile.exp
FAIL: gdb.base/selftest.exp: printed version
FAIL: gdb.base/selftest.exp: unknown source line after step over argv initialization
FAIL: gdb.base/selftest.exp: step into xmalloc call
FAIL: gdb.base/shlib-call.exp: (timeout) print g
FAIL: gdb.base/shlib-call.exp: next over shr1 (timeout)
FAIL: gdb.base/shlib-call.exp: (timeout) print g
FAIL: gdb.base/shlib-call.exp: (timeout) print shr1(1)
FAIL: gdb.base/shlib-call.exp: (timeout) print shr1(g)
FAIL: gdb.base/shlib-call.exp: breakpoint function shr2
FAIL: gdb.base/shlib-call.exp: run until breakpoint set at a function
FAIL: gdb.base/shlib-call.exp: (timeout) print shr1(1) 2nd time
FAIL: gdb.base/shlib-call.exp: (timeout) print mainshr1(1) from shlib func
FAIL: gdb.base/shlib-call.exp: step inside shr2 (shlib func) (timeout)
FAIL: gdb.base/shlib-call.exp: step out of shr2 to main (timeout)
FAIL: gdb.base/shlib-call.exp: (timeout) print mainshr1(1) from main
FAIL: gdb.base/shlib-call.exp: step into mainshr1 (timeout)
FAIL: gdb.base/shlib-call.exp: run to bp in shared library
FAIL: gdb.base/shlib-call.exp: cont
FAIL: gdb.base/shlib-call.exp: re-run to bp in shared library (PR's 16495, 18213)
FAIL: gdb.base/shlib-call.exp: cont
XPASS: gdb.base/signals.exp: continue to handler
XPASS: gdb.base/volatile.exp: ptype vox
XPASS: gdb.base/volatile.exp: ptype victuals
XPASS: gdb.base/volatile.exp: ptype vixen
XPASS: gdb.base/volatile.exp: ptype vitriol
XPASS: gdb.base/volatile.exp: ptype vellum
XPASS: gdb.base/volatile.exp: ptype valve
XPASS: gdb.base/volatile.exp: ptype vacuity
XPASS: gdb.base/volatile.exp: ptype vertigo
XPASS: gdb.base/volatile.exp: ptype vampire
XPASS: gdb.base/volatile.exp: ptype viper
XPASS: gdb.base/volatile.exp: ptype vigour
XPASS: gdb.base/volatile.exp: ptype vapour
XPASS: gdb.base/volatile.exp: ptype ventricle
XPASS: gdb.base/volatile.exp: ptype vigintillion
XPASS: gdb.base/volatile.exp: ptype vocation
XPASS: gdb.base/volatile.exp: ptype veracity
XPASS: gdb.base/volatile.exp: ptype vapidity
XPASS: gdb.base/volatile.exp: ptype velocity
XPASS: gdb.base/volatile.exp: ptype veneer
XPASS: gdb.base/volatile.exp: ptype video
XPASS: gdb.base/volatile.exp: ptype vacuum
XPASS: gdb.base/volatile.exp: ptype veniality
XPASS: gdb.base/volatile.exp: ptype vitality
XPASS: gdb.base/volatile.exp: ptype voracity
XPASS: gdb.base/volatile.exp: ptype victor
XPASS: gdb.base/volatile.exp: ptype vicar
XPASS: gdb.base/volatile.exp: ptype victory
XPASS: gdb.base/volatile.exp: ptype vicarage
XPASS: gdb.base/volatile.exp: ptype vein
XPASS: gdb.base/volatile.exp: ptype vogue
XPASS: gdb.base/volatile.exp: ptype cavern
XPASS: gdb.base/volatile.exp: ptype coverlet
XPASS: gdb.base/volatile.exp: ptype caveat
XPASS: gdb.base/volatile.exp: ptype covenant
XPASS: gdb.base/volatile.exp: ptype vizier
XPASS: gdb.base/volatile.exp: ptype vanadium
XPASS: gdb.base/volatile.exp: ptype vane
XPASS: gdb.base/volatile.exp: ptype veldt
XPASS: gdb.base/volatile.exp: ptype cove
XPASS: gdb.base/volatile.exp: ptype cavity
XPASS: gdb.base/volatile.exp: ptype vagus
XPASS: gdb.base/volatile.exp: ptype vagrancy
XPASS: gdb.base/volatile.exp: ptype vagary
XPASS: gdb.base/volatile.exp: ptype vendor
XPASS: gdb.base/volatile.exp: ptype qux2
FAIL: gdb.c++/annota2.exp: run until main breakpoint
FAIL: gdb.c++/annota2.exp: print class
FAIL: gdb.c++/annota2.exp: continue to exit
FAIL: gdb.c++/annota2.exp: run until main breakpoint
FAIL: gdb.c++/annota2.exp: set watch on a.x
FAIL: gdb.c++/annota2.exp: watch triggered on a.x
FAIL: gdb.c++/anon-union.exp: running to main in runto
FAIL: gdb.c++/classes.exp: ptype class Static
FAIL: gdb.c++/classes.exp: running to 'inheritance2' in runto
FAIL: gdb.c++/classes.exp: continue to enums2(\(\)|): the program is no longer running
FAIL: gdb.c++/classes.exp: running to main in runto
FAIL: gdb.c++/classes.exp: running to marker_reg1 in runto
FAIL: gdb.c++/cplusfuncs.exp: running to main in runto
FAIL: gdb.c++/cplusfuncs.exp: print &'hairyfunc5'
FAIL: gdb.c++/cplusfuncs.exp: print &'hairyfunc6'
FAIL: gdb.c++/cplusfuncs.exp: print &'hairyfunc7'
FAIL: gdb.c++/derivation.exp: running to main in runto
FAIL: gdb.c++/inherit.exp: running to main in runto
FAIL: gdb.c++/inherit.exp: running to 'inheritance2' in runto
FAIL: gdb.c++/inherit.exp: print g_A.A::a
FAIL: gdb.c++/inherit.exp: print g_A.A::x
FAIL: gdb.c++/inherit.exp: print g_A.a
FAIL: gdb.c++/inherit.exp: print g_A.x
FAIL: gdb.c++/inherit.exp: print g_B.A::a
FAIL: gdb.c++/inherit.exp: print g_B.A::x
FAIL: gdb.c++/inherit.exp: print g_B.B::b
FAIL: gdb.c++/inherit.exp: print g_B.B::x
FAIL: gdb.c++/inherit.exp: print g_B.a
FAIL: gdb.c++/inherit.exp: print g_B.b
FAIL: gdb.c++/inherit.exp: print g_B.x
FAIL: gdb.c++/inherit.exp: print g_C.A::a
FAIL: gdb.c++/inherit.exp: print g_C.A::x
FAIL: gdb.c++/inherit.exp: print g_C.C::c
FAIL: gdb.c++/inherit.exp: print g_C.C::x
FAIL: gdb.c++/inherit.exp: print g_C.a
FAIL: gdb.c++/inherit.exp: print g_C.c
FAIL: gdb.c++/inherit.exp: print g_C.x
FAIL: gdb.c++/inherit.exp: print g_A
FAIL: gdb.c++/inherit.exp: print g_B
FAIL: gdb.c++/inherit.exp: print g_C
FAIL: gdb.c++/inherit.exp: print g_A.A::a
FAIL: gdb.c++/inherit.exp: print g_A.A::x
FAIL: gdb.c++/inherit.exp: print g_B.A::a
FAIL: gdb.c++/inherit.exp: print g_B.A::x
FAIL: gdb.c++/inherit.exp: print g_B.B::b
FAIL: gdb.c++/inherit.exp: print g_B.B::x
FAIL: gdb.c++/inherit.exp: print g_C.A::a
FAIL: gdb.c++/inherit.exp: print g_C.A::x
FAIL: gdb.c++/inherit.exp: print g_C.C::c
FAIL: gdb.c++/inherit.exp: print g_C.C::x
FAIL: gdb.c++/inherit.exp: print g_D.B::b
FAIL: gdb.c++/inherit.exp: print g_D.B::x
FAIL: gdb.c++/inherit.exp: print g_D.C::c
FAIL: gdb.c++/inherit.exp: print g_D.C::x
FAIL: gdb.c++/inherit.exp: print g_D.D::d
FAIL: gdb.c++/inherit.exp: print g_D.D::x
FAIL: gdb.c++/inherit.exp: print g_E.B::b
FAIL: gdb.c++/inherit.exp: print g_E.B::x
FAIL: gdb.c++/inherit.exp: print g_E.C::c
FAIL: gdb.c++/inherit.exp: print g_E.C::x
FAIL: gdb.c++/inherit.exp: print g_E.D::d
FAIL: gdb.c++/inherit.exp: print g_E.D::x
FAIL: gdb.c++/inherit.exp: print g_E.E::e
FAIL: gdb.c++/inherit.exp: print g_E.E::x
FAIL: gdb.c++/inherit.exp: print g_D
FAIL: gdb.c++/inherit.exp: print g_E
FAIL: gdb.c++/inherit.exp: print anonymous union member
FAIL: gdb.c++/inherit.exp: print variable of type anonymous union
FAIL: gdb.c++/inherit.exp: running to 'inheritance4' in runto
FAIL: gdb.c++/inherit.exp: print g_vA.vA::va
FAIL: gdb.c++/inherit.exp: print g_vA.vA::vx
FAIL: gdb.c++/inherit.exp: print g_vA.va
FAIL: gdb.c++/inherit.exp: print g_vA.vx
FAIL: gdb.c++/inherit.exp: print g_vB.vA::va
FAIL: gdb.c++/inherit.exp: print g_vB.vA::vx
FAIL: gdb.c++/inherit.exp: print g_vB.vB::vb
FAIL: gdb.c++/inherit.exp: print g_vB.vB::vx
FAIL: gdb.c++/inherit.exp: print g_vB.va
FAIL: gdb.c++/inherit.exp: print g_vB.vb
FAIL: gdb.c++/inherit.exp: print g_vB.vx
FAIL: gdb.c++/inherit.exp: print g_vC.vA::va
FAIL: gdb.c++/inherit.exp: print g_vC.vA::vx
FAIL: gdb.c++/inherit.exp: print g_vC.vC::vc
FAIL: gdb.c++/inherit.exp: print g_vC.vC::vx
FAIL: gdb.c++/inherit.exp: print g_vC.va
FAIL: gdb.c++/inherit.exp: print g_vC.vc
FAIL: gdb.c++/inherit.exp: print g_vC.vx
FAIL: gdb.c++/inherit.exp: print g_vA
FAIL: gdb.c++/inherit.exp: print g_vB
FAIL: gdb.c++/inherit.exp: print g_vC
FAIL: gdb.c++/inherit.exp: print g_vD.vA::va
FAIL: gdb.c++/inherit.exp: print g_vD.vA::vx
FAIL: gdb.c++/inherit.exp: print g_vD.vB::vb
FAIL: gdb.c++/inherit.exp: print g_vD.vB::vx
FAIL: gdb.c++/inherit.exp: print g_vD.vC::vc
FAIL: gdb.c++/inherit.exp: print g_vD.vC::vx
FAIL: gdb.c++/inherit.exp: print g_vD.vD::vd
FAIL: gdb.c++/inherit.exp: print g_vD.vD::vx
FAIL: gdb.c++/inherit.exp: print g_vE.vA::va
FAIL: gdb.c++/inherit.exp: print g_vE.vA::vx
FAIL: gdb.c++/inherit.exp: print g_vE.vB::vb
FAIL: gdb.c++/inherit.exp: print g_vE.vB::vx
FAIL: gdb.c++/inherit.exp: print g_vE.vC::vc
FAIL: gdb.c++/inherit.exp: print g_vE.vC::vx
FAIL: gdb.c++/inherit.exp: print g_vE.vD::vd
FAIL: gdb.c++/inherit.exp: print g_vE.vD::vx
FAIL: gdb.c++/inherit.exp: print g_vE.vE::ve
FAIL: gdb.c++/inherit.exp: print g_vE.vE::vx
FAIL: gdb.c++/inherit.exp: print g_vD
FAIL: gdb.c++/inherit.exp: print g_vE
FAIL: gdb.c++/local.exp: running to main in runto
FAIL: gdb.c++/misc.exp: running to main in runto
FAIL: gdb.c++/misc.exp: set a bool var (print v_bool)
FAIL: gdb.c++/misc.exp: set a bool array elem (print v_bool_array)
FAIL: gdb.c++/namespace.exp: running to main in runto
FAIL: gdb.c++/templates.exp: constructor breakpoint
FAIL: gdb.c++/templates.exp: running to main in runto
FAIL: gdb.c++/templates.exp: print fint
FAIL: gdb.c++/templates.exp: print fvpchar
FAIL: gdb.c++/templates.exp: ptype fint
FAIL: gdb.c++/templates.exp: ptype fchar
FAIL: gdb.c++/templates.exp: ptype fvpchar
FAIL: gdb.c++/templates.exp: print Foo<volatile char *>::foo
FAIL: gdb.c++/templates.exp: ptype bint2
FAIL: gdb.c++/templates.exp: ptype bazint
FAIL: gdb.c++/templates.exp: ptype bazint2
FAIL: gdb.c++/templates.exp: ptype quxint
FAIL: gdb.c++/templates.exp: ptype siip
FAIL: gdb.c++/templates.exp: print Garply<Garply<char> >::garply
FAIL: gdb.c++/virtfunc.exp: ptype D
FAIL: gdb.c++/virtfunc.exp: ptype dd
FAIL: gdb.c++/virtfunc.exp: ptype ppd
FAIL: gdb.c++/virtfunc.exp: ptype d
FAIL: gdb.c++/virtfunc.exp: ptype pDd
FAIL: gdb.c++/virtfunc.exp: ptype pDe
FAIL: gdb.c++/virtfunc.exp: running to 'test_calls' in runto
FAIL: gdb.mi/mi-break.exp: insert temp breakpoint at "<fullfilename>":6 (callee4)
FAIL: gdb.mi/mi-console.exp: Hello message (known bug)
FAIL: gdb.mi/mi-regs.exp: list of breakpoints
FAIL: gdb.mi/mi-regs.exp: list changed registers
FAIL: gdb.mi/mi-simplerun.exp: insert breakpoint at "<fullfilename>":6 (callee4)
FAIL: gdb.mi/mi0-break.exp: insert temp breakpoint at "<fullfilename>":6 (callee4)
FAIL: gdb.mi/mi0-console.exp: Hello message (known bug)
FAIL: gdb.mi/mi0-regs.exp: list changed registers
FAIL: gdb.mi/mi0-simplerun.exp: insert breakpoint at "<fullfilename>":6 (callee4)
FAIL: gdb.threads/gcore-thread.exp: thread2 is current thread in corefile
=== gdb Summary ===
# of expected passes 7669
# of unexpected failures 169
# of unexpected successes 90
# of expected failures 67
# of unresolved testcases 55
# of untested testcases 6
/tmp/egcs/gdb/testsuite/../../gdb/gdb version 2002-01-22-cvs -nx
=== ld tests ===
Running target unix
FAIL: shared (non PIC, load offset)
=== ld Summary ===
# of expected passes 67
# of unexpected failures 1
# of expected failures 13
=== objc tests ===
Running target unix
FAIL: objc/execute/formal_protocol-6.m execution, -O0
FAIL: objc/execute/formal_protocol-6.m execution, -O1
FAIL: objc/execute/formal_protocol-6.m execution, -O2
FAIL: objc/execute/formal_protocol-6.m execution, -O3 -fomit-frame-pointer
FAIL: objc/execute/formal_protocol-6.m execution, -O3 -g
FAIL: objc/execute/formal_protocol-6.m execution, -Os
=== objc Summary ===
# of expected passes 1036
# of unexpected failures 6
/tmp/egcs/gcc/xgcc version 3.1 20020121 (experimental)
Compiler version: 3.1 20020121 (experimental)
Platform: sparc-sun-solaris2.5
BOOT_CFLAGS: standard
Counting all warnings,
there are 61 warnings in stage3 of this bootstrap.
Number of warnings per file:
23 gcc/combine.c
10 gcc/regclass.c
6 gcc/unwind-dw2-fde.c
4 gcc/optabs.c
4 gcc/gcc.c
2 gcc/unwind-dw2.c
2 gcc/reload1.c
2 gcc/fold-const.c
1 gcc/reload.c
1 gcc/objc/lang-specs.h
1 gcc/libgcc2.c
1 gcc/java/jvspec.c
1 gcc/ggc-page.c
1 gcc/function.c
1 gcc/cppfiles.c
1 gcc/cp/lang-specs.h
Number of warning types:
36 comparison between signed and unsigned
7 string length `???' is greater than the length `???' ISO C89 compilers are required to support
6 signed and unsigned type in conditional expression
4 (near initialization for `???')
3 implicit declaration of function `???'
2 missing initializer
2 missing braces around initializer
1 pointer targets in passing arg ??? of `???' differ in signedness
More information about the Gcc-testresults
mailing list