Results for 3.1 20020116 (experimental) testsuite on i686-pc-linux-gnu

Andreas Jaeger aj@suse.de
Thu Jan 17 10:19:00 GMT 2002


LAST_UPDATED: Thu Jan 17 07:24:11 UTC 2002

Native configuration is i686-pc-linux-gnu

		=== g++ tests ===


Running target unix
FAIL: g++.dg/other/deprecated.C (test for excess errors)

		=== g++ Summary ===

# of expected passes		6829
# of unexpected failures	1
# of expected failures		98
# of untested testcases		9
/builds/gcc/gcc-3.1-devel/gcc/testsuite/../g++ version 3.1 20020116 (experimental)

		=== g77 tests ===


Running target unix

		=== g77 Summary ===

# of expected passes		1360
/builds/gcc/gcc-3.1-devel/gcc/testsuite/../g77 version 3.1 20020116 (experimental)

		=== gcc tests ===


Running target unix
FAIL: gcc.c-torture/compile/20020106-1.c,  -O0  
FAIL: gcc.c-torture/compile/20020106-1.c,  -O1  
FAIL: gcc.c-torture/compile/20020106-1.c,  -O2  
FAIL: gcc.c-torture/compile/20020106-1.c,  -O3 -fomit-frame-pointer  
FAIL: gcc.c-torture/compile/20020106-1.c,  -O3 -g  
FAIL: gcc.c-torture/compile/20020106-1.c,  -Os  
FAIL: gcc.c-torture/execute/20011223-1.c execution,  -O2 
FAIL: gcc.c-torture/execute/20011223-1.c execution,  -O3 -fomit-frame-pointer 
FAIL: gcc.c-torture/execute/20011223-1.c execution,  -O3 -g 
FAIL: gcc.c-torture/execute/20011223-1.c execution,  -Os 
FAIL: gcc.c-torture/execute/loop-10.c execution,  -O2 
FAIL: gcc.c-torture/execute/loop-10.c execution,  -Os 
FAIL: gcc.dg/c99-intconst-1.c (test for excess errors)
FAIL: gcc.dg/i386-sse-2.c (test for excess errors)

		=== gcc Summary ===

# of expected passes		17011
# of unexpected failures	14
# of expected failures		47
# of unsupported tests		33
/builds/gcc/gcc-3.1-devel/gcc/xgcc version 3.1 20020116 (experimental)

		=== objc tests ===


Running target unix
FAIL: objc/execute/formal_protocol-6.m execution,  -O0 
FAIL: objc/execute/formal_protocol-6.m execution,  -O1 
FAIL: objc/execute/formal_protocol-6.m execution,  -O2 
FAIL: objc/execute/formal_protocol-6.m execution,  -O3 -fomit-frame-pointer 
FAIL: objc/execute/formal_protocol-6.m execution,  -O3 -g 
FAIL: objc/execute/formal_protocol-6.m execution,  -Os 

		=== objc Summary ===

# of expected passes		1036
# of unexpected failures	6
/builds/gcc/gcc-3.1-devel/gcc/xgcc version 3.1 20020116 (experimental)

		=== libjava tests ===


Running target unix
FAIL: Statics compilation from source
FAIL: Statics -O compilation from source
FAIL: register run
FAIL: linking cxxtest
FAIL: Primes output from source compiled test
FAIL: Primes output from bytecode->native test
FAIL: Primes -O output from source compiled test
FAIL: Primes -O output from bytecode->native test
XPASS: err7 compilation from bytecode
XPASS: err7 -O compilation from bytecode
XPASS: err8 compilation from bytecode
XPASS: err8 -O compilation from bytecode
FAIL: instinit2 output from bytecode->native test
FAIL: instinit2 -O output from bytecode->native test
FAIL: nested_with_ctor output from bytecode->native test
FAIL: nested_with_ctor -O output from bytecode->native test
XPASS: stringconst output from bytecode->native test
XPASS: stringconst -O output from bytecode->native test

		=== libjava Summary ===

# of expected passes		1968
# of unexpected failures	12
# of unexpected successes	6
# of expected failures		9
# of untested testcases		9
		=== libstdc++-v3 tests ===


Running target unix
XPASS: 22_locale/ctype_members_char.cc execution test
XPASS: 22_locale/members.cc execution test
XPASS: 22_locale/messages_byname.cc execution test
XPASS: 22_locale/messages_members_char.cc execution test
XPASS: 22_locale/money_get_members_char.cc execution test
XPASS: 22_locale/money_get_members_wchar_t.cc execution test
XPASS: 22_locale/money_put_members_char.cc execution test
XPASS: 22_locale/money_put_members_wchar_t.cc execution test
XPASS: 22_locale/moneypunct_byname.cc execution test
XPASS: 22_locale/moneypunct_members_char.cc execution test
XPASS: 22_locale/moneypunct_members_wchar_t.cc execution test
XPASS: 22_locale/num_get_members_char.cc execution test
XPASS: 22_locale/num_get_members_wchar_t.cc execution test
XPASS: 22_locale/num_put_members_char.cc execution test
XPASS: 22_locale/num_put_members_wchar_t.cc execution test
XPASS: 22_locale/numpunct_byname.cc execution test
XPASS: 22_locale/numpunct_members_char.cc execution test
XPASS: 22_locale/numpunct_members_wchar_t.cc execution test
XPASS: 22_locale/time_get_members_char.cc execution test
XPASS: 22_locale/time_get_members_wchar_t.cc execution test
XPASS: 22_locale/time_put_members_char.cc execution test
FAIL: 26_numerics/binary_closure.cc (test for excess errors)
FAIL: 26_numerics/c99_classification_macros_c.cc (test for excess errors)
FAIL: 26_numerics/valarray.cc (test for excess errors)

		=== libstdc++-v3 Summary ===

# of expected passes		336
# of unexpected failures	3
# of unexpected successes	21
# of expected failures		4

Compiler version: 3.1 20020116 (experimental) 
Platform: i686-pc-linux-gnu
configure flags: --host=i686-pc-linux-gnu --prefix=/opt/gcc-3.1-devel --enable-shared --enable-threads=posix --enable-clocale=gnu --with-gnu-as --with-gnu-ld --disable-nls --with-system-zlib



More information about the Gcc-testresults mailing list