Results for 3.0.4 20020114 (prerelease) testsuite on alpha-unknown-freebsd5.0
ljrittle@FreeBSD.org
ljrittle@FreeBSD.org
Tue Jan 15 08:47:00 GMT 2002
LAST_UPDATED: Tue Jan 15 07:36:21 GMT 2002
Native configuration is alpha-unknown-freebsd5.0
=== libstdc++-v3 tests ===
Running target unix
XPASS: 26_numerics/c99_classification_macros_c.cc (test for excess errors)
FAIL: 26_numerics/complex_inserters_extractors.cc execution test
FAIL: 27_io/istream_sentry.cc execution test
=== libstdc++-v3 Summary ===
# of expected passes 245
# of unexpected failures 2
# of unexpected successes 1
# of expected failures 7
=== g++ tests ===
Running target unix
FAIL: g++.law/profile1.C (test for excess errors)
=== g++ Summary ===
# of expected passes 6498
# of unexpected failures 1
# of expected failures 104
# of untested testcases 20
/j/ljrittle/gcc-build-beast-in/gcc/testsuite/../g++ version 3.0.4 20020114 (prerelease)
=== g77 tests ===
Running target unix
=== g77 Summary ===
# of expected passes 933
# of unsupported tests 8
=== gcc tests ===
Running target unix
FAIL: gcc.c-torture/compile/20001226-1.c, -O2
FAIL: gcc.c-torture/compile/20001226-1.c, -O3 -fomit-frame-pointer
FAIL: gcc.c-torture/compile/20001226-1.c, -O3 -g
FAIL: gcc.c-torture/compile/20001226-1.c, -Os
FAIL: gcc.c-torture/execute/ieee/fp-cmp-2.c execution, -O0
FAIL: gcc.c-torture/execute/ieee/fp-cmp-2.c execution, -O2
FAIL: gcc.c-torture/execute/ieee/fp-cmp-2.c execution, -O3 -fomit-frame-pointer
FAIL: gcc.c-torture/execute/ieee/fp-cmp-2.c execution, -O3 -fomit-frame-pointer -funroll-loops
FAIL: gcc.c-torture/execute/ieee/fp-cmp-2.c execution, -O3 -fomit-frame-pointer -funroll-all-loops -finline-functions
FAIL: gcc.c-torture/execute/ieee/fp-cmp-2.c execution, -O3 -g
FAIL: gcc.c-torture/execute/ieee/fp-cmp-2.c execution, -Os
FAIL: gcc.dg/cpp/19990413-1.c error on this line (test for errors, line 12)
FAIL: gcc.dg/cpp/19990413-1.c (test for excess errors)
FAIL: gcc.dg/cpp/digraph2.c (test for errors, line 12)
FAIL: gcc.dg/cpp/digraph2.c (test for excess errors)
FAIL: gcc.dg/cpp/paste4.c (test for excess errors)
FAIL: gcc.dg/c90-restrict-1.c restrict not in C90 (test for errors, line 6)
FAIL: gcc.dg/c90-restrict-1.c (test for excess errors)
FAIL: gcc.dg/direct2.c not a comment (test for errors, line 36)
FAIL: gcc.dg/direct2.c (test for excess errors)
FAIL: gcc.dg/direct2s.c not a comment (test for errors, line 38)
FAIL: gcc.dg/direct2s.c (test for excess errors)
FAIL: gcc.dg/noncompile/920721-2.c (test for errors, line 5)
FAIL: gcc.dg/noncompile/920721-2.c (test for excess errors)
FAIL: gcc.dg/noncompile/920721-2.c (test for errors, line 5)
FAIL: gcc.dg/noncompile/920721-2.c (test for excess errors)
FAIL: gcc.dg/noncompile/920721-2.c (test for errors, line 5)
FAIL: gcc.dg/noncompile/920721-2.c (test for excess errors)
FAIL: gcc.dg/noncompile/920721-2.c (test for errors, line 5)
FAIL: gcc.dg/noncompile/920721-2.c (test for excess errors)
FAIL: gcc.dg/noncompile/920721-2.c (test for errors, line 5)
FAIL: gcc.dg/noncompile/920721-2.c (test for excess errors)
FAIL: gcc.dg/noncompile/920721-2.c (test for errors, line 5)
FAIL: gcc.dg/noncompile/920721-2.c (test for excess errors)
FAIL: gcc.dg/noncompile/920721-2.c (test for errors, line 5)
FAIL: gcc.dg/noncompile/920721-2.c (test for excess errors)
FAIL: gcc.dg/noncompile/920721-2.c (test for errors, line 5)
FAIL: gcc.dg/noncompile/920721-2.c (test for excess errors)
FAIL: gcc.dg/noncompile/920923-1.c (test for errors, line 4)
FAIL: gcc.dg/noncompile/920923-1.c (test for errors, line 10)
FAIL: gcc.dg/noncompile/920923-1.c (test for errors, line 12)
FAIL: gcc.dg/noncompile/920923-1.c (test for errors, line 16)
FAIL: gcc.dg/noncompile/920923-1.c (test for warnings, line 18)
FAIL: gcc.dg/noncompile/920923-1.c (test for errors, line 20)
FAIL: gcc.dg/noncompile/920923-1.c (test for errors, line 21)
FAIL: gcc.dg/noncompile/920923-1.c (test for errors, line 27)
FAIL: gcc.dg/noncompile/920923-1.c (test for errors, line 32)
FAIL: gcc.dg/noncompile/920923-1.c (test for errors, line 42)
FAIL: gcc.dg/noncompile/920923-1.c (test for errors, line 49)
FAIL: gcc.dg/noncompile/920923-1.c (test for errors, line 50)
FAIL: gcc.dg/noncompile/920923-1.c (test for errors, line 55)
FAIL: gcc.dg/noncompile/920923-1.c (test for errors, line 58)
FAIL: gcc.dg/noncompile/920923-1.c (test for errors, line 59)
FAIL: gcc.dg/noncompile/920923-1.c (test for errors, line 61)
FAIL: gcc.dg/noncompile/920923-1.c (test for errors, line 66)
FAIL: gcc.dg/noncompile/920923-1.c (test for errors, line 69)
FAIL: gcc.dg/noncompile/920923-1.c (test for errors, line 72)
FAIL: gcc.dg/noncompile/920923-1.c (test for errors, line 74)
FAIL: gcc.dg/noncompile/920923-1.c (test for errors, line 77)
FAIL: gcc.dg/noncompile/920923-1.c (test for errors, line 93)
FAIL: gcc.dg/noncompile/920923-1.c (test for errors, line 94)
FAIL: gcc.dg/noncompile/920923-1.c (test for errors, line 95)
FAIL: gcc.dg/noncompile/920923-1.c (test for errors, line 104)
FAIL: gcc.dg/noncompile/920923-1.c (test for errors, line 105)
FAIL: gcc.dg/noncompile/920923-1.c (test for errors, line 110)
FAIL: gcc.dg/noncompile/920923-1.c (test for errors, line 111)
FAIL: gcc.dg/noncompile/920923-1.c (test for excess errors)
FAIL: gcc.dg/noncompile/920923-1.c (test for errors, line 4)
FAIL: gcc.dg/noncompile/920923-1.c (test for errors, line 10)
FAIL: gcc.dg/noncompile/920923-1.c (test for errors, line 12)
FAIL: gcc.dg/noncompile/920923-1.c (test for errors, line 16)
FAIL: gcc.dg/noncompile/920923-1.c (test for warnings, line 18)
FAIL: gcc.dg/noncompile/920923-1.c (test for errors, line 20)
FAIL: gcc.dg/noncompile/920923-1.c (test for errors, line 21)
FAIL: gcc.dg/noncompile/920923-1.c (test for errors, line 27)
FAIL: gcc.dg/noncompile/920923-1.c (test for errors, line 32)
FAIL: gcc.dg/noncompile/920923-1.c (test for errors, line 42)
FAIL: gcc.dg/noncompile/920923-1.c (test for errors, line 49)
FAIL: gcc.dg/noncompile/920923-1.c (test for errors, line 50)
FAIL: gcc.dg/noncompile/920923-1.c (test for errors, line 55)
FAIL: gcc.dg/noncompile/920923-1.c (test for errors, line 58)
FAIL: gcc.dg/noncompile/920923-1.c (test for errors, line 59)
FAIL: gcc.dg/noncompile/920923-1.c (test for errors, line 61)
FAIL: gcc.dg/noncompile/920923-1.c (test for errors, line 66)
FAIL: gcc.dg/noncompile/920923-1.c (test for errors, line 69)
FAIL: gcc.dg/noncompile/920923-1.c (test for errors, line 72)
FAIL: gcc.dg/noncompile/920923-1.c (test for errors, line 74)
FAIL: gcc.dg/noncompile/920923-1.c (test for errors, line 77)
FAIL: gcc.dg/noncompile/920923-1.c (test for errors, line 93)
FAIL: gcc.dg/noncompile/920923-1.c (test for errors, line 94)
FAIL: gcc.dg/noncompile/920923-1.c (test for errors, line 95)
FAIL: gcc.dg/noncompile/920923-1.c (test for errors, line 104)
FAIL: gcc.dg/noncompile/920923-1.c (test for errors, line 105)
FAIL: gcc.dg/noncompile/920923-1.c (test for errors, line 110)
FAIL: gcc.dg/noncompile/920923-1.c (test for errors, line 111)
FAIL: gcc.dg/noncompile/920923-1.c (test for excess errors)
FAIL: gcc.dg/noncompile/920923-1.c (test for errors, line 4)
FAIL: gcc.dg/noncompile/920923-1.c (test for errors, line 10)
FAIL: gcc.dg/noncompile/920923-1.c (test for errors, line 12)
FAIL: gcc.dg/noncompile/920923-1.c (test for errors, line 16)
FAIL: gcc.dg/noncompile/920923-1.c (test for warnings, line 18)
FAIL: gcc.dg/noncompile/920923-1.c (test for errors, line 20)
FAIL: gcc.dg/noncompile/920923-1.c (test for errors, line 21)
FAIL: gcc.dg/noncompile/920923-1.c (test for errors, line 27)
FAIL: gcc.dg/noncompile/920923-1.c (test for errors, line 32)
FAIL: gcc.dg/noncompile/920923-1.c (test for errors, line 42)
FAIL: gcc.dg/noncompile/920923-1.c (test for errors, line 49)
FAIL: gcc.dg/noncompile/920923-1.c (test for errors, line 50)
FAIL: gcc.dg/noncompile/920923-1.c (test for errors, line 55)
FAIL: gcc.dg/noncompile/920923-1.c (test for errors, line 58)
FAIL: gcc.dg/noncompile/920923-1.c (test for errors, line 59)
FAIL: gcc.dg/noncompile/920923-1.c (test for errors, line 61)
FAIL: gcc.dg/noncompile/920923-1.c (test for errors, line 66)
FAIL: gcc.dg/noncompile/920923-1.c (test for errors, line 69)
FAIL: gcc.dg/noncompile/920923-1.c (test for errors, line 72)
FAIL: gcc.dg/noncompile/920923-1.c (test for errors, line 74)
FAIL: gcc.dg/noncompile/920923-1.c (test for errors, line 77)
FAIL: gcc.dg/noncompile/920923-1.c (test for errors, line 93)
FAIL: gcc.dg/noncompile/920923-1.c (test for errors, line 94)
FAIL: gcc.dg/noncompile/920923-1.c (test for errors, line 95)
FAIL: gcc.dg/noncompile/920923-1.c (test for errors, line 104)
FAIL: gcc.dg/noncompile/920923-1.c (test for errors, line 105)
FAIL: gcc.dg/noncompile/920923-1.c (test for errors, line 110)
FAIL: gcc.dg/noncompile/920923-1.c (test for errors, line 111)
FAIL: gcc.dg/noncompile/920923-1.c (test for excess errors)
FAIL: gcc.dg/noncompile/920923-1.c (test for errors, line 4)
FAIL: gcc.dg/noncompile/920923-1.c (test for errors, line 10)
FAIL: gcc.dg/noncompile/920923-1.c (test for errors, line 12)
FAIL: gcc.dg/noncompile/920923-1.c (test for errors, line 16)
FAIL: gcc.dg/noncompile/920923-1.c (test for warnings, line 18)
FAIL: gcc.dg/noncompile/920923-1.c (test for errors, line 20)
FAIL: gcc.dg/noncompile/920923-1.c (test for errors, line 21)
FAIL: gcc.dg/noncompile/920923-1.c (test for errors, line 27)
FAIL: gcc.dg/noncompile/920923-1.c (test for errors, line 32)
FAIL: gcc.dg/noncompile/920923-1.c (test for errors, line 42)
FAIL: gcc.dg/noncompile/920923-1.c (test for errors, line 49)
FAIL: gcc.dg/noncompile/920923-1.c (test for errors, line 50)
FAIL: gcc.dg/noncompile/920923-1.c (test for errors, line 55)
FAIL: gcc.dg/noncompile/920923-1.c (test for errors, line 58)
FAIL: gcc.dg/noncompile/920923-1.c (test for errors, line 59)
FAIL: gcc.dg/noncompile/920923-1.c (test for errors, line 61)
FAIL: gcc.dg/noncompile/920923-1.c (test for errors, line 66)
FAIL: gcc.dg/noncompile/920923-1.c (test for errors, line 69)
FAIL: gcc.dg/noncompile/920923-1.c (test for errors, line 72)
FAIL: gcc.dg/noncompile/920923-1.c (test for errors, line 74)
FAIL: gcc.dg/noncompile/920923-1.c (test for errors, line 77)
FAIL: gcc.dg/noncompile/920923-1.c (test for errors, line 93)
FAIL: gcc.dg/noncompile/920923-1.c (test for errors, line 94)
FAIL: gcc.dg/noncompile/920923-1.c (test for errors, line 95)
FAIL: gcc.dg/noncompile/920923-1.c (test for errors, line 104)
FAIL: gcc.dg/noncompile/920923-1.c (test for errors, line 105)
FAIL: gcc.dg/noncompile/920923-1.c (test for errors, line 110)
FAIL: gcc.dg/noncompile/920923-1.c (test for errors, line 111)
FAIL: gcc.dg/noncompile/920923-1.c (test for excess errors)
FAIL: gcc.dg/noncompile/920923-1.c (test for errors, line 4)
FAIL: gcc.dg/noncompile/920923-1.c (test for errors, line 10)
FAIL: gcc.dg/noncompile/920923-1.c (test for errors, line 12)
FAIL: gcc.dg/noncompile/920923-1.c (test for errors, line 16)
FAIL: gcc.dg/noncompile/920923-1.c (test for warnings, line 18)
FAIL: gcc.dg/noncompile/920923-1.c (test for errors, line 20)
FAIL: gcc.dg/noncompile/920923-1.c (test for errors, line 21)
FAIL: gcc.dg/noncompile/920923-1.c (test for errors, line 27)
FAIL: gcc.dg/noncompile/920923-1.c (test for errors, line 32)
FAIL: gcc.dg/noncompile/920923-1.c (test for errors, line 42)
FAIL: gcc.dg/noncompile/920923-1.c (test for errors, line 49)
FAIL: gcc.dg/noncompile/920923-1.c (test for errors, line 50)
FAIL: gcc.dg/noncompile/920923-1.c (test for errors, line 55)
FAIL: gcc.dg/noncompile/920923-1.c (test for errors, line 58)
FAIL: gcc.dg/noncompile/920923-1.c (test for errors, line 59)
FAIL: gcc.dg/noncompile/920923-1.c (test for errors, line 61)
FAIL: gcc.dg/noncompile/920923-1.c (test for errors, line 66)
FAIL: gcc.dg/noncompile/920923-1.c (test for errors, line 69)
FAIL: gcc.dg/noncompile/920923-1.c (test for errors, line 72)
FAIL: gcc.dg/noncompile/920923-1.c (test for errors, line 74)
FAIL: gcc.dg/noncompile/920923-1.c (test for errors, line 77)
FAIL: gcc.dg/noncompile/920923-1.c (test for errors, line 93)
FAIL: gcc.dg/noncompile/920923-1.c (test for errors, line 94)
FAIL: gcc.dg/noncompile/920923-1.c (test for errors, line 95)
FAIL: gcc.dg/noncompile/920923-1.c (test for errors, line 104)
FAIL: gcc.dg/noncompile/920923-1.c (test for errors, line 105)
FAIL: gcc.dg/noncompile/920923-1.c (test for errors, line 110)
FAIL: gcc.dg/noncompile/920923-1.c (test for errors, line 111)
FAIL: gcc.dg/noncompile/920923-1.c (test for excess errors)
FAIL: gcc.dg/noncompile/920923-1.c (test for errors, line 4)
FAIL: gcc.dg/noncompile/920923-1.c (test for errors, line 10)
FAIL: gcc.dg/noncompile/920923-1.c (test for errors, line 12)
FAIL: gcc.dg/noncompile/920923-1.c (test for errors, line 16)
FAIL: gcc.dg/noncompile/920923-1.c (test for warnings, line 18)
FAIL: gcc.dg/noncompile/920923-1.c (test for errors, line 20)
FAIL: gcc.dg/noncompile/920923-1.c (test for errors, line 21)
FAIL: gcc.dg/noncompile/920923-1.c (test for errors, line 27)
FAIL: gcc.dg/noncompile/920923-1.c (test for errors, line 32)
FAIL: gcc.dg/noncompile/920923-1.c (test for errors, line 42)
FAIL: gcc.dg/noncompile/920923-1.c (test for errors, line 49)
FAIL: gcc.dg/noncompile/920923-1.c (test for errors, line 50)
FAIL: gcc.dg/noncompile/920923-1.c (test for errors, line 55)
FAIL: gcc.dg/noncompile/920923-1.c (test for errors, line 58)
FAIL: gcc.dg/noncompile/920923-1.c (test for errors, line 59)
FAIL: gcc.dg/noncompile/920923-1.c (test for errors, line 61)
FAIL: gcc.dg/noncompile/920923-1.c (test for errors, line 66)
FAIL: gcc.dg/noncompile/920923-1.c (test for errors, line 69)
FAIL: gcc.dg/noncompile/920923-1.c (test for errors, line 72)
FAIL: gcc.dg/noncompile/920923-1.c (test for errors, line 74)
FAIL: gcc.dg/noncompile/920923-1.c (test for errors, line 77)
FAIL: gcc.dg/noncompile/920923-1.c (test for errors, line 93)
FAIL: gcc.dg/noncompile/920923-1.c (test for errors, line 94)
FAIL: gcc.dg/noncompile/920923-1.c (test for errors, line 95)
FAIL: gcc.dg/noncompile/920923-1.c (test for errors, line 104)
FAIL: gcc.dg/noncompile/920923-1.c (test for errors, line 105)
FAIL: gcc.dg/noncompile/920923-1.c (test for errors, line 110)
FAIL: gcc.dg/noncompile/920923-1.c (test for errors, line 111)
FAIL: gcc.dg/noncompile/920923-1.c (test for excess errors)
FAIL: gcc.dg/noncompile/920923-1.c (test for errors, line 4)
FAIL: gcc.dg/noncompile/920923-1.c (test for errors, line 10)
FAIL: gcc.dg/noncompile/920923-1.c (test for errors, line 12)
FAIL: gcc.dg/noncompile/920923-1.c (test for errors, line 16)
FAIL: gcc.dg/noncompile/920923-1.c (test for warnings, line 18)
FAIL: gcc.dg/noncompile/920923-1.c (test for errors, line 20)
FAIL: gcc.dg/noncompile/920923-1.c (test for errors, line 21)
FAIL: gcc.dg/noncompile/920923-1.c (test for errors, line 27)
FAIL: gcc.dg/noncompile/920923-1.c (test for errors, line 32)
FAIL: gcc.dg/noncompile/920923-1.c (test for errors, line 42)
FAIL: gcc.dg/noncompile/920923-1.c (test for errors, line 49)
FAIL: gcc.dg/noncompile/920923-1.c (test for errors, line 50)
FAIL: gcc.dg/noncompile/920923-1.c (test for errors, line 55)
FAIL: gcc.dg/noncompile/920923-1.c (test for errors, line 58)
FAIL: gcc.dg/noncompile/920923-1.c (test for errors, line 59)
FAIL: gcc.dg/noncompile/920923-1.c (test for errors, line 61)
FAIL: gcc.dg/noncompile/920923-1.c (test for errors, line 66)
FAIL: gcc.dg/noncompile/920923-1.c (test for errors, line 69)
FAIL: gcc.dg/noncompile/920923-1.c (test for errors, line 72)
FAIL: gcc.dg/noncompile/920923-1.c (test for errors, line 74)
FAIL: gcc.dg/noncompile/920923-1.c (test for errors, line 77)
FAIL: gcc.dg/noncompile/920923-1.c (test for errors, line 93)
FAIL: gcc.dg/noncompile/920923-1.c (test for errors, line 94)
FAIL: gcc.dg/noncompile/920923-1.c (test for errors, line 95)
FAIL: gcc.dg/noncompile/920923-1.c (test for errors, line 104)
FAIL: gcc.dg/noncompile/920923-1.c (test for errors, line 105)
FAIL: gcc.dg/noncompile/920923-1.c (test for errors, line 110)
FAIL: gcc.dg/noncompile/920923-1.c (test for errors, line 111)
FAIL: gcc.dg/noncompile/920923-1.c (test for excess errors)
FAIL: gcc.dg/noncompile/920923-1.c (test for errors, line 4)
FAIL: gcc.dg/noncompile/920923-1.c (test for errors, line 10)
FAIL: gcc.dg/noncompile/920923-1.c (test for errors, line 12)
FAIL: gcc.dg/noncompile/920923-1.c (test for errors, line 16)
FAIL: gcc.dg/noncompile/920923-1.c (test for warnings, line 18)
FAIL: gcc.dg/noncompile/920923-1.c (test for errors, line 20)
FAIL: gcc.dg/noncompile/920923-1.c (test for errors, line 21)
FAIL: gcc.dg/noncompile/920923-1.c (test for errors, line 27)
FAIL: gcc.dg/noncompile/920923-1.c (test for errors, line 32)
FAIL: gcc.dg/noncompile/920923-1.c (test for errors, line 42)
FAIL: gcc.dg/noncompile/920923-1.c (test for errors, line 49)
FAIL: gcc.dg/noncompile/920923-1.c (test for errors, line 50)
FAIL: gcc.dg/noncompile/920923-1.c (test for errors, line 55)
FAIL: gcc.dg/noncompile/920923-1.c (test for errors, line 58)
FAIL: gcc.dg/noncompile/920923-1.c (test for errors, line 59)
FAIL: gcc.dg/noncompile/920923-1.c (test for errors, line 61)
FAIL: gcc.dg/noncompile/920923-1.c (test for errors, line 66)
FAIL: gcc.dg/noncompile/920923-1.c (test for errors, line 69)
FAIL: gcc.dg/noncompile/920923-1.c (test for errors, line 72)
FAIL: gcc.dg/noncompile/920923-1.c (test for errors, line 74)
FAIL: gcc.dg/noncompile/920923-1.c (test for errors, line 77)
FAIL: gcc.dg/noncompile/920923-1.c (test for errors, line 93)
FAIL: gcc.dg/noncompile/920923-1.c (test for errors, line 94)
FAIL: gcc.dg/noncompile/920923-1.c (test for errors, line 95)
FAIL: gcc.dg/noncompile/920923-1.c (test for errors, line 104)
FAIL: gcc.dg/noncompile/920923-1.c (test for errors, line 105)
FAIL: gcc.dg/noncompile/920923-1.c (test for errors, line 110)
FAIL: gcc.dg/noncompile/920923-1.c (test for errors, line 111)
FAIL: gcc.dg/noncompile/920923-1.c (test for excess errors)
FAIL: gcc.dg/noncompile/930622-2.c (test for errors, line 4)
FAIL: gcc.dg/noncompile/930622-2.c (test for excess errors)
FAIL: gcc.dg/noncompile/930622-2.c (test for errors, line 4)
FAIL: gcc.dg/noncompile/930622-2.c (test for excess errors)
FAIL: gcc.dg/noncompile/930622-2.c (test for errors, line 4)
FAIL: gcc.dg/noncompile/930622-2.c (test for excess errors)
FAIL: gcc.dg/noncompile/930622-2.c (test for errors, line 4)
FAIL: gcc.dg/noncompile/930622-2.c (test for excess errors)
FAIL: gcc.dg/noncompile/930622-2.c (test for errors, line 4)
FAIL: gcc.dg/noncompile/930622-2.c (test for excess errors)
FAIL: gcc.dg/noncompile/930622-2.c (test for errors, line 4)
FAIL: gcc.dg/noncompile/930622-2.c (test for excess errors)
FAIL: gcc.dg/noncompile/930622-2.c (test for errors, line 4)
FAIL: gcc.dg/noncompile/930622-2.c (test for excess errors)
FAIL: gcc.dg/noncompile/930622-2.c (test for errors, line 4)
FAIL: gcc.dg/noncompile/930622-2.c (test for excess errors)
FAIL: gcc.dg/noncompile/940112-1.c (test for errors, line 7)
FAIL: gcc.dg/noncompile/940112-1.c (test for excess errors)
FAIL: gcc.dg/noncompile/940112-1.c (test for errors, line 7)
FAIL: gcc.dg/noncompile/940112-1.c (test for excess errors)
FAIL: gcc.dg/noncompile/940112-1.c (test for errors, line 7)
FAIL: gcc.dg/noncompile/940112-1.c (test for excess errors)
FAIL: gcc.dg/noncompile/940112-1.c (test for errors, line 7)
FAIL: gcc.dg/noncompile/940112-1.c (test for excess errors)
FAIL: gcc.dg/noncompile/940112-1.c (test for errors, line 7)
FAIL: gcc.dg/noncompile/940112-1.c (test for excess errors)
FAIL: gcc.dg/noncompile/940112-1.c (test for errors, line 7)
FAIL: gcc.dg/noncompile/940112-1.c (test for excess errors)
FAIL: gcc.dg/noncompile/950921-1.c (test for excess errors)
FAIL: gcc.dg/noncompile/950921-1.c (test for excess errors)
FAIL: gcc.dg/noncompile/950921-1.c (test for excess errors)
FAIL: gcc.dg/noncompile/950921-1.c (test for excess errors)
FAIL: gcc.dg/noncompile/950921-1.c (test for excess errors)
FAIL: gcc.dg/noncompile/950921-1.c (test for excess errors)
FAIL: gcc.dg/noncompile/951123-1.c (test for excess errors)
FAIL: gcc.dg/noncompile/951123-1.c (test for excess errors)
FAIL: gcc.dg/noncompile/951123-1.c (test for excess errors)
FAIL: gcc.dg/noncompile/951123-1.c (test for excess errors)
FAIL: gcc.dg/noncompile/951123-1.c (test for excess errors)
FAIL: gcc.dg/noncompile/951123-1.c (test for excess errors)
FAIL: gcc.dg/noncompile/971104-1.c (test for errors, line 26)
FAIL: gcc.dg/noncompile/971104-1.c (test for excess errors)
FAIL: gcc.dg/noncompile/971104-1.c (test for errors, line 26)
FAIL: gcc.dg/noncompile/971104-1.c (test for excess errors)
FAIL: gcc.dg/noncompile/971104-1.c (test for errors, line 26)
FAIL: gcc.dg/noncompile/971104-1.c (test for excess errors)
FAIL: gcc.dg/noncompile/971104-1.c (test for errors, line 26)
FAIL: gcc.dg/noncompile/971104-1.c (test for excess errors)
FAIL: gcc.dg/noncompile/971104-1.c (test for errors, line 26)
FAIL: gcc.dg/noncompile/971104-1.c (test for excess errors)
FAIL: gcc.dg/noncompile/971104-1.c (test for errors, line 26)
FAIL: gcc.dg/noncompile/971104-1.c (test for excess errors)
FAIL: gcc.dg/noncompile/990416-1.c (test for errors, line 4)
FAIL: gcc.dg/noncompile/990416-1.c (test for excess errors)
FAIL: gcc.dg/noncompile/990416-1.c (test for errors, line 4)
FAIL: gcc.dg/noncompile/990416-1.c (test for excess errors)
FAIL: gcc.dg/noncompile/990416-1.c (test for errors, line 4)
FAIL: gcc.dg/noncompile/990416-1.c (test for excess errors)
FAIL: gcc.dg/noncompile/990416-1.c (test for errors, line 4)
FAIL: gcc.dg/noncompile/990416-1.c (test for excess errors)
FAIL: gcc.dg/noncompile/990416-1.c (test for errors, line 4)
FAIL: gcc.dg/noncompile/990416-1.c (test for excess errors)
FAIL: gcc.dg/noncompile/990416-1.c (test for errors, line 4)
FAIL: gcc.dg/noncompile/990416-1.c (test for excess errors)
=== gcc Summary ===
# of expected passes 14952
# of unexpected failures 334
# of expected failures 80
# of unsupported tests 52
/j/ljrittle/gcc-build-beast-in/gcc/xgcc version 3.0.4 20020114 (prerelease)
=== objc tests ===
Running target unix
=== objc Summary ===
# of expected passes 153
# of expected failures 1
/j/ljrittle/gcc-build-beast-in/gcc/xgcc version 3.0.4 20020114 (prerelease)
Compiler version: 3.0.4 20020114 (prerelease)
Platform: alpha-unknown-freebsd5.0
configure flags: --host=alpha-unknown-freebsd5.0 --prefix=/home/ljrittle/tmp-beast/install-beast --with-gnu-as --with-as=/usr/bin/as --with-gnu-ld --with-ld=/usr/bin/ld
BOOT_CFLAGS=-g -O2
Using gmake with srcdir configuration
Key: gmake is GNU make
make is BSD make as shipped on alpha-unknown-freebsd5.0
srcdir means in-source configuration was done within the gcc source tree
objdir means out-source configuration was done within a fresh directory
ref4 (3.0.X) and ref5 (mainline) attempt to build gcc twice daily;
once for srcdir configuration and once for objdir configuration;
odd number days use GNU make; missing reports infer breakage
More information about the Gcc-testresults
mailing list