Results for 3.1 20020111 (experimental) testsuite on powerpc-ibm-aix4.3.3.0
David Edelsohn
dje@watson.ibm.com
Mon Jan 14 09:50:00 GMT 2002
LAST_UPDATED: Fri Jan 11 15:49:19 UTC 2002
Native configuration is powerpc-ibm-aix4.3.3.0
=== g++ tests ===
Running target unix
FAIL: g++.dg/ext/align1.C (test for excess errors)
FAIL: g++.dg/ext/instantiate1.C (test for excess errors)
FAIL: g++.dg/init/init-ref2.C execution test
FAIL: g++.dg/other/deprecated.C (test for excess errors)
FAIL: g++.dg/special/conpr-1.C execution test
FAIL: g++.dg/special/conpr-2.C execution test
FAIL: g++.dg/special/conpr-3.C execution test
FAIL: g++.dg/special/conpr-3.C execution test
FAIL: g++.dg/special/initp1.C execution test
FAIL: g++.abi/cxa_vec.C Execution test
FAIL: g++.brendan/new3.C Execution test
FAIL: g++.ext/attrib5.C (test for excess errors)
FAIL: g++.ext/instantiate2.C not instantiated (test for errors, line 19)
FAIL: g++.ext/instantiate3.C not instantiated (test for errors, line 13)
FAIL: g++.jason/thunk2.C (test for excess errors)
FAIL: g++.jason/thunk3.C (test for excess errors)
FAIL: g++.mike/eh30.C (test for excess errors)
FAIL: g++.mike/p4750.C (test for excess errors)
FAIL: g++.other/mangle3.C (test for excess errors)
XPASS: g++.pt/const2.C (test for excess errors)
XPASS: g++.pt/const2.C Execution test
FAIL: g++.pt/static3.C (test for excess errors)
FAIL: g++.pt/static6.C (test for excess errors)
FAIL: g++.robertl/eb106.C (test for excess errors)
=== g++ Summary ===
# of expected passes 6785
# of unexpected failures 22
# of unexpected successes 2
# of expected failures 99
# of untested testcases 21
# of unsupported tests 1
/gcc/dje/build/powerpc-ibm-aix4.3.3.0-20020111/gcc/testsuite/../g++ version 3.1 20020111 (experimental)
=== g77 tests ===
Running target unix
FAIL: g77.f-torture/compile/pr3743.f, -O0
FAIL: g77.f-torture/compile/pr3743.f, -O1
FAIL: g77.f-torture/compile/pr3743.f, -O2
FAIL: g77.f-torture/compile/pr3743.f, -O3 -fomit-frame-pointer
FAIL: g77.f-torture/compile/pr3743.f, -O3 -g
FAIL: g77.f-torture/compile/pr3743.f, -Os
FAIL: g77.f-torture/execute/f90-intrinsic-bit.f compilation, -O0
FAIL: g77.f-torture/execute/f90-intrinsic-bit.f compilation, -O1
FAIL: g77.f-torture/execute/f90-intrinsic-bit.f compilation, -O2
FAIL: g77.f-torture/execute/f90-intrinsic-bit.f compilation, -O3 -fomit-frame-pointer
FAIL: g77.f-torture/execute/f90-intrinsic-bit.f compilation, -O3 -fomit-frame-pointer -funroll-loops
FAIL: g77.f-torture/execute/f90-intrinsic-bit.f compilation, -O3 -fomit-frame-pointer -funroll-all-loops -finline-functions
FAIL: g77.f-torture/execute/f90-intrinsic-bit.f compilation, -O3 -g
FAIL: g77.f-torture/execute/f90-intrinsic-bit.f compilation, -Os
=== g77 Summary ===
# of expected passes 1322
# of unexpected failures 14
# of untested testcases 8
# of unsupported tests 8
/gcc/dje/build/powerpc-ibm-aix4.3.3.0-20020111/gcc/testsuite/../g77 version 3.1 20020111 (experimental)
=== gcc tests ===
Running target unix
FAIL: gcc.c-torture/compile/981001-2.c, -O3 -fomit-frame-pointer
FAIL: gcc.c-torture/compile/981001-2.c, -O3 -g
FAIL: gcc.c-torture/compile/990801-1.c, -O3 -fomit-frame-pointer -funroll-all-loops -finline-functions
FAIL: gcc.c-torture/compile/20011119-1.c, -O0
FAIL: gcc.c-torture/compile/20011119-1.c, -O1
FAIL: gcc.c-torture/compile/20011119-1.c, -O2
FAIL: gcc.c-torture/compile/20011119-1.c, -O3 -fomit-frame-pointer
FAIL: gcc.c-torture/compile/20011119-1.c, -O3 -g
FAIL: gcc.c-torture/compile/20011119-1.c, -Os
FAIL: gcc.c-torture/compile/20011119-2.c, -O0
FAIL: gcc.c-torture/compile/20011119-2.c, -O1
FAIL: gcc.c-torture/compile/20011119-2.c, -O2
FAIL: gcc.c-torture/compile/20011119-2.c, -O3 -fomit-frame-pointer
FAIL: gcc.c-torture/compile/20011119-2.c, -O3 -g
FAIL: gcc.c-torture/compile/20011119-2.c, -Os
FAIL: gcc.c-torture/execute/eeprof-1.c execution, -O0
FAIL: gcc.c-torture/execute/eeprof-1.c execution, -O1
FAIL: gcc.c-torture/execute/eeprof-1.c execution, -O2
FAIL: gcc.c-torture/execute/eeprof-1.c execution, -O3 -fomit-frame-pointer
FAIL: gcc.c-torture/execute/eeprof-1.c execution, -O3 -g
FAIL: gcc.c-torture/execute/eeprof-1.c execution, -Os
FAIL: gcc.c-torture/execute/loop-10.c execution, -O2
FAIL: gcc.c-torture/execute/loop-10.c execution, -Os
FAIL: gcc.c-torture/execute/ieee/20010114-2.c execution, -O1
FAIL: gcc.c-torture/execute/ieee/20010114-2.c execution, -O2
FAIL: gcc.c-torture/execute/ieee/20010114-2.c execution, -Os
FAIL: gcc.c-torture/execute/ieee/980619-1.c execution, -O1
FAIL: gcc.c-torture/execute/ieee/980619-1.c execution, -O2
FAIL: gcc.c-torture/execute/ieee/980619-1.c execution, -O3 -fomit-frame-pointer
FAIL: gcc.c-torture/execute/ieee/980619-1.c execution, -O3 -fomit-frame-pointer -funroll-loops
FAIL: gcc.c-torture/execute/ieee/980619-1.c execution, -O3 -fomit-frame-pointer -funroll-all-loops -finline-functions
FAIL: gcc.c-torture/execute/ieee/980619-1.c execution, -O3 -g
FAIL: gcc.c-torture/execute/ieee/980619-1.c execution, -Os
FAIL: gcc.dg/cpp/charconst-2.c (test for excess errors)
FAIL: gcc.dg/cpp/charconst.c (test for excess errors)
FAIL: gcc.dg/cpp/ucs.c bad U1234abcd evaluation (test for bogus messages, line 14)
FAIL: gcc.dg/cpp/ucs.c (test for excess errors)
FAIL: gcc.dg/20001009-1.c (test for excess errors)
FAIL: gcc.dg/20010912-1.c (test for excess errors)
FAIL: gcc.dg/20020103-1.c (test for excess errors)
FAIL: gcc.dg/asm-fs-1.c scan-assembler-not \\*_bar
FAIL: gcc.dg/asm-names.c (test for excess errors)
FAIL: gcc.dg/c99-float-1.c (test for excess errors)
FAIL: gcc.dg/c99-intconst-1.c (test for excess errors)
FAIL: alias-1.c
FAIL: 20000419-2.c
=== gcc Summary ===
# of expected passes 16817
# of unexpected failures 46
# of expected failures 43
# of unresolved testcases 1
# of unsupported tests 74
/gcc/dje/build/powerpc-ibm-aix4.3.3.0-20020111/gcc/xgcc version 3.1 20020111 (experimental)
=== objc tests ===
Running target unix
FAIL: objc/execute/formal_protocol-6.m execution, -O0
FAIL: objc/execute/formal_protocol-6.m execution, -O1
FAIL: objc/execute/formal_protocol-6.m execution, -O2
FAIL: objc/execute/formal_protocol-6.m execution, -O3 -fomit-frame-pointer
FAIL: objc/execute/formal_protocol-6.m execution, -O3 -g
FAIL: objc/execute/formal_protocol-6.m execution, -Os
=== objc Summary ===
# of expected passes 1036
# of unexpected failures 6
/gcc/dje/build/powerpc-ibm-aix4.3.3.0-20020111/gcc/xgcc version 3.1 20020111 (experimental)
=== libstdc++-v3 tests ===
Running target unix
FAIL: 21_strings/capacity.cc (test for excess errors)
FAIL: 21_strings/inserters_extractors.cc execution test
XPASS: 22_locale/collate_members_wchar_t.cc execution test
XPASS: 22_locale/money_get_members_wchar_t.cc execution test
XPASS: 22_locale/money_put_members_wchar_t.cc execution test
XPASS: 22_locale/moneypunct_members_wchar_t.cc execution test
XPASS: 22_locale/num_get_members_wchar_t.cc execution test
XPASS: 22_locale/num_put_members_wchar_t.cc execution test
XPASS: 22_locale/numpunct_members_wchar_t.cc execution test
FAIL: 22_locale/operators.cc execution test
XPASS: 22_locale/time_get_members_wchar_t.cc execution test
XPASS: 22_locale/time_put_members_wchar_t.cc execution test
FAIL: 26_numerics/binary_closure.cc (test for excess errors)
XPASS: 26_numerics/c99_classification_macros_c.cc (test for excess errors)
FAIL: 26_numerics/complex_inserters_extractors.cc execution test
FAIL: 26_numerics/valarray.cc (test for excess errors)
FAIL: 27_io/ios_manip_fmtflags.cc execution test
FAIL: 27_io/istream_extractor_arith.cc execution test
FAIL: 27_io/istream_extractor_other.cc execution test
FAIL: 27_io/istream_seeks.cc execution test
FAIL: 27_io/istream_sentry.cc execution test
FAIL: 27_io/istringstream_members.cc execution test
FAIL: 27_io/ostream_inserter_arith.cc execution test
FAIL: 27_io/ostream_inserter_char.cc execution test
FAIL: 27_io/streambuf.cc execution test
FAIL: 27_io/stringstream.cc execution test
FAIL: 27_io/stringstream_members.cc execution test
=== libstdc++-v3 Summary ===
# of expected passes 320
# of unexpected failures 17
# of unexpected successes 10
# of expected failures 17
Compiler version: 3.1 20020111 (experimental)
Platform: powerpc-ibm-aix4.3.3.0
configure flags: --host=powerpc-ibm-aix4.3.3.0 --prefix=/gcc/dje/install/powerpc-ibm-aix4.3.3.0-20020111 --disable-win32-registry --disable-nls
More information about the Gcc-testresults
mailing list