Results for 3.0.4 20020113 (prerelease) testsuite on i386-unknown-freebsd4.5
ljrittle@FreeBSD.org
ljrittle@FreeBSD.org
Mon Jan 14 03:26:00 GMT 2002
LAST_UPDATED: Mon Jan 14 06:52:30 GMT 2002
Native configuration is i386-unknown-freebsd4.5
=== g++ tests ===
Running target unix
FAIL: g++.law/profile1.C (test for excess errors)
=== g++ Summary ===
# of expected passes 6505
# of unexpected failures 1
# of expected failures 104
# of untested testcases 15
/local0/scratch/ljrittle/gcc-build-ref4-in/gcc/testsuite/../g++ version 3.0.4 20020113 (prerelease)
=== g77 tests ===
Running target unix
=== g77 Summary ===
# of expected passes 933
# of unsupported tests 8
=== gcc tests ===
Running target unix
XPASS: gcc.c-torture/execute/20000801-4.c execution, -O0
XPASS: gcc.c-torture/execute/20000801-4.c execution, -O1
XPASS: gcc.c-torture/execute/20000801-4.c execution, -O2
XPASS: gcc.c-torture/execute/20000801-4.c execution, -O3 -fomit-frame-pointer
XPASS: gcc.c-torture/execute/20000801-4.c execution, -O3 -g
XPASS: gcc.c-torture/execute/20000801-4.c execution, -Os
XPASS: gcc.c-torture/execute/ieee/rbug.c execution, -O3 -fomit-frame-pointer
XPASS: gcc.c-torture/execute/ieee/rbug.c execution, -O3 -g
=== gcc Summary ===
# of expected passes 15326
# of unexpected successes 8
# of expected failures 81
# of unsupported tests 24
/local0/scratch/ljrittle/gcc-build-ref4-in/gcc/xgcc version 3.0.4 20020113 (prerelease)
=== objc tests ===
Running target unix
=== objc Summary ===
# of expected passes 153
# of expected failures 1
/local0/scratch/ljrittle/gcc-build-ref4-in/gcc/xgcc version 3.0.4 20020113 (prerelease)
=== libstdc++-v3 tests ===
Running target unix
XPASS: 26_numerics/c99_classification_macros_c.cc (test for excess errors)
=== libstdc++-v3 Summary ===
# of expected passes 247
# of unexpected successes 1
# of expected failures 7
Compiler version: 3.0.4 20020113 (prerelease)
Platform: i386-unknown-freebsd4.5
configure flags: --host=i386-unknown-freebsd4.5 --prefix=/home/ljrittle/tmp-ref4/install-ref4 --with-gnu-as --with-as=/usr/bin/as --with-gnu-ld --with-ld=/usr/bin/ld
BOOT_CFLAGS=-g -O2
Using make with srcdir configuration
Key: gmake is GNU make
make is BSD make as shipped on i386-unknown-freebsd4.5
srcdir means in-source configuration was done within the gcc source tree
objdir means out-source configuration was done within a fresh directory
ref4 (3.0.X) and ref5 (mainline) attempt to build gcc twice daily;
once for srcdir configuration and once for objdir configuration;
odd number days use GNU make; missing reports infer breakage
More information about the Gcc-testresults
mailing list