Results for 3.1 20020113 (experimental) testsuite on mips-sgi-irix6.5
Billinghurst, David (CRTS)
David.Billinghurst@riotinto.com
Mon Jan 14 02:45:00 GMT 2002
With changes to testsuite:
* set LD_LIBRARYN32_PATH externally
* set LD_LIBRARY64_PATH externally
* don't set LD_LIBRARYN32_PATH in g++.exp or objc.exp
* don't set LD_LIBRARY64_PATH in g++.exp or objc.exp
These changes enable the testsuite to run, but are not
the permanent solution. One possible solution is
http://gcc.gnu.org/ml/gcc-patches/2000-11/msg01537.html
LAST_UPDATED: Sun Jan 13 23:38:00 2002
Native configuration is mips-sgi-irix6.5
=== g77 tests ===
Running target unix
=== g77 Summary for unix ===
# of expected passes 1322
# of expected failures 14
# of untested testcases 8
# of unsupported tests 8
Running target unix/-mabi=64
FAIL: g77.f-torture/compile/20000511-2.f, -O0
FAIL: g77.f-torture/compile/20000511-2.f, -O1
FAIL: g77.f-torture/compile/20000511-2.f, -O2
FAIL: g77.f-torture/compile/20000511-2.f, -O3 -fomit-frame-pointer
FAIL: g77.f-torture/compile/20000511-2.f, -O3 -fomit-frame-pointer
-funroll-loops
FAIL: g77.f-torture/compile/20000511-2.f, -O3 -fomit-frame-pointer
-funroll-all-loops -finline-functions
FAIL: g77.f-torture/compile/20000511-2.f, -O3 -g
FAIL: g77.f-torture/compile/20000511-2.f, -Os
FAIL: g77.f-torture/compile/980310-3.f, -O0
FAIL: g77.f-torture/compile/980310-3.f, -O1
FAIL: g77.f-torture/compile/980310-3.f, -O2
FAIL: g77.f-torture/compile/980310-3.f, -O3 -fomit-frame-pointer
FAIL: g77.f-torture/compile/980310-3.f, -O3 -fomit-frame-pointer
-funroll-loops
FAIL: g77.f-torture/compile/980310-3.f, -O3 -fomit-frame-pointer
-funroll-all-loops -finline-functions
FAIL: g77.f-torture/compile/980310-3.f, -O3 -g
FAIL: g77.f-torture/compile/980310-3.f, -Os
FAIL: g77.f-torture/compile/19990905-2.f, -O0
FAIL: g77.f-torture/compile/19990905-2.f, -O1
FAIL: g77.f-torture/compile/19990905-2.f, -O2
FAIL: g77.f-torture/compile/19990905-2.f, -O3 -fomit-frame-pointer
FAIL: g77.f-torture/compile/19990905-2.f, -O3 -g
FAIL: g77.f-torture/compile/19990905-2.f, -Os
FAIL: g77.f-torture/compile/19990905-0.f, -O0
FAIL: g77.f-torture/compile/19990905-0.f, -O1
FAIL: g77.f-torture/compile/19990905-0.f, -O2
FAIL: g77.f-torture/compile/19990905-0.f, -O3 -fomit-frame-pointer
FAIL: g77.f-torture/compile/19990905-0.f, -O3 -g
FAIL: g77.f-torture/compile/19990905-0.f, -Os
FAIL: g77.f-torture/execute/19981119-0.f compilation, -O0
FAIL: g77.f-torture/execute/19981119-0.f compilation, -O1
FAIL: g77.f-torture/execute/19981119-0.f compilation, -O2
FAIL: g77.f-torture/execute/19981119-0.f compilation, -O3
-fomit-frame-pointer
FAIL: g77.f-torture/execute/19981119-0.f compilation, -O3 -g
FAIL: g77.f-torture/execute/19981119-0.f compilation, -Os
FAIL: g77.f-torture/execute/20010116.f compilation, -O0
FAIL: g77.f-torture/execute/20010116.f compilation, -O1
FAIL: g77.f-torture/execute/20010116.f compilation, -O2
FAIL: g77.f-torture/execute/20010116.f compilation, -O3
-fomit-frame-pointer
FAIL: g77.f-torture/execute/20010116.f compilation, -O3
-fomit-frame-pointer -funroll-loops
FAIL: g77.f-torture/execute/20010116.f compilation, -O3
-fomit-frame-pointer -funroll-all-loops -finline-functions
FAIL: g77.f-torture/execute/20010116.f compilation, -O3 -g
FAIL: g77.f-torture/execute/20010116.f compilation, -Os
FAIL: g77.f-torture/execute/labug1.f compilation, -O2
FAIL: g77.f-torture/execute/labug1.f compilation, -O3
-fomit-frame-pointer
FAIL: g77.f-torture/execute/labug1.f compilation, -O3
-fomit-frame-pointer -funroll-loops
FAIL: g77.f-torture/execute/labug1.f compilation, -O3
-fomit-frame-pointer -funroll-all-loops -finline-functions
FAIL: g77.f-torture/execute/labug1.f compilation, -O3 -g
=== g77 Summary for unix/-mabi=64 ===
# of expected passes 1256
# of unexpected failures 47
# of expected failures 14
# of untested testcases 27
# of unsupported tests 8
=== g77 Summary ===
# of expected passes 2578
# of unexpected failures 47
# of expected failures 28
# of untested testcases 35
# of unsupported tests 16
/exd4/billingd/obj/gcc/gcc/testsuite/../g77 version 3.1 20020113
(experimental)
=== gcc tests ===
Running target unix
FAIL: gcc.c-torture/compile/packed-1.c, -O0
FAIL: gcc.c-torture/compile/packed-1.c, -O1
FAIL: gcc.c-torture/compile/packed-1.c, -O2
FAIL: gcc.c-torture/compile/packed-1.c, -O3 -fomit-frame-pointer
FAIL: gcc.c-torture/compile/packed-1.c, -O3 -g
FAIL: gcc.c-torture/compile/packed-1.c, -Os
FAIL: gcc.c-torture/compile/20001226-1.c, -O2
FAIL: gcc.c-torture/compile/20001226-1.c, -O3 -fomit-frame-pointer
FAIL: gcc.c-torture/compile/20001226-1.c, -O3 -g
FAIL: gcc.c-torture/compile/20001226-1.c, -Os
FAIL: gcc.c-torture/compile/20011119-2.c, -O0
FAIL: gcc.c-torture/compile/20011119-2.c, -O1
FAIL: gcc.c-torture/compile/20011119-2.c, -O2
FAIL: gcc.c-torture/compile/20011119-2.c, -O3 -fomit-frame-pointer
FAIL: gcc.c-torture/compile/20011119-2.c, -O3 -g
FAIL: gcc.c-torture/compile/20011119-2.c, -Os
FAIL: gcc.c-torture/compile/20011119-1.c, -O0
FAIL: gcc.c-torture/compile/20011119-1.c, -O1
FAIL: gcc.c-torture/compile/20011119-1.c, -O2
FAIL: gcc.c-torture/compile/20011119-1.c, -O3 -fomit-frame-pointer
FAIL: gcc.c-torture/compile/20011119-1.c, -O3 -g
FAIL: gcc.c-torture/compile/20011119-1.c, -Os
FAIL: gcc.c-torture/execute/20010122-1.c execution, -O0
FAIL: gcc.c-torture/execute/20010122-1.c execution, -O1
FAIL: gcc.c-torture/execute/20010122-1.c execution, -O2
FAIL: gcc.c-torture/execute/20010122-1.c execution, -O3
-fomit-frame-pointer
FAIL: gcc.c-torture/execute/20010122-1.c execution, -O3
-fomit-frame-pointer -funroll-loops
FAIL: gcc.c-torture/execute/20010122-1.c execution, -O3
-fomit-frame-pointer -funroll-all-loops -finline-functions
FAIL: gcc.c-torture/execute/20010122-1.c execution, -O3 -g
FAIL: gcc.c-torture/execute/20010122-1.c execution, -Os
FAIL: gcc.c-torture/execute/20011219-1.c compilation, -O1
FAIL: gcc.c-torture/execute/20011219-1.c compilation, -O2
FAIL: gcc.c-torture/execute/20011219-1.c compilation, -O3
-fomit-frame-pointer
FAIL: gcc.c-torture/execute/20011219-1.c compilation, -O3 -g
FAIL: gcc.c-torture/execute/20011219-1.c compilation, -Os
FAIL: gcc.c-torture/execute/950607-2.c execution, -O2
FAIL: gcc.c-torture/execute/950607-2.c execution, -Os
FAIL: gcc.c-torture/execute/loop-10.c execution, -O2
FAIL: gcc.c-torture/execute/loop-10.c execution, -Os
FAIL: gcc.dg/cpp/charconst-2.c (test for excess errors)
FAIL: gcc.dg/c99-intconst-1.c (test for excess errors)
FAIL: gcc.dg/noncompile/930622-1.c (test for excess errors)
=== gcc Summary for unix ===
# of expected passes 16803
# of unexpected failures 42
# of expected failures 64
# of unresolved testcases 5
# of unsupported tests 82
Running target unix/-mabi=64
FAIL: gcc.c-torture/compile/20001226-1.c, -O2
FAIL: gcc.c-torture/compile/20001226-1.c, -O3 -fomit-frame-pointer
FAIL: gcc.c-torture/compile/20001226-1.c, -O3 -g
FAIL: gcc.c-torture/compile/20001226-1.c, -Os
FAIL: gcc.c-torture/compile/20011119-2.c, -O0
FAIL: gcc.c-torture/compile/20011119-2.c, -O1
FAIL: gcc.c-torture/compile/20011119-2.c, -O2
FAIL: gcc.c-torture/compile/20011119-2.c, -O3 -fomit-frame-pointer
FAIL: gcc.c-torture/compile/20011119-2.c, -O3 -g
FAIL: gcc.c-torture/compile/20011119-2.c, -Os
FAIL: gcc.c-torture/compile/20011119-1.c, -O0
FAIL: gcc.c-torture/compile/20011119-1.c, -O1
FAIL: gcc.c-torture/compile/20011119-1.c, -O2
FAIL: gcc.c-torture/compile/20011119-1.c, -O3 -fomit-frame-pointer
FAIL: gcc.c-torture/compile/20011119-1.c, -O3 -g
FAIL: gcc.c-torture/compile/20011119-1.c, -Os
FAIL: gcc.c-torture/execute/20010122-1.c execution, -O0
FAIL: gcc.c-torture/execute/20010122-1.c execution, -O1
FAIL: gcc.c-torture/execute/20010122-1.c execution, -O2
FAIL: gcc.c-torture/execute/20010122-1.c execution, -O3
-fomit-frame-pointer
FAIL: gcc.c-torture/execute/20010122-1.c execution, -O3
-fomit-frame-pointer -funroll-loops
FAIL: gcc.c-torture/execute/20010122-1.c execution, -O3
-fomit-frame-pointer -funroll-all-loops -finline-functions
FAIL: gcc.c-torture/execute/20010122-1.c execution, -O3 -g
FAIL: gcc.c-torture/execute/20010122-1.c execution, -Os
FAIL: gcc.c-torture/execute/20011219-1.c compilation, -O1
FAIL: gcc.c-torture/execute/20011219-1.c compilation, -O2
FAIL: gcc.c-torture/execute/20011219-1.c compilation, -O3
-fomit-frame-pointer
FAIL: gcc.c-torture/execute/20011219-1.c compilation, -O3 -g
FAIL: gcc.c-torture/execute/20011219-1.c compilation, -Os
FAIL: gcc.c-torture/execute/loop-10.c execution, -O2
FAIL: gcc.c-torture/execute/loop-10.c execution, -Os
FAIL: gcc.dg/cpp/charconst-2.c (test for excess errors)
FAIL: gcc.dg/noncompile/930622-1.c (test for excess errors)
=== gcc Summary for unix/-mabi=64 ===
# of expected passes 16812
# of unexpected failures 33
# of expected failures 64
# of unresolved testcases 5
# of unsupported tests 82
=== gcc Summary ===
# of expected passes 33615
# of unexpected failures 75
# of expected failures 128
# of unresolved testcases 10
# of unsupported tests 164
/exd4/billingd/obj/gcc/gcc/xgcc version 3.1 20020113 (experimental)
=== g++ tests ===
Running target unix
FAIL: g++.dg/ext/instantiate1.C (test for excess errors)
FAIL: g++.dg/other/deprecated.C (test for excess errors)
=== g++ Summary for unix ===
# of expected passes 6792
# of unexpected failures 2
# of expected failures 108
# of untested testcases 21
# of unsupported tests 1
Running target unix/-mabi=64
FAIL: g++.dg/eh/ctor1.C execution test
FAIL: g++.dg/eh/dtor1.C execution test
FAIL: g++.dg/eh/filter1.C execution test
FAIL: g++.dg/eh/loop1.C execution test
FAIL: g++.dg/eh/omit-frame-pointer.C execution test
FAIL: g++.dg/eh/registers1.C execution test
FAIL: g++.dg/eh/template1.C execution test
FAIL: g++.dg/ext/instantiate1.C (test for excess errors)
FAIL: g++.dg/other/deprecated.C (test for excess errors)
FAIL: g++.abi/cxa_vec.C Execution test
FAIL: g++.brendan/eh1.C Execution test
FAIL: g++.eh/catch11.C Execution test
FAIL: g++.eh/catch12.C Execution test
FAIL: g++.eh/catch3.C Execution test
FAIL: g++.eh/catch3p.C Execution test
FAIL: g++.eh/catch4.C Execution test
FAIL: g++.eh/catch4p.C Execution test
FAIL: g++.eh/catch5.C Execution test
FAIL: g++.eh/catch5p.C Execution test
FAIL: g++.eh/catch6.C Execution test
FAIL: g++.eh/catch6p.C Execution test
FAIL: g++.eh/catch7.C Execution test
FAIL: g++.eh/catch7p.C Execution test
FAIL: g++.eh/catch8.C Execution test
FAIL: g++.eh/catch8p.C Execution test
FAIL: g++.eh/catch9.C Execution test
FAIL: g++.eh/catch9p.C Execution test
FAIL: g++.eh/catchptr1.C Execution test
FAIL: g++.eh/cleanup1.C Execution test
FAIL: g++.eh/cleanup2.C Execution test
FAIL: g++.eh/flow1.C Execution test
FAIL: g++.eh/fntry1.C Execution test
FAIL: g++.eh/inline2.C Execution test
FAIL: g++.eh/new1.C Execution test
FAIL: g++.eh/new2.C Execution test
FAIL: g++.eh/pdel1.C Execution test
FAIL: g++.eh/pdel2.C Execution test
FAIL: g++.eh/ptr1.C Execution test
FAIL: g++.eh/ptrmem1.C Execution test
FAIL: g++.eh/rethrow1.C Execution test
FAIL: g++.eh/rethrow2.C Execution test
FAIL: g++.eh/rethrow3.C Execution test
FAIL: g++.eh/rethrow4.C Execution test
FAIL: g++.eh/rethrow5.C Execution test
FAIL: g++.eh/rethrow6.C Execution test
FAIL: g++.eh/spec1.C Execution test
FAIL: g++.eh/spec2.C Execution test
FAIL: g++.eh/spec3.C Execution test
FAIL: g++.eh/tmpl1.C Execution test
FAIL: g++.eh/unwind1.C Execution test
FAIL: g++.eh/vbase1.C Execution test
FAIL: g++.eh/vbase2.C Execution test
FAIL: g++.eh/vbase4.C Execution test
FAIL: g++.martin/new1.C Execution test
FAIL: g++.mike/dyncast1.C Execution test
FAIL: g++.mike/dyncast2.C Execution test
FAIL: g++.mike/eh10.C Execution test
FAIL: g++.mike/eh12.C Execution test
FAIL: g++.mike/eh14.C Execution test
FAIL: g++.mike/eh16.C Execution test
FAIL: g++.mike/eh17.C Execution test
FAIL: g++.mike/eh18.C Execution test
FAIL: g++.mike/eh2.C Execution test
FAIL: g++.mike/eh21.C Execution test
FAIL: g++.mike/eh24.C Execution test
FAIL: g++.mike/eh25.C Execution test
FAIL: g++.mike/eh26.C Execution test
FAIL: g++.mike/eh27.C Execution test
FAIL: g++.mike/eh28.C Execution test
FAIL: g++.mike/eh29.C Execution test
FAIL: g++.mike/eh3.C Execution test
FAIL: g++.mike/eh31.C Execution test
FAIL: g++.mike/eh33.C Execution test
FAIL: g++.mike/eh34.C Execution test
FAIL: g++.mike/eh35.C Execution test
FAIL: g++.mike/eh36.C Execution test
FAIL: g++.mike/eh37.C Execution test
FAIL: g++.mike/eh38.C Execution test
FAIL: g++.mike/eh39.C Execution test
FAIL: g++.mike/eh40.C Execution test
FAIL: g++.mike/eh41.C Execution test
FAIL: g++.mike/eh42.C Execution test
FAIL: g++.mike/eh44.C Execution test
FAIL: g++.mike/eh47.C Execution test
FAIL: g++.mike/eh48.C Execution test
FAIL: g++.mike/eh49.C Execution test
FAIL: g++.mike/eh5.C Execution test
FAIL: g++.mike/eh50.C Execution test
FAIL: g++.mike/eh51.C Execution test
FAIL: g++.mike/eh6.C Execution test
FAIL: g++.mike/eh8.C Execution test
FAIL: g++.mike/p7912.C Execution test
FAIL: g++.mike/p9706.C Execution test
FAIL: g++.oliva/delete3.C Execution test
FAIL: g++.oliva/new1.C Execution test
FAIL: g++.other/array1.C Execution test
FAIL: g++.other/eh3.C Execution test
FAIL: g++.other/init7.C Execution test
FAIL: g++.other/new7.C Execution test
FAIL: g++.other/singleton.C Execution test
FAIL: g++.other/vbase2.C Execution test
FAIL: g++.pt/fntry1.C Execution test
FAIL: g++.robertl/eb31.C Execution test
FAIL: g++.robertl/eb50.C Execution test
FAIL: g++.robertl/eb66.C Execution test
FAIL: g++.robertl/eb88.C Execution test
FAIL: g++.robertl/eh990323-1.C Execution test
FAIL: g++.robertl/eh990323-2.C Execution test
FAIL: g++.robertl/eh990323-3.C Execution test
FAIL: g++.robertl/eh990323-4.C Execution test
FAIL: g++.robertl/eh990323-5.C Execution test
FAIL: g++.robertl/ice990323-2.C Execution test
=== g++ Summary for unix/-mabi=64 ===
# of expected passes 6682
# of unexpected failures 112
# of expected failures 108
# of untested testcases 21
# of unsupported tests 1
=== g++ Summary ===
# of expected passes 13474
# of unexpected failures 114
# of expected failures 216
# of untested testcases 42
# of unsupported tests 2
/exd4/billingd/obj/gcc/gcc/testsuite/../g++ version 3.1 20020113
(experimental)
=== objc tests ===
Running target unix
FAIL: objc/execute/formal_protocol-6.m execution, -O0
FAIL: objc/execute/formal_protocol-6.m execution, -O1
FAIL: objc/execute/formal_protocol-6.m execution, -O2
FAIL: objc/execute/formal_protocol-6.m execution, -O3
-fomit-frame-pointer
FAIL: objc/execute/formal_protocol-6.m execution, -O3 -g
FAIL: objc/execute/formal_protocol-6.m execution, -Os
=== objc Summary for unix ===
# of expected passes 1036
# of unexpected failures 6
Running target unix/-mabi=64
FAIL: objc/execute/bycopy-3.m execution, -O0
FAIL: objc/execute/bycopy-3.m execution, -O1
FAIL: objc/execute/bycopy-3.m execution, -O2
FAIL: objc/execute/bycopy-3.m execution, -O3 -fomit-frame-pointer
FAIL: objc/execute/bycopy-3.m execution, -O3 -g
FAIL: objc/execute/bycopy-3.m execution, -Os
FAIL: objc/execute/formal_protocol-5.m execution, -O0
FAIL: objc/execute/formal_protocol-5.m execution, -O1
FAIL: objc/execute/formal_protocol-5.m execution, -O2
FAIL: objc/execute/formal_protocol-5.m execution, -O3
-fomit-frame-pointer
FAIL: objc/execute/formal_protocol-5.m execution, -O3 -g
FAIL: objc/execute/formal_protocol-5.m execution, -Os
FAIL: objc/execute/formal_protocol-6.m execution, -O0
FAIL: objc/execute/formal_protocol-6.m execution, -O1
FAIL: objc/execute/formal_protocol-6.m execution, -O2
FAIL: objc/execute/formal_protocol-6.m execution, -O3
-fomit-frame-pointer
FAIL: objc/execute/formal_protocol-6.m execution, -O3 -g
FAIL: objc/execute/formal_protocol-6.m execution, -Os
=== objc Summary for unix/-mabi=64 ===
# of expected passes 1024
# of unexpected failures 18
=== objc Summary ===
# of expected passes 2060
# of unexpected failures 24
/exd4/billingd/obj/gcc/gcc/xgcc version 3.1 20020113 (experimental)
=== libstdc++-v3 tests ===
Running target unix
XPASS: 22_locale/collate_members_wchar_t.cc execution test
XPASS: 22_locale/money_get_members_wchar_t.cc execution test
XPASS: 22_locale/money_put_members_wchar_t.cc execution test
XPASS: 22_locale/moneypunct_members_wchar_t.cc execution test
XPASS: 22_locale/num_get_members_wchar_t.cc execution test
XPASS: 22_locale/num_put_members_wchar_t.cc execution test
XPASS: 22_locale/numpunct_members_wchar_t.cc execution test
XPASS: 22_locale/time_get_members_wchar_t.cc execution test
XPASS: 22_locale/time_put_members_wchar_t.cc execution test
FAIL: 26_numerics/binary_closure.cc (test for excess errors)
XPASS: 26_numerics/c99_classification_macros_c.cc (test for excess
errors)
FAIL: 26_numerics/valarray.cc (test for excess errors)
FAIL: 27_io/istream_extractor_arith.cc execution test
FAIL: 27_io/ostream_inserter_arith.cc execution test
=== libstdc++-v3 Summary ===
# of expected passes 334
# of unexpected failures 4
# of unexpected successes 10
# of expected failures 17
=== libstdc++-v3 tests ===
Running target unix
XPASS: 22_locale/collate_members_wchar_t.cc execution test
XPASS: 22_locale/money_get_members_wchar_t.cc execution test
XPASS: 22_locale/money_put_members_wchar_t.cc execution test
XPASS: 22_locale/moneypunct_members_wchar_t.cc execution test
XPASS: 22_locale/num_get_members_wchar_t.cc execution test
XPASS: 22_locale/num_put_members_wchar_t.cc execution test
XPASS: 22_locale/numpunct_members_wchar_t.cc execution test
XPASS: 22_locale/time_get_members_wchar_t.cc execution test
XPASS: 22_locale/time_put_members_wchar_t.cc execution test
FAIL: 26_numerics/binary_closure.cc (test for excess errors)
XPASS: 26_numerics/c99_classification_macros_c.cc (test for excess
errors)
FAIL: 26_numerics/valarray.cc (test for excess errors)
FAIL: 27_io/istream_extractor_arith.cc execution test
FAIL: 27_io/ostream_inserter_arith.cc execution test
=== libstdc++-v3 Summary ===
# of expected passes 334
# of unexpected failures 4
# of unexpected successes 10
# of expected failures 17
Compiler version: 3.1 20020113 (experimental)
Platform: mips-sgi-irix6.5
configure flags: --host=mips-sgi-irix6.5 --enable-shared --enable-haifa
--enable-threads=single --disable-nls --prefix=/exd4/billingd/tmp/gcc
Counting all warnings,
there are 64 warnings in stage3 of this bootstrap.
Number of warnings per file:
17 gcc/combine.c
11 gcc/config/mips/mips.md
6 gcc/loop.c
6 gcc/gcc.c
6 gcc/cp/pt.c
4 gcc/reload.c
4 gcc/optabs.c
3 gcc/regclass.c
2 gcc/fold-const.c
1 gcc/objc/lang-specs.h
1 gcc/java/parse.y
1 gcc/java/jvspec.c
1 gcc/cp/lang-specs.h
1 gcc/cp/class.c
Number of warning types:
38 comparison between signed and unsigned
9 string length \`???' is greater than the length \`???' ISO C89
compilers are required to support
6 operand 1 missing mode?
5 operand 0 missing mode?
3 signed and unsigned type in conditional expression
1 \`???' might be used uninitialized in this function
1 ??? format, ??? arg (arg ???)
1 pointer targets in passing arg ??? of \`???' differ in signedness
More information about the Gcc-testresults
mailing list