Results for 3.1 20020113 (experimental) testsuite on i686-pc-linux-gnu
michael@ritzert.de
michael@ritzert.de
Sun Jan 13 13:18:00 GMT 2002
LAST_UPDATED: Son Jan 13 17:31:39 UTC 2002
Native configuration is i686-pc-linux-gnu
=== g++ tests ===
Running target unix
FAIL: g++.dg/other/deprecated.C (test for excess errors)
FAIL: g++.ext/instantiate2.C not instantiated (test for errors, line 19)
=== g++ Summary ===
# of expected passes 6825
# of unexpected failures 2
# of expected failures 98
# of untested testcases 9
/3/gcc/HEAD/obj/gcc/testsuite/../g++ version 3.1 20020113 (experimental)
=== g77 tests ===
Running target unix
=== g77 Summary ===
# of expected passes 1360
/3/gcc/HEAD/obj/gcc/testsuite/../g77 version 3.1 20020113 (experimental)
=== gcc tests ===
Running target unix
FAIL: gcc.c-torture/compile/20020106-1.c, -O0
FAIL: gcc.c-torture/compile/20020106-1.c, -O1
FAIL: gcc.c-torture/compile/20020106-1.c, -O2
FAIL: gcc.c-torture/compile/20020106-1.c, -O3 -fomit-frame-pointer
FAIL: gcc.c-torture/compile/20020106-1.c, -O3 -g
FAIL: gcc.c-torture/compile/20020106-1.c, -Os
FAIL: gcc.c-torture/execute/20011223-1.c execution, -O2
FAIL: gcc.c-torture/execute/20011223-1.c execution, -O3 -fomit-frame-pointer
FAIL: gcc.c-torture/execute/20011223-1.c execution, -O3 -g
FAIL: gcc.c-torture/execute/20011223-1.c execution, -Os
FAIL: gcc.c-torture/execute/loop-10.c execution, -O2
FAIL: gcc.c-torture/execute/loop-10.c execution, -Os
FAIL: gcc.dg/c99-intconst-1.c (test for excess errors)
FAIL: gcc.dg/i386-sse-2.c (test for excess errors)
=== gcc Summary ===
# of expected passes 16926
# of unexpected failures 14
# of expected failures 47
# of unsupported tests 33
/3/gcc/HEAD/obj/gcc/xgcc version 3.1 20020113 (experimental)
=== objc tests ===
Running target unix
FAIL: objc/execute/formal_protocol-6.m execution, -O0
FAIL: objc/execute/formal_protocol-6.m execution, -O1
FAIL: objc/execute/formal_protocol-6.m execution, -O2
FAIL: objc/execute/formal_protocol-6.m execution, -O3 -fomit-frame-pointer
FAIL: objc/execute/formal_protocol-6.m execution, -O3 -g
FAIL: objc/execute/formal_protocol-6.m execution, -Os
=== objc Summary ===
# of expected passes 1036
# of unexpected failures 6
/3/gcc/HEAD/obj/gcc/xgcc version 3.1 20020113 (experimental)
=== libjava tests ===
Running target unix
FAIL: calls run
FAIL: findclass run
FAIL: martin run
FAIL: register run
FAIL: throwit run
FAIL: field run
FAIL: cxxtest run
XPASS: err7 compilation from bytecode
XPASS: err7 -O compilation from bytecode
XPASS: err8 compilation from bytecode
XPASS: err8 -O compilation from bytecode
FAIL: instinit2 output from bytecode->native test
FAIL: instinit2 -O output from bytecode->native test
FAIL: nested_with_ctor output from bytecode->native test
FAIL: nested_with_ctor -O output from bytecode->native test
FAIL: Primes output from source compiled test
FAIL: Primes output from bytecode->native test
FAIL: Primes -O output from source compiled test
FAIL: Primes -O output from bytecode->native test
XPASS: stringconst output from bytecode->native test
XPASS: stringconst -O output from bytecode->native test
=== libjava Summary ===
# of expected passes 1966
# of unexpected failures 15
# of unexpected successes 6
# of expected failures 8
# of untested testcases 15
=== libstdc++-v3 tests ===
Running target unix
XPASS: 22_locale/collate_members_wchar_t.cc execution test
XPASS: 22_locale/time_put_members_char.cc execution test
FAIL: 26_numerics/binary_closure.cc (test for excess errors)
XPASS: 26_numerics/c99_classification_macros_c.cc (test for errors, line 35)
FAIL: 26_numerics/valarray.cc (test for excess errors)
=== libstdc++-v3 Summary ===
# of expected passes 336
# of unexpected failures 2
# of unexpected successes 3
# of expected failures 24
Compiler version: 3.1 20020113 (experimental)
Platform: i686-pc-linux-gnu
configure flags: --host=i686-pc-linux-gnu --enable-threads=posix --prefix=/3/gcc/HEAD/install
More information about the Gcc-testresults
mailing list