Results for 3.0.3 testsuite on i686-pc-linux-gnu
root
root@oliver
Fri Jan 11 08:14:00 GMT 2002
Updating from gcc/egcs 2.91.66, linux kernel 2.4.10, based on RedHat 6.2
LAST_UPDATED:
Native configuration is i686-pc-linux-gnu
=== g++ tests ===
Running target unix
FAIL: g++.ext/instantiate1.C not instantiated (test for errors, line 20)
=== g++ Summary ===
# of expected passes 6515
# of unexpected failures 1
# of expected failures 103
# of untested testcases 9
/home/updates/build/gcc/testsuite/../g++ version 3.0.3
=== g77 tests ===
Running target unix
=== g77 Summary ===
# of expected passes 949
=== gcc tests ===
Running target unix
XPASS: gcc.c-torture/execute/20000801-4.c execution, -O0
XPASS: gcc.c-torture/execute/20000801-4.c execution, -O1
XPASS: gcc.c-torture/execute/20000801-4.c execution, -O2
XPASS: gcc.c-torture/execute/20000801-4.c execution, -O3 -fomit-frame-pointer
XPASS: gcc.c-torture/execute/20000801-4.c execution, -O3 -g
XPASS: gcc.c-torture/execute/20000801-4.c execution, -Os
=== gcc Summary ===
# of expected passes 15343
# of unexpected successes 6
# of expected failures 77
# of unsupported tests 20
/home/updates/build/gcc/xgcc version 3.0.3
=== objc tests ===
Running target unix
=== objc Summary ===
# of expected passes 153
# of expected failures 1
/home/updates/build/gcc/xgcc version 3.0.3
=== libjava tests ===
Running target unix
XPASS: N19990310_4 output from source compiled test
XPASS: N19990310_4 -O output from source compiled test
XPASS: stringconst output from bytecode->native test
XPASS: stringconst -O output from bytecode->native test
XPASS: stub compilation from source
XPASS: stub byte compilation
XPASS: stub compilation from bytecode
XPASS: stub -O compilation from source
XPASS: stub byte compilation
XPASS: stub -O compilation from bytecode
=== libjava Summary ===
# of expected passes 1612
# of unexpected successes 10
# of expected failures 14
# of untested testcases 80
=== libstdc++-v3 tests ===
Running target unix
=== libstdc++-v3 Summary ===
# of expected passes 247
# of expected failures 8
Compiler version: 3.0.3
Platform: i686-pc-linux-gnu
configure flags: --host=i686-pc-linux-gnu
More information about the Gcc-testresults
mailing list