Results for 3.1 20020110 (experimental) testsuite on alphaev6-unknown-linux-gnu
Richard Henderson
rth@cygnus.com
Thu Jan 10 12:48:00 GMT 2002
LAST_UPDATED: Thu Jan 10 08:37:02 UTC 2002
Native configuration is alphaev6-unknown-linux-gnu
=== libjava tests ===
Running target unix
FAIL: PR375 compilation from source
FAIL: PR375 -O compilation from source
FAIL: Statics compilation from source
FAIL: Statics -O compilation from source
FAIL: calls run
FAIL: martin run
FAIL: register run
FAIL: throwit run
FAIL: StringBuffer_1 execution from source compiled test
FAIL: StringBuffer_1 execution from bytecode->native test
FAIL: StringBuffer_1 -O execution from source compiled test
FAIL: StringBuffer_1 -O execution from bytecode->native test
XPASS: err7 compilation from bytecode
XPASS: err7 -O compilation from bytecode
XPASS: err8 compilation from bytecode
XPASS: err8 -O compilation from bytecode
FAIL: instinit2 output from bytecode->native test
FAIL: instinit2 -O output from bytecode->native test
FAIL: nested_with_ctor output from bytecode->native test
FAIL: nested_with_ctor -O output from bytecode->native test
XPASS: stringconst output from bytecode->native test
XPASS: stringconst -O output from bytecode->native test
FAIL: stringconst2 output from source compiled test
FAIL: stringconst2 -O output from source compiled test
FAIL: SyncTest execution from bytecode->native test
FAIL: SyncTest -O execution from bytecode->native test
=== libjava Summary ===
# of expected passes 1955
# of unexpected failures 20
# of unexpected successes 6
# of expected failures 8
# of untested testcases 18
=== libstdc++-v3 tests ===
Running target unix
XPASS: 22_locale/ctype_members_char.cc execution test
XPASS: 22_locale/members.cc execution test
XPASS: 22_locale/messages_byname.cc execution test
XPASS: 22_locale/messages_members_char.cc execution test
XPASS: 22_locale/money_get_members_char.cc execution test
XPASS: 22_locale/money_get_members_wchar_t.cc execution test
XPASS: 22_locale/money_put_members_char.cc execution test
XPASS: 22_locale/money_put_members_wchar_t.cc execution test
XPASS: 22_locale/moneypunct_byname.cc execution test
XPASS: 22_locale/moneypunct_members_char.cc execution test
XPASS: 22_locale/moneypunct_members_wchar_t.cc execution test
XPASS: 22_locale/num_get_members_char.cc execution test
XPASS: 22_locale/num_get_members_wchar_t.cc execution test
XPASS: 22_locale/num_put_members_char.cc execution test
XPASS: 22_locale/num_put_members_wchar_t.cc execution test
XPASS: 22_locale/numpunct_byname.cc execution test
XPASS: 22_locale/numpunct_members_char.cc execution test
XPASS: 22_locale/numpunct_members_wchar_t.cc execution test
XPASS: 22_locale/time_get_members_char.cc execution test
XPASS: 22_locale/time_get_members_wchar_t.cc execution test
XPASS: 22_locale/time_put_members_char.cc execution test
FAIL: 26_numerics/binary_closure.cc (test for excess errors)
XPASS: 26_numerics/c99_classification_macros_c.cc (test for errors, line 35)
FAIL: 26_numerics/valarray.cc (test for excess errors)
=== libstdc++-v3 Summary ===
# of expected passes 336
# of unexpected failures 2
# of unexpected successes 22
# of expected failures 5
=== g77 tests ===
Running target unix
FAIL: g77.f-torture/execute/20010430.f execution, -O2
FAIL: g77.f-torture/execute/20010430.f execution, -O3 -fomit-frame-pointer
FAIL: g77.f-torture/execute/20010430.f execution, -O3 -fomit-frame-pointer -funroll-loops
FAIL: g77.f-torture/execute/20010430.f execution, -O3 -fomit-frame-pointer -funroll-all-loops -finline-functions
FAIL: g77.f-torture/execute/20010430.f execution, -O3 -g
=== g77 Summary ===
# of expected passes 1339
# of unexpected failures 5
# of unsupported tests 8
/castro/street/rth/gcc/build/axp/gcc/testsuite/../g77 version 3.1 20020110 (experimental)
=== gcc tests ===
Running target unix
FAIL: gcc.c-torture/execute/20011008-3.c execution, -O3 -fomit-frame-pointer
FAIL: gcc.c-torture/execute/20011008-3.c execution, -O3 -fomit-frame-pointer -funroll-loops
FAIL: gcc.c-torture/execute/20011008-3.c execution, -O3 -fomit-frame-pointer -funroll-all-loops -finline-functions
FAIL: gcc.c-torture/execute/20011008-3.c execution, -O3 -g
FAIL: gcc.c-torture/execute/loop-10.c execution, -O2
FAIL: gcc.c-torture/execute/loop-10.c execution, -Os
=== gcc Summary ===
# of expected passes 16847
# of unexpected failures 6
# of expected failures 47
# of unsupported tests 67
/castro/street/rth/gcc/build/axp/gcc/xgcc version 3.1 20020110 (experimental)
=== g++ tests ===
Running target unix
FAIL: g++.dg/eh/registers1.C execution test
FAIL: g++.dg/init/init-ref2.C execution test
FAIL: g++.jason/thunk3.C (test for excess errors)
XPASS: g++.pt/decl2.C ICE - (test for errors, line 8)
=== g++ Summary ===
# of expected passes 6774
# of unexpected failures 3
# of unexpected successes 1
# of expected failures 99
# of untested testcases 20
# of unsupported tests 1
/castro/street/rth/gcc/build/axp/gcc/testsuite/../g++ version 3.1 20020110 (experimental)
=== objc tests ===
Running target unix
FAIL: objc/execute/formal_protocol-6.m execution, -O0
FAIL: objc/execute/formal_protocol-6.m execution, -O1
FAIL: objc/execute/formal_protocol-6.m execution, -O2
FAIL: objc/execute/formal_protocol-6.m execution, -O3 -fomit-frame-pointer
FAIL: objc/execute/formal_protocol-6.m execution, -O3 -g
FAIL: objc/execute/formal_protocol-6.m execution, -Os
FAIL: objc.dg/special/unclaimed-category-1.m (test for excess errors)
=== objc Summary ===
# of expected passes 1035
# of unexpected failures 7
/castro/street/rth/gcc/build/axp/gcc/xgcc version 3.1 20020110 (experimental)
Compiler version: 3.1 20020110 (experimental)
Platform: alphaev6-unknown-linux-gnu
configure flags: --host=alphaev6-unknown-linux-gnu --prefix=/castro/street/H-alpha-linux --enable-threads
More information about the Gcc-testresults
mailing list