Results for 3.0.4 20020109 (prerelease) testsuite on powerpc-unknown-linux-gnu

Mark Mitchell mmitchel@entropy.crashing.org
Wed Jan 9 23:53:00 GMT 2002


LAST_UPDATED: Thu Jan 10 02:37:33 UTC 2002

Native configuration is powerpc-unknown-linux-gnu

		=== g++ tests ===


Running target unix
FAIL: g++.ext/instantiate1.C not instantiated (test for errors, line 20)

		=== g++ Summary ===

# of expected passes		6497
# of unexpected failures	1
# of expected failures		103
# of untested testcases		21
/usr/local/mirror/mmitchel/gcc_auto_build/gcc/powerpc-unknown-linux-gnu/gcc/testsuite/../g++ version 3.0.4 20020109 (prerelease)

		=== g77 tests ===


Running target unix

		=== g77 Summary ===

# of expected passes		933
# of unsupported tests		8
		=== gcc tests ===


Running target unix

		=== gcc Summary ===

# of expected passes		15303
# of expected failures		76
# of unsupported tests		47
/usr/local/mirror/mmitchel/gcc_auto_build/gcc/powerpc-unknown-linux-gnu/gcc/xgcc version 3.0.4 20020109 (prerelease)

		=== objc tests ===


Running target unix

		=== objc Summary ===

# of expected passes		153
# of expected failures		1
/usr/local/mirror/mmitchel/gcc_auto_build/gcc/powerpc-unknown-linux-gnu/gcc/xgcc version 3.0.4 20020109 (prerelease)

		=== libjava tests ===


Running target unix
XPASS: N19990310_4 output from source compiled test
XPASS: N19990310_4 -O output from source compiled test
XPASS: stringconst output from bytecode->native test
XPASS: stringconst -O output from bytecode->native test
XPASS: stub compilation from source
XPASS: stub byte compilation
XPASS: stub compilation from bytecode
XPASS: stub -O compilation from source
XPASS: stub byte compilation
XPASS: stub -O compilation from bytecode

		=== libjava Summary ===

# of expected passes		1612
# of unexpected successes	10
# of expected failures		14
# of untested testcases		80
		=== libstdc++-v3 tests ===


Running target unix
FAIL: 22_locale/codecvt_unicode_char.cc execution test
FAIL: 22_locale/codecvt_unicode_wchar_t.cc execution test

		=== libstdc++-v3 Summary ===

# of expected passes		245
# of unexpected failures	2
# of expected failures		8

Compiler version: 3.0.4 20020109 (prerelease) 
Platform: powerpc-unknown-linux-gnu
configure flags: --host=powerpc-unknown-linux-gnu --prefix=/usr/local/mirror/mmitchel/gcc_auto_build/install/powerpc-unknown-linux-gnu



More information about the Gcc-testresults mailing list