Results for 3.1 20020107 (experimental) testsuite on i586-redhat-linux-gnu
Gcc k6 testing account
caligula@cam029208.student.utwente.nl
Tue Jan 8 02:19:00 GMT 2002
Gcc bootstrap for target k6-redhat-linux-gnu on the following system
====================================================================
Red Hat Linux release 7.0 (Guinness)
Kernel 2.4.17 on an i586
Gnu C 2.96
binutils 2.11.90.0.8
Linux C Library 2.2.4
Dynamic linker (ldd) 2.2.4
RPM versions:
gcc-2.96-97
binutils-2.11.90.0.8-8
glibc-2.2.4-18.7.0.3
dejagnu-1.4.1-3
====================================================================
LAST_UPDATED: Tue Jan 8 01:18:25 UTC 2002
Native configuration is i586-redhat-linux-gnu
=== g++ tests ===
Running target unix
FAIL: g++.ext/instantiate2.C not instantiated (test for errors, line 19)
XPASS: g++.pt/decl2.C ICE - (test for errors, line 8)
=== g++ Summary ===
# of expected passes 6794
# of unexpected failures 1
# of unexpected successes 1
# of expected failures 98
# of untested testcases 9
/home/caligula/cvs/gcc-head/objdir/gcc/testsuite/../g++ version 3.1 20020107 (experimental)
=== g77 tests ===
Running target unix
=== g77 Summary ===
# of expected passes 1344
# of unsupported tests 8
/home/caligula/cvs/gcc-head/objdir/gcc/testsuite/../g77 version 3.1 20020107 (experimental)
=== gcc tests ===
Running target unix
FAIL: gcc.c-torture/compile/20001226-1.c, -Os
FAIL: gcc.c-torture/compile/20020106-1.c, -O0
FAIL: gcc.c-torture/compile/20020106-1.c, -O1
FAIL: gcc.c-torture/compile/20020106-1.c, -O2
FAIL: gcc.c-torture/compile/20020106-1.c, -O3 -fomit-frame-pointer
FAIL: gcc.c-torture/compile/20020106-1.c, -O3 -g
FAIL: gcc.c-torture/compile/20020106-1.c, -Os
FAIL: gcc.c-torture/execute/20011223-1.c execution, -O2
FAIL: gcc.c-torture/execute/20011223-1.c execution, -O3 -fomit-frame-pointer
FAIL: gcc.c-torture/execute/20011223-1.c execution, -O3 -g
FAIL: gcc.c-torture/execute/20011223-1.c execution, -Os
FAIL: gcc.c-torture/execute/dbra-1.c execution, -O3 -fomit-frame-pointer
FAIL: gcc.c-torture/execute/dbra-1.c execution, -O3 -g
FAIL: gcc.c-torture/execute/loop-2c.c execution, -Os
FAIL: gcc.c-torture/execute/loop-2d.c execution, -Os
FAIL: gcc.c-torture/execute/loop-3c.c execution, -Os
FAIL: gcc.dg/c99-intconst-1.c (test for excess errors)
=== gcc Summary ===
# of expected passes 16770
# of unexpected failures 17
# of expected failures 43
# of unsupported tests 31
/home/caligula/cvs/gcc-head/objdir/gcc/xgcc version 3.1 20020107 (experimental)
=== objc tests ===
Running target unix
FAIL: objc/execute/formal_protocol-6.m execution, -O0
FAIL: objc/execute/formal_protocol-6.m execution, -O1
FAIL: objc/execute/formal_protocol-6.m execution, -O2
FAIL: objc/execute/formal_protocol-6.m execution, -O3 -fomit-frame-pointer
FAIL: objc/execute/formal_protocol-6.m execution, -O3 -g
FAIL: objc/execute/formal_protocol-6.m execution, -Os
FAIL: unclaimed-category-1a.o
=== objc Summary ===
# of expected passes 1034
# of unexpected failures 7
/home/caligula/cvs/gcc-head/objdir/gcc/xgcc version 3.1 20020107 (experimental)
=== libjava tests ===
Running target unix
FAIL: calls run
FAIL: final_method run
FAIL: findclass run
FAIL: martin run
FAIL: register run
FAIL: throwit run
FAIL: linking cxxtest
FAIL: Primes output from source compiled test
FAIL: Primes output from bytecode->native test
FAIL: Primes -O output from source compiled test
FAIL: Primes -O output from bytecode->native test
XPASS: err7 compilation from bytecode
XPASS: err7 -O compilation from bytecode
XPASS: err8 compilation from bytecode
XPASS: err8 -O compilation from bytecode
FAIL: instinit2 output from bytecode->native test
FAIL: instinit2 -O output from bytecode->native test
FAIL: nested_with_ctor output from bytecode->native test
FAIL: nested_with_ctor -O output from bytecode->native test
XPASS: stringconst output from bytecode->native test
XPASS: stringconst -O output from bytecode->native test
=== libjava Summary ===
# of expected passes 1965
# of unexpected failures 15
# of unexpected successes 6
# of expected failures 9
# of untested testcases 14
=== libstdc++-v3 tests ===
Running target unix
FAIL: 22_locale/ctor_copy_dtor.cc execution test
XPASS: 22_locale/ctype_members_char.cc execution test
XPASS: 22_locale/members.cc execution test
XPASS: 22_locale/messages_byname.cc execution test
XPASS: 22_locale/messages_members_char.cc execution test
XPASS: 22_locale/money_get_members_char.cc execution test
XPASS: 22_locale/money_get_members_wchar_t.cc execution test
XPASS: 22_locale/money_put_members_char.cc execution test
XPASS: 22_locale/money_put_members_wchar_t.cc execution test
XPASS: 22_locale/moneypunct_byname.cc execution test
XPASS: 22_locale/moneypunct_members_char.cc execution test
XPASS: 22_locale/moneypunct_members_wchar_t.cc execution test
XPASS: 22_locale/num_get_members_char.cc execution test
XPASS: 22_locale/num_get_members_wchar_t.cc execution test
XPASS: 22_locale/num_put_members_char.cc execution test
XPASS: 22_locale/num_put_members_wchar_t.cc execution test
XPASS: 22_locale/numpunct_byname.cc execution test
XPASS: 22_locale/numpunct_members_char.cc execution test
XPASS: 22_locale/numpunct_members_wchar_t.cc execution test
XPASS: 22_locale/time_get_members_char.cc execution test
XPASS: 22_locale/time_get_members_wchar_t.cc execution test
XPASS: 22_locale/time_put_members_char.cc execution test
FAIL: 26_numerics/binary_closure.cc (test for excess errors)
XPASS: 26_numerics/c99_classification_macros_c.cc (test for errors, line 35)
FAIL: 26_numerics/valarray.cc (test for excess errors)
=== libstdc++-v3 Summary ===
# of expected passes 335
# of unexpected failures 3
# of unexpected successes 22
# of expected failures 5
Compiler version: 3.1 20020107 (experimental)
Platform: i586-redhat-linux-gnu
configure flags: --prefix=/opt/k6/gcc-head --host=k6-redhat-linux-gnu --target=k6-redhat-linux-gnu --enable-languages=c,c++,objc,f77,java --enable-threads=posix
More information about the Gcc-testresults
mailing list