Results for 3.1 20020106 (experimental) testsuite on sparc-sun-solaris2.7

Kaveh R. Ghazi ghazi@caip.rutgers.edu
Mon Jan 7 19:08:00 GMT 2002


LAST_UPDATED: 
Native configuration is sparc-sun-solaris2.7

		=== g++ tests ===


Running target unix/-fPIC
FAIL: g++.dg/ext/instantiate1.C suppressing f<int> (test for errors, line )
FAIL: g++.dg/ext/instantiate1.C suppressing A<int> (test for errors, line )
FAIL: g++.dg/ext/instantiate1.C (test for excess errors)
FAIL: g++.dg/special/conpr-2.C execution test
FAIL: g++.dg/special/conpr-3.C execution test
FAIL: g++.dg/special/initp1.C execution test
FAIL: g++.ext/instantiate2.C not instantiated (test for errors, line 19)
FAIL: g++.ext/instantiate3.C not instantiated (test for errors, line 13)
FAIL: g++.law/profile1.C (test for excess errors)
FAIL: g++.law/profile1.C  Execution test
XPASS: g++.pt/decl2.C ICE - (test for errors, line 8)
FAIL: g++.robertl/eb83.C (test for excess errors)
FAIL: g++.robertl/eb83.C  Execution test

		=== g++ Summary for unix/-fPIC ===

# of expected passes		6767
# of unexpected failures	12
# of unexpected successes	1
# of expected failures		98
# of untested testcases		19
# of unsupported tests		1

Running target unix/-fpic
FAIL: g++.dg/ext/instantiate1.C suppressing f<int> (test for errors, line )
FAIL: g++.dg/ext/instantiate1.C suppressing A<int> (test for errors, line )
FAIL: g++.dg/ext/instantiate1.C (test for excess errors)
FAIL: g++.dg/special/conpr-2.C execution test
FAIL: g++.dg/special/conpr-3.C execution test
FAIL: g++.dg/special/initp1.C execution test
FAIL: g++.ext/instantiate2.C not instantiated (test for errors, line 19)
FAIL: g++.ext/instantiate3.C not instantiated (test for errors, line 13)
FAIL: g++.law/profile1.C (test for excess errors)
FAIL: g++.law/profile1.C  Execution test
XPASS: g++.pt/decl2.C ICE - (test for errors, line 8)
FAIL: g++.robertl/eb83.C (test for excess errors)
FAIL: g++.robertl/eb83.C  Execution test

		=== g++ Summary for unix/-fpic ===

# of expected passes		6767
# of unexpected failures	12
# of unexpected successes	1
# of expected failures		98
# of untested testcases		19
# of unsupported tests		1

Running target unix
FAIL: g++.dg/ext/instantiate1.C suppressing f<int> (test for errors, line )
FAIL: g++.dg/ext/instantiate1.C suppressing A<int> (test for errors, line )
FAIL: g++.dg/ext/instantiate1.C (test for excess errors)
FAIL: g++.dg/special/conpr-2.C execution test
FAIL: g++.dg/special/conpr-3.C execution test
FAIL: g++.dg/special/initp1.C execution test
FAIL: g++.ext/instantiate2.C not instantiated (test for errors, line 19)
FAIL: g++.ext/instantiate3.C not instantiated (test for errors, line 13)
XPASS: g++.pt/decl2.C ICE - (test for errors, line 8)

		=== g++ Summary for unix ===

# of expected passes		6771
# of unexpected failures	8
# of unexpected successes	1
# of expected failures		98
# of untested testcases		19
# of unsupported tests		1

		=== g++ Summary ===

# of expected passes		20305
# of unexpected failures	32
# of unexpected successes	3
# of expected failures		294
# of untested testcases		57
# of unsupported tests		3
/teal/caip5/ghazi/gcc-testing/java/build/gcc/testsuite/../g++ version 3.1 20020106 (experimental)

		=== g77 tests ===


Running target unix/-fPIC
FAIL: g77.dg/bprob/bprob-1.f compilation,  -g  -fprofile-arcs
FAIL: g77.dg/bprob/bprob-1.f compilation,  -O0  -fprofile-arcs
FAIL: g77.dg/bprob/bprob-1.f compilation,  -O1  -fprofile-arcs
FAIL: g77.dg/bprob/bprob-1.f compilation,  -O2  -fprofile-arcs
FAIL: g77.dg/bprob/bprob-1.f compilation,  -O3  -fprofile-arcs
FAIL: g77.dg/bprob/bprob-1.f compilation,  -O3 -g  -fprofile-arcs
FAIL: g77.dg/bprob/bprob-1.f compilation,  -Os  -fprofile-arcs
FAIL: g77.dg/gcov/gcov-1.f (test for excess errors)
FAIL: g77.dg/gcov/gcov-1.f execution test
FAIL: g77.dg/gcov/gcov-1.f gcov: 118 failures in line counts, 32 in branch percentages, 24 in return percentages
FAIL: g77.f-torture/execute/labug1.f compilation,  -O1 
FAIL: g77.f-torture/execute/labug1.f compilation,  -O2 
FAIL: g77.f-torture/execute/labug1.f compilation,  -O3 -fomit-frame-pointer 
FAIL: g77.f-torture/execute/labug1.f compilation,  -O3 -fomit-frame-pointer -funroll-loops 
FAIL: g77.f-torture/execute/labug1.f compilation,  -O3 -fomit-frame-pointer -funroll-all-loops -finline-functions 
FAIL: g77.f-torture/execute/labug1.f compilation,  -O3 -g 
FAIL: g77.f-torture/execute/short.f compilation,  -O1 

		=== g77 Summary for unix/-fPIC ===

# of expected passes		1277
# of unexpected failures	17
# of expected failures		14
# of unresolved testcases	21
# of untested testcases		15
# of unsupported tests		8

Running target unix/-fpic
FAIL: g77.dg/bprob/bprob-1.f compilation,  -g  -fprofile-arcs
FAIL: g77.dg/bprob/bprob-1.f compilation,  -O0  -fprofile-arcs
FAIL: g77.dg/bprob/bprob-1.f compilation,  -O1  -fprofile-arcs
FAIL: g77.dg/bprob/bprob-1.f compilation,  -O2  -fprofile-arcs
FAIL: g77.dg/bprob/bprob-1.f compilation,  -O3  -fprofile-arcs
FAIL: g77.dg/bprob/bprob-1.f compilation,  -O3 -g  -fprofile-arcs
FAIL: g77.dg/bprob/bprob-1.f compilation,  -Os  -fprofile-arcs
FAIL: g77.dg/gcov/gcov-1.f (test for excess errors)
FAIL: g77.dg/gcov/gcov-1.f execution test
FAIL: g77.dg/gcov/gcov-1.f gcov: 118 failures in line counts, 32 in branch percentages, 24 in return percentages
FAIL: g77.f-torture/compile/20010519-1.f,  -O1  
FAIL: g77.f-torture/compile/980310-3.f,  -O1  
FAIL: g77.f-torture/execute/20010430.f compilation,  -O1 
FAIL: g77.f-torture/execute/labug1.f compilation,  -O1 
FAIL: g77.f-torture/execute/short.f compilation,  -O1 

		=== g77 Summary for unix/-fpic ===

# of expected passes		1283
# of unexpected failures	15
# of expected failures		14
# of unresolved testcases	21
# of untested testcases		11
# of unsupported tests		8

Running target unix

		=== g77 Summary for unix ===

# of expected passes		1322
# of expected failures		14
# of untested testcases		8
# of unsupported tests		8

		=== g77 Summary ===

# of expected passes		3882
# of unexpected failures	32
# of expected failures		42
# of unresolved testcases	42
# of untested testcases		34
# of unsupported tests		24
/teal/caip5/ghazi/gcc-testing/java/build/gcc/testsuite/../g77 version 3.1 20020106 (experimental)

		=== gcc tests ===


Running target unix/-fPIC
FAIL: gcc.c-torture/compile/920723-1.c,  -O2  
FAIL: gcc.c-torture/compile/920723-1.c,  -O3 -fomit-frame-pointer  
FAIL: gcc.c-torture/compile/920723-1.c,  -O3 -fomit-frame-pointer -funroll-loops  
FAIL: gcc.c-torture/compile/920723-1.c,  -O3 -fomit-frame-pointer -funroll-all-loops -finline-functions  
FAIL: gcc.c-torture/compile/920723-1.c,  -O3 -g  
FAIL: gcc.c-torture/compile/20011119-1.c,  -O0  
FAIL: gcc.c-torture/compile/20011119-1.c,  -O1  
FAIL: gcc.c-torture/compile/20011119-1.c,  -O2  
FAIL: gcc.c-torture/compile/20011119-1.c,  -O3 -fomit-frame-pointer  
FAIL: gcc.c-torture/compile/20011119-1.c,  -O3 -g  
FAIL: gcc.c-torture/compile/20011119-1.c,  -Os  
FAIL: gcc.c-torture/compile/20011119-2.c,  -O0  
FAIL: gcc.c-torture/compile/20011119-2.c,  -O1  
FAIL: gcc.c-torture/compile/20011119-2.c,  -O2  
FAIL: gcc.c-torture/compile/20011119-2.c,  -O3 -fomit-frame-pointer  
FAIL: gcc.c-torture/compile/20011119-2.c,  -O3 -g  
FAIL: gcc.c-torture/compile/20011119-2.c,  -Os  
FAIL: gcc.c-torture/execute/20000731-1.c compilation,  -O3 -fomit-frame-pointer 
FAIL: gcc.c-torture/execute/20000731-1.c compilation,  -O3 -fomit-frame-pointer -funroll-loops 
FAIL: gcc.c-torture/execute/20000731-1.c compilation,  -O3 -fomit-frame-pointer -funroll-all-loops -finline-functions 
FAIL: gcc.c-torture/execute/20000731-1.c compilation,  -O3 -g 
FAIL: gcc.c-torture/execute/960521-1.c compilation,  -O1 
FAIL: gcc.c-torture/execute/960521-1.c compilation,  -O2 
FAIL: gcc.c-torture/execute/strct-pack-1.c execution,  -O2 
FAIL: gcc.c-torture/execute/strct-pack-1.c execution,  -Os 
FAIL: gcc.dg/cpp/charconst.c (test for excess errors)
FAIL: gcc.dg/cpp/ucs.c bad U1234abcd evaluation (test for bogus messages, line 14)
FAIL: gcc.dg/cpp/ucs.c (test for excess errors)
FAIL: gcc.dg/20001013-1.c (test for excess errors)
FAIL: gcc.dg/c99-float-1.c (test for excess errors)
FAIL: gcc.dg/c99-intconst-1.c (test for excess errors)
FAIL: gcc.dg/noncompile/930622-1.c (test for excess errors)
FAIL: gcc.misc-tests/bprob-1.c compilation,  -g  -fprofile-arcs
FAIL: gcc.misc-tests/bprob-1.c compilation,  -O0  -fprofile-arcs
FAIL: gcc.misc-tests/bprob-1.c compilation,  -O1  -fprofile-arcs
FAIL: gcc.misc-tests/bprob-1.c compilation,  -O2 -DPERFTIME  -fprofile-arcs
FAIL: gcc.misc-tests/bprob-1.c compilation,  -O3 -DPERFTIME  -fprofile-arcs
FAIL: gcc.misc-tests/bprob-1.c compilation,  -O3 -g -DPERFTIME  -fprofile-arcs
FAIL: gcc.misc-tests/bprob-1.c compilation,  -Os  -fprofile-arcs
FAIL: gcc.misc-tests/bprob-2.c compilation,  -g  -fprofile-arcs
FAIL: gcc.misc-tests/bprob-2.c compilation,  -O0  -fprofile-arcs
FAIL: gcc.misc-tests/bprob-2.c compilation,  -O1  -fprofile-arcs
FAIL: gcc.misc-tests/bprob-2.c compilation,  -O2 -DPERFTIME  -fprofile-arcs
FAIL: gcc.misc-tests/bprob-2.c compilation,  -O3 -DPERFTIME  -fprofile-arcs
FAIL: gcc.misc-tests/bprob-2.c compilation,  -O3 -g -DPERFTIME  -fprofile-arcs
FAIL: gcc.misc-tests/bprob-2.c compilation,  -Os  -fprofile-arcs
FAIL: gcc.misc-tests/gcov-1.c (test for excess errors)
FAIL: gcc.misc-tests/gcov-1.c execution test
FAIL: gcc.misc-tests/gcov-1.c gcov: 3 failures in line counts
FAIL: gcc.misc-tests/gcov-2.c (test for excess errors)
FAIL: gcc.misc-tests/gcov-2.c execution test
FAIL: gcc.misc-tests/gcov-2.c gcov: 3 failures in line counts
FAIL: gcc.misc-tests/gcov-3.c (test for excess errors)
FAIL: gcc.misc-tests/gcov-3.c execution test
FAIL: gcc.misc-tests/gcov-3.c gcov: 2 failures in line counts
FAIL: gcc.misc-tests/gcov-4.c (test for excess errors)
FAIL: gcc.misc-tests/gcov-4.c execution test
FAIL: gcc.misc-tests/gcov-4.c gcov: 50 failures in line counts
FAIL: gcc.misc-tests/gcov-4b.c (test for excess errors)
FAIL: gcc.misc-tests/gcov-4b.c execution test
FAIL: gcc.misc-tests/gcov-4b.c gcov: 24 failures in branch percentages
FAIL: gcc.misc-tests/gcov-5b.c (test for excess errors)
FAIL: gcc.misc-tests/gcov-5b.c execution test
FAIL: gcc.misc-tests/gcov-6.c (test for excess errors)
FAIL: gcc.misc-tests/gcov-6.c execution test
FAIL: gcc.misc-tests/gcov-6.c gcov: 3 failures in line counts, 1 in branch percentages, 3 in return percentages
FAIL: gcc.misc-tests/gcov-7.c (test for excess errors)
FAIL: gcc.misc-tests/gcov-7.c execution test
FAIL: gcc.misc-tests/gcov-7.c gcov: 9 failures in line counts, 3 in branch percentages, 4 in return percentages

		=== gcc Summary for unix/-fPIC ===

# of expected passes		16585
# of unexpected failures	69
# of expected failures		43
# of unresolved testcases	52
# of unsupported tests		63

Running target unix/-fpic
FAIL: gcc.c-torture/compile/920624-1.c,  -O1  
FAIL: gcc.c-torture/compile/920624-1.c,  -O2  
FAIL: gcc.c-torture/compile/920624-1.c,  -O3 -fomit-frame-pointer  
FAIL: gcc.c-torture/compile/920624-1.c,  -O3 -fomit-frame-pointer -funroll-loops  
FAIL: gcc.c-torture/compile/920624-1.c,  -O3 -fomit-frame-pointer -funroll-all-loops -finline-functions  
FAIL: gcc.c-torture/compile/920624-1.c,  -O3 -g  
FAIL: gcc.c-torture/compile/920710-2.c,  -O1  
FAIL: gcc.c-torture/compile/930621-1.c,  -O1  
FAIL: gcc.c-torture/compile/980329-1.c,  -O1  
FAIL: gcc.c-torture/compile/991229-3.c,  -O1  
FAIL: gcc.c-torture/compile/20011119-1.c,  -O0  
FAIL: gcc.c-torture/compile/20011119-1.c,  -O1  
FAIL: gcc.c-torture/compile/20011119-1.c,  -O2  
FAIL: gcc.c-torture/compile/20011119-1.c,  -O3 -fomit-frame-pointer  
FAIL: gcc.c-torture/compile/20011119-1.c,  -O3 -g  
FAIL: gcc.c-torture/compile/20011119-1.c,  -Os  
FAIL: gcc.c-torture/compile/20011119-2.c,  -O0  
FAIL: gcc.c-torture/compile/20011119-2.c,  -O1  
FAIL: gcc.c-torture/compile/20011119-2.c,  -O2  
FAIL: gcc.c-torture/compile/20011119-2.c,  -O3 -fomit-frame-pointer  
FAIL: gcc.c-torture/compile/20011119-2.c,  -O3 -g  
FAIL: gcc.c-torture/compile/20011119-2.c,  -Os  
FAIL: gcc.c-torture/execute/20000224-1.c compilation,  -O1 
FAIL: gcc.c-torture/execute/920302-1.c compilation,  -O1 
FAIL: gcc.c-torture/execute/991201-1.c compilation,  -O1 
FAIL: gcc.c-torture/execute/strct-pack-1.c execution,  -O2 
FAIL: gcc.c-torture/execute/strct-pack-1.c execution,  -Os 
FAIL: gcc.dg/cpp/charconst.c (test for excess errors)
FAIL: gcc.dg/cpp/ucs.c bad U1234abcd evaluation (test for bogus messages, line 14)
FAIL: gcc.dg/cpp/ucs.c (test for excess errors)
FAIL: gcc.dg/20001013-1.c (test for excess errors)
FAIL: gcc.dg/c99-float-1.c (test for excess errors)
FAIL: gcc.dg/c99-intconst-1.c (test for excess errors)
FAIL: gcc.dg/noncompile/930622-1.c (test for excess errors)
FAIL: gcc.misc-tests/bprob-1.c compilation,  -g  -fprofile-arcs
FAIL: gcc.misc-tests/bprob-1.c compilation,  -O0  -fprofile-arcs
FAIL: gcc.misc-tests/bprob-1.c compilation,  -O1  -fprofile-arcs
FAIL: gcc.misc-tests/bprob-1.c compilation,  -O2 -DPERFTIME  -fprofile-arcs
FAIL: gcc.misc-tests/bprob-1.c compilation,  -O3 -DPERFTIME  -fprofile-arcs
FAIL: gcc.misc-tests/bprob-1.c compilation,  -O3 -g -DPERFTIME  -fprofile-arcs
FAIL: gcc.misc-tests/bprob-1.c compilation,  -Os  -fprofile-arcs
FAIL: gcc.misc-tests/bprob-2.c compilation,  -g  -fprofile-arcs
FAIL: gcc.misc-tests/bprob-2.c compilation,  -O0  -fprofile-arcs
FAIL: gcc.misc-tests/bprob-2.c compilation,  -O1  -fprofile-arcs
FAIL: gcc.misc-tests/bprob-2.c compilation,  -O2 -DPERFTIME  -fprofile-arcs
FAIL: gcc.misc-tests/bprob-2.c compilation,  -O3 -DPERFTIME  -fprofile-arcs
FAIL: gcc.misc-tests/bprob-2.c compilation,  -O3 -g -DPERFTIME  -fprofile-arcs
FAIL: gcc.misc-tests/bprob-2.c compilation,  -Os  -fprofile-arcs
FAIL: gcc.misc-tests/gcov-1.c (test for excess errors)
FAIL: gcc.misc-tests/gcov-1.c execution test
FAIL: gcc.misc-tests/gcov-1.c gcov: 3 failures in line counts
FAIL: gcc.misc-tests/gcov-2.c (test for excess errors)
FAIL: gcc.misc-tests/gcov-2.c execution test
FAIL: gcc.misc-tests/gcov-2.c gcov: 3 failures in line counts
FAIL: gcc.misc-tests/gcov-3.c (test for excess errors)
FAIL: gcc.misc-tests/gcov-3.c execution test
FAIL: gcc.misc-tests/gcov-3.c gcov: 2 failures in line counts
FAIL: gcc.misc-tests/gcov-4.c (test for excess errors)
FAIL: gcc.misc-tests/gcov-4.c execution test
FAIL: gcc.misc-tests/gcov-4.c gcov: 50 failures in line counts
FAIL: gcc.misc-tests/gcov-4b.c (test for excess errors)
FAIL: gcc.misc-tests/gcov-4b.c execution test
FAIL: gcc.misc-tests/gcov-4b.c gcov: 24 failures in branch percentages
FAIL: gcc.misc-tests/gcov-5b.c (test for excess errors)
FAIL: gcc.misc-tests/gcov-5b.c execution test
FAIL: gcc.misc-tests/gcov-6.c (test for excess errors)
FAIL: gcc.misc-tests/gcov-6.c execution test
FAIL: gcc.misc-tests/gcov-6.c gcov: 3 failures in line counts, 1 in branch percentages, 3 in return percentages
FAIL: gcc.misc-tests/gcov-7.c (test for excess errors)
FAIL: gcc.misc-tests/gcov-7.c execution test
FAIL: gcc.misc-tests/gcov-7.c gcov: 9 failures in line counts, 3 in branch percentages, 4 in return percentages

		=== gcc Summary for unix/-fpic ===

# of expected passes		16586
# of unexpected failures	71
# of expected failures		43
# of unresolved testcases	49
# of unsupported tests		63

Running target unix
FAIL: gcc.c-torture/compile/20011119-1.c,  -O0  
FAIL: gcc.c-torture/compile/20011119-1.c,  -O1  
FAIL: gcc.c-torture/compile/20011119-1.c,  -O2  
FAIL: gcc.c-torture/compile/20011119-1.c,  -O3 -fomit-frame-pointer  
FAIL: gcc.c-torture/compile/20011119-1.c,  -O3 -g  
FAIL: gcc.c-torture/compile/20011119-1.c,  -Os  
FAIL: gcc.c-torture/compile/20011119-2.c,  -O0  
FAIL: gcc.c-torture/compile/20011119-2.c,  -O1  
FAIL: gcc.c-torture/compile/20011119-2.c,  -O2  
FAIL: gcc.c-torture/compile/20011119-2.c,  -O3 -fomit-frame-pointer  
FAIL: gcc.c-torture/compile/20011119-2.c,  -O3 -g  
FAIL: gcc.c-torture/compile/20011119-2.c,  -Os  
FAIL: gcc.c-torture/execute/strct-pack-1.c execution,  -O2 
FAIL: gcc.c-torture/execute/strct-pack-1.c execution,  -Os 
FAIL: gcc.dg/cpp/charconst.c (test for excess errors)
FAIL: gcc.dg/cpp/ucs.c bad U1234abcd evaluation (test for bogus messages, line 14)
FAIL: gcc.dg/cpp/ucs.c (test for excess errors)
FAIL: gcc.dg/20001013-1.c (test for excess errors)
FAIL: gcc.dg/c99-float-1.c (test for excess errors)
FAIL: gcc.dg/c99-intconst-1.c (test for excess errors)
FAIL: gcc.dg/noncompile/930622-1.c (test for excess errors)

		=== gcc Summary for unix ===

# of expected passes		16681
# of unexpected failures	21
# of expected failures		43
# of unresolved testcases	4
# of unsupported tests		63

		=== gcc Summary ===

# of expected passes		49852
# of unexpected failures	161
# of expected failures		129
# of unresolved testcases	105
# of unsupported tests		189
/teal/caip5/ghazi/gcc-testing/java/build/gcc/xgcc version 3.1 20020106 (experimental)

		=== objc tests ===


Running target unix/-fPIC
FAIL: objc/execute/formal_protocol-6.m execution,  -O0 
FAIL: objc/execute/formal_protocol-6.m execution,  -O1 
FAIL: objc/execute/formal_protocol-6.m execution,  -O2 
FAIL: objc/execute/formal_protocol-6.m execution,  -O3 -fomit-frame-pointer 
FAIL: objc/execute/formal_protocol-6.m execution,  -O3 -g 
FAIL: objc/execute/formal_protocol-6.m execution,  -Os 
FAIL: unclaimed-category-1a.o

		=== objc Summary for unix/-fPIC ===

# of expected passes		1034
# of unexpected failures	7

Running target unix/-fpic
FAIL: objc/execute/formal_protocol-6.m execution,  -O0 
FAIL: objc/execute/formal_protocol-6.m execution,  -O1 
FAIL: objc/execute/formal_protocol-6.m execution,  -O2 
FAIL: objc/execute/formal_protocol-6.m execution,  -O3 -fomit-frame-pointer 
FAIL: objc/execute/formal_protocol-6.m execution,  -O3 -g 
FAIL: objc/execute/formal_protocol-6.m execution,  -Os 
FAIL: unclaimed-category-1a.o

		=== objc Summary for unix/-fpic ===

# of expected passes		1034
# of unexpected failures	7

Running target unix
FAIL: objc/execute/formal_protocol-6.m execution,  -O0 
FAIL: objc/execute/formal_protocol-6.m execution,  -O1 
FAIL: objc/execute/formal_protocol-6.m execution,  -O2 
FAIL: objc/execute/formal_protocol-6.m execution,  -O3 -fomit-frame-pointer 
FAIL: objc/execute/formal_protocol-6.m execution,  -O3 -g 
FAIL: objc/execute/formal_protocol-6.m execution,  -Os 
FAIL: unclaimed-category-1a.o

		=== objc Summary for unix ===

# of expected passes		1034
# of unexpected failures	7

		=== objc Summary ===

# of expected passes		3102
# of unexpected failures	21
/teal/caip5/ghazi/gcc-testing/java/build/gcc/xgcc version 3.1 20020106 (experimental)

		=== libjava tests ===


Running target unix/-fPIC
FAIL: ArrayClass compilation from source
FAIL: ArrayClass -O compilation from source
FAIL: Case compilation from source
FAIL: Case -O compilation from source
FAIL: G19990210_1 compilation from source
FAIL: G19990210_1 -O compilation from source
FAIL: G19990210_2 compilation from source
FAIL: G19990210_2 -O compilation from source
FAIL: G19990210_3 compilation from source
FAIL: G19990210_3 -O compilation from source
FAIL: G19990217_01 compilation from source
FAIL: G19990217_01 -O compilation from source
FAIL: G19990225_01 compilation from source
FAIL: G19990225_01 -O compilation from source
FAIL: N19990310_01 compilation from source
FAIL: N19990310_01 -O compilation from source
FAIL: N19990317 compilation from source
FAIL: N19990317 -O compilation from source
FAIL: OperatorBenchmark compilation from source
FAIL: OperatorBenchmark -O compilation from source
FAIL: PR295 compilation from source
FAIL: PR295 -O compilation from source
FAIL: PR206 compilation from source
FAIL: PR206 -O compilation from source
FAIL: PR209 compilation from source
FAIL: PR209 -O compilation from source
FAIL: PR232 compilation from source
FAIL: PR232 -O compilation from source
FAIL: PR232B compilation from source
FAIL: PR232B -O compilation from source
FAIL: PR234 compilation from source
FAIL: PR234 -O compilation from source
FAIL: PR235 compilation from source
FAIL: PR235 -O compilation from source
FAIL: Statics compilation from source
FAIL: Statics -O compilation from source
FAIL: PR374 compilation from source
FAIL: PR374 -O compilation from source
FAIL: PR375 compilation from source
FAIL: PR375 -O compilation from source
FAIL: Semi compilation from source
FAIL: Semi -O compilation from source
FAIL: SuperConstr compilation from source
FAIL: SuperConstr -O compilation from source
FAIL: Twice compilation from source
FAIL: Twice -O compilation from source
FAIL: assignment compilation from source
FAIL: assignment -O compilation from source
FAIL: assignment_2 compilation from source
FAIL: assignment_2 -O compilation from source
FAIL: comment compilation from source
FAIL: comment -O compilation from source
FAIL: iface compilation from source
FAIL: iface -O compilation from source
FAIL: inner_data compilation from source
FAIL: inner_data -O compilation from source
FAIL: perc compilation from source
FAIL: perc -O compilation from source
FAIL: inner_inherit compilation from source
FAIL: inner_inherit -O compilation from source
FAIL: inner_priv compilation from source
FAIL: inner_priv -O compilation from source
FAIL: inner_pub compilation from source
FAIL: inner_pub -O compilation from source
FAIL: plusplus compilation from source
FAIL: plusplus -O compilation from source
FAIL: pr172 compilation from source
FAIL: pr172 -O compilation from source
FAIL: pr174 compilation from source
FAIL: pr174 -O compilation from source
FAIL: pr176 compilation from source
FAIL: pr176 -O compilation from source
FAIL: static_init2 compilation from source
FAIL: static_init2 -O compilation from source
FAIL: static_inner compilation from source
FAIL: static_inner -O compilation from source
FAIL: XercesBug compilation from source
FAIL: XercesBug -O compilation from source
FAIL: final_local_switch compilation from source
FAIL: final_local_switch -O compilation from source
FAIL: PR4766 compilation from source
FAIL: PR4766 -O compilation from source
FAIL: final_initialization_in_ctor compilation from source
FAIL: final_initialization_in_ctor -O compilation from source
FAIL: calls header generation
FAIL: field header generation
FAIL: final_method header generation
FAIL: findclass header generation
FAIL: invoke header generation
FAIL: martin header generation
FAIL: noclass header generation
FAIL: overload header generation
FAIL: register header generation
FAIL: simple_int header generation
FAIL: throwit header generation
FAIL: virtual header generation
FAIL: cxxtest header generation
FAIL: Array_1 compilation from source
FAIL: Array_1 compilation from bytecode
FAIL: Array_1 -O compilation from source
FAIL: Array_1 -O compilation from bytecode
FAIL: Array_2 compilation from source
FAIL: Array_2 compilation from bytecode
FAIL: Array_2 -O compilation from source
FAIL: Array_2 -O compilation from bytecode
FAIL: Class_1 compilation from source
FAIL: Class_1 compilation from bytecode
FAIL: Class_1 -O compilation from source
FAIL: Class_1 -O compilation from bytecode
FAIL: Divide_1 compilation from source
FAIL: Divide_1 compilation from bytecode
FAIL: Divide_1 -O compilation from source
FAIL: Divide_1 -O compilation from bytecode
FAIL: Final compilation from source
FAIL: Final compilation from bytecode
FAIL: Final -O compilation from source
FAIL: Final -O compilation from bytecode
FAIL: Float_1 compilation from source
FAIL: Float_1 compilation from bytecode
FAIL: Float_1 -O compilation from source
FAIL: Float_1 -O compilation from bytecode
FAIL: G19990301_01 compilation from source
FAIL: G19990301_01 compilation from bytecode
FAIL: G19990301_01 -O compilation from source
FAIL: G19990301_01 -O compilation from bytecode
FAIL: G19990302_02 compilation from source
FAIL: G19990302_02 compilation from bytecode
FAIL: G19990302_02 -O compilation from source
FAIL: G19990302_02 -O compilation from bytecode
FAIL: G19990303_01 compilation from source
FAIL: G19990303_01 compilation from bytecode
FAIL: G19990303_01 -O compilation from source
FAIL: G19990303_01 -O compilation from bytecode
FAIL: G19990303_02 compilation from source
FAIL: G19990303_02 compilation from bytecode
FAIL: G19990303_02 -O compilation from source
FAIL: G19990303_02 -O compilation from bytecode
FAIL: G19990304_01 compilation from source
FAIL: G19990304_01 compilation from bytecode
FAIL: G19990304_01 -O compilation from source
FAIL: G19990304_01 -O compilation from bytecode
FAIL: G19990310_01 compilation from source
FAIL: G19990310_01 compilation from bytecode
FAIL: G19990310_01 -O compilation from source
FAIL: G19990310_01 -O compilation from bytecode
FAIL: InterfaceDispatch compilation from source
FAIL: InterfaceDispatch compilation from bytecode
FAIL: InterfaceDispatch -O compilation from source
FAIL: InterfaceDispatch -O compilation from bytecode
FAIL: Invoke_1 compilation from source
FAIL: Invoke_1 compilation from bytecode
FAIL: Invoke_1 -O compilation from source
FAIL: Invoke_1 -O compilation from bytecode
FAIL: Invoke_2 compilation from source
FAIL: Invoke_2 compilation from bytecode
FAIL: Invoke_2 -O compilation from source
FAIL: Invoke_2 -O compilation from bytecode
FAIL: N19990310_02 compilation from source
FAIL: N19990310_02 compilation from bytecode
FAIL: N19990310_02 -O compilation from source
FAIL: N19990310_02 -O compilation from bytecode
FAIL: N19990310_3 compilation from source
FAIL: N19990310_3 compilation from bytecode
FAIL: N19990310_3 -O compilation from source
FAIL: N19990310_3 -O compilation from bytecode
FAIL: N19990310_4 compilation from source
FAIL: N19990310_4 compilation from bytecode
FAIL: N19990310_4 -O compilation from source
FAIL: N19990310_4 -O compilation from bytecode
FAIL: N19990310_5 compilation from source
FAIL: N19990310_5 compilation from bytecode
FAIL: N19990310_5 -O compilation from source
FAIL: N19990310_5 -O compilation from bytecode
FAIL: PR141 compilation from source
FAIL: PR141 compilation from bytecode
FAIL: PR141 -O compilation from source
FAIL: PR141 -O compilation from bytecode
FAIL: PR160 compilation from source
FAIL: PR160 compilation from bytecode
FAIL: PR160 -O compilation from source
FAIL: PR160 -O compilation from bytecode
FAIL: PR162 compilation from source
FAIL: PR162 compilation from bytecode
FAIL: PR162 -O compilation from source
FAIL: PR162 -O compilation from bytecode
FAIL: PR218 compilation from source
FAIL: PR218 compilation from bytecode
FAIL: PR218 -O compilation from source
FAIL: PR218 -O compilation from bytecode
FAIL: PR242 compilation from source
FAIL: PR242 compilation from bytecode
FAIL: PR242 -O compilation from source
FAIL: PR242 -O compilation from bytecode
FAIL: PR260 compilation from source
FAIL: PR260 compilation from bytecode
FAIL: PR260 -O compilation from source
FAIL: PR260 -O compilation from bytecode
FAIL: PR55 compilation from source
FAIL: PR55 compilation from bytecode
FAIL: PR55 -O compilation from source
FAIL: PR55 -O compilation from bytecode
FAIL: PR56 compilation from source
FAIL: PR56 compilation from bytecode
FAIL: PR56 -O compilation from source
FAIL: PR56 -O compilation from bytecode
FAIL: Primes compilation from source
FAIL: Primes compilation from bytecode
FAIL: Primes -O compilation from source
FAIL: Primes -O compilation from bytecode
FAIL: Shazam compilation from source
FAIL: Shazam compilation from bytecode
FAIL: Shazam -O compilation from source
FAIL: Shazam -O compilation from bytecode
FAIL: StringBuffer_1 compilation from source
FAIL: StringBuffer_1 compilation from bytecode
FAIL: StringBuffer_1 -O compilation from source
FAIL: StringBuffer_1 -O compilation from bytecode
FAIL: Synch compilation from source
FAIL: Synch compilation from bytecode
FAIL: Synch -O compilation from source
FAIL: Synch -O compilation from bytecode
FAIL: Thread_Alive compilation from source
FAIL: Thread_Alive compilation from bytecode
FAIL: Thread_Alive -O compilation from source
FAIL: Thread_Alive -O compilation from bytecode
FAIL: Thread_Interrupt compilation from source
FAIL: Thread_Interrupt compilation from bytecode
FAIL: Thread_Interrupt -O compilation from source
FAIL: Thread_Interrupt -O compilation from bytecode
FAIL: Thread_Join compilation from source
FAIL: Thread_Join compilation from bytecode
FAIL: Thread_Join -O compilation from source
FAIL: Thread_Join -O compilation from bytecode
FAIL: Thread_Monitor compilation from source
FAIL: Thread_Monitor compilation from bytecode
FAIL: Thread_Monitor -O compilation from source
FAIL: Thread_Monitor -O compilation from bytecode
FAIL: Thread_Sleep compilation from source
FAIL: Thread_Sleep compilation from bytecode
FAIL: Thread_Sleep -O compilation from source
FAIL: Thread_Sleep -O compilation from bytecode
FAIL: Thread_Wait compilation from source
FAIL: Thread_Wait compilation from bytecode
FAIL: Thread_Wait -O compilation from source
FAIL: Thread_Wait -O compilation from bytecode
FAIL: Thread_Wait_2 compilation from source
FAIL: Thread_Wait_2 compilation from bytecode
FAIL: Thread_Wait_2 -O compilation from source
FAIL: Thread_Wait_2 -O compilation from bytecode
FAIL: Throw_1 compilation from source
FAIL: Throw_1 compilation from bytecode
FAIL: Throw_1 -O compilation from source
FAIL: Throw_1 -O compilation from bytecode
FAIL: Thread_Wait_Interrupt compilation from source
FAIL: Thread_Wait_Interrupt compilation from bytecode
FAIL: Thread_Wait_Interrupt -O compilation from source
FAIL: Thread_Wait_Interrupt -O compilation from bytecode
FAIL: anfi compilation from source
FAIL: anfi compilation from bytecode
FAIL: anfi -O compilation from source
FAIL: anfi -O compilation from bytecode
FAIL: anon compilation from source
FAIL: anon compilation from bytecode
FAIL: anon -O compilation from source
FAIL: anon -O compilation from bytecode
FAIL: anon2 compilation from source
FAIL: anon2 compilation from bytecode
FAIL: anon2 -O compilation from source
FAIL: anon2 -O compilation from bytecode
FAIL: anon3 compilation from source
FAIL: anon3 compilation from bytecode
FAIL: anon3 -O compilation from source
FAIL: anon3 -O compilation from bytecode
FAIL: anon4 compilation from source
FAIL: anon4 compilation from bytecode
FAIL: anon4 -O compilation from source
FAIL: anon4 -O compilation from bytecode
FAIL: anonarray compilation from source
FAIL: anonarray compilation from bytecode
FAIL: anonarray -O compilation from source
FAIL: anonarray -O compilation from bytecode
FAIL: anonarray2 compilation from source
FAIL: anonarray2 compilation from bytecode
FAIL: anonarray2 -O compilation from source
FAIL: anonarray2 -O compilation from bytecode
FAIL: anonarray3 compilation from source
FAIL: anonarray3 compilation from bytecode
FAIL: anonarray3 -O compilation from source
FAIL: anonarray3 -O compilation from bytecode
FAIL: direct_read compilation from source
FAIL: direct_read compilation from bytecode
FAIL: direct_read -O compilation from source
FAIL: direct_read -O compilation from bytecode
FAIL: direct_write compilation from source
FAIL: direct_write compilation from bytecode
FAIL: direct_write -O compilation from source
FAIL: direct_write -O compilation from bytecode
FAIL: err1 compilation from source
FAIL: err1 compilation from bytecode
FAIL: err1 -O compilation from source
FAIL: err1 -O compilation from bytecode
FAIL: err10 compilation from source
FAIL: err10 compilation from bytecode
FAIL: err10 -O compilation from source
FAIL: err10 -O compilation from bytecode
FAIL: err11 compilation from source
FAIL: err11 compilation from bytecode
FAIL: err11 -O compilation from source
FAIL: err11 -O compilation from bytecode
FAIL: final_inner compilation from source
FAIL: final_inner compilation from bytecode
FAIL: final_inner -O compilation from source
FAIL: final_inner -O compilation from bytecode
FAIL: err12 compilation from source
FAIL: err12 compilation from bytecode
FAIL: err12 -O compilation from source
FAIL: err12 -O compilation from bytecode
FAIL: err13 compilation from source
FAIL: err13 compilation from bytecode
FAIL: err13 -O compilation from source
FAIL: err13 -O compilation from bytecode
FAIL: err2 compilation from source
FAIL: err2 compilation from bytecode
FAIL: err2 -O compilation from source
FAIL: err2 -O compilation from bytecode
FAIL: err3 compilation from source
FAIL: err3 compilation from bytecode
FAIL: err3 -O compilation from source
FAIL: err3 -O compilation from bytecode
FAIL: err4 compilation from source
FAIL: err4 compilation from bytecode
FAIL: err4 -O compilation from source
FAIL: err4 -O compilation from bytecode
FAIL: err5 compilation from source
FAIL: err5 compilation from bytecode
FAIL: err5 -O compilation from source
FAIL: err5 -O compilation from bytecode
FAIL: err6 compilation from source
FAIL: err6 compilation from bytecode
FAIL: err6 -O compilation from source
FAIL: err6 -O compilation from bytecode
FAIL: err7 compilation from source
FAIL: err7 -O compilation from source
FAIL: err8 compilation from source
FAIL: err8 -O compilation from source
FAIL: err9 compilation from source
FAIL: err9 compilation from bytecode
FAIL: err9 -O compilation from source
FAIL: err9 -O compilation from bytecode
FAIL: final_int compilation from source
FAIL: final_int compilation from bytecode
FAIL: final_int -O compilation from source
FAIL: final_int -O compilation from bytecode
FAIL: final_static_and_friend compilation from source
FAIL: final_static_and_friend compilation from bytecode
FAIL: final_static_and_friend -O compilation from source
FAIL: final_static_and_friend -O compilation from bytecode
FAIL: indirect compilation from source
FAIL: indirect compilation from bytecode
FAIL: indirect -O compilation from source
FAIL: indirect -O compilation from bytecode
FAIL: indirect_read compilation from source
FAIL: indirect_read compilation from bytecode
FAIL: indirect_read -O compilation from source
FAIL: indirect_read -O compilation from bytecode
FAIL: indirect_write compilation from source
FAIL: indirect_write compilation from bytecode
FAIL: indirect_write -O compilation from source
FAIL: indirect_write -O compilation from bytecode
FAIL: inner1 compilation from source
FAIL: inner1 compilation from bytecode
FAIL: inner1 -O compilation from source
FAIL: inner1 -O compilation from bytecode
FAIL: inner2 compilation from source
FAIL: inner2 compilation from bytecode
FAIL: inner2 -O compilation from source
FAIL: inner2 -O compilation from bytecode
FAIL: inner3 compilation from source
FAIL: inner3 compilation from bytecode
FAIL: inner3 -O compilation from source
FAIL: inner3 -O compilation from bytecode
FAIL: inner4 compilation from source
FAIL: inner4 compilation from bytecode
FAIL: inner4 -O compilation from source
FAIL: inner4 -O compilation from bytecode
FAIL: inner_array compilation from source
FAIL: inner_array compilation from bytecode
FAIL: inner_array -O compilation from source
FAIL: inner_array -O compilation from bytecode
FAIL: inner_interface compilation from source
FAIL: inner_interface compilation from bytecode
FAIL: inner_interface -O compilation from source
FAIL: inner_interface -O compilation from bytecode
FAIL: instance compilation from source
FAIL: instance compilation from bytecode
FAIL: instance -O compilation from source
FAIL: instance -O compilation from bytecode
FAIL: instinit compilation from source
FAIL: instinit compilation from bytecode
FAIL: instinit -O compilation from source
FAIL: instinit -O compilation from bytecode
FAIL: instinit2 compilation from source
FAIL: instinit2 compilation from bytecode
FAIL: instinit2 -O compilation from source
FAIL: instinit2 -O compilation from bytecode
FAIL: klass compilation from source
FAIL: klass compilation from bytecode
FAIL: klass -O compilation from source
FAIL: klass -O compilation from bytecode
FAIL: multiple_finit compilation from source
FAIL: multiple_finit compilation from bytecode
FAIL: multiple_finit -O compilation from source
FAIL: multiple_finit -O compilation from bytecode
FAIL: nested_with_ctor compilation from source
FAIL: nested_with_ctor compilation from bytecode
FAIL: nested_with_ctor -O compilation from source
FAIL: nested_with_ctor -O compilation from bytecode
FAIL: pr109 compilation from source
FAIL: pr109 compilation from bytecode
FAIL: pr109 -O compilation from source
FAIL: pr109 -O compilation from bytecode
FAIL: pr133 compilation from source
FAIL: pr133 compilation from bytecode
FAIL: pr133 -O compilation from source
FAIL: pr133 -O compilation from bytecode
FAIL: pr179 compilation from source
FAIL: pr179 compilation from bytecode
FAIL: pr179 -O compilation from source
FAIL: pr179 -O compilation from bytecode
FAIL: pr184 compilation from source
FAIL: pr184 compilation from bytecode
FAIL: pr184 -O compilation from source
FAIL: pr184 -O compilation from bytecode
FAIL: pr83 compilation from source
FAIL: pr83 compilation from bytecode
FAIL: pr83 -O compilation from source
FAIL: pr83 -O compilation from bytecode
FAIL: private_direct_read compilation from source
FAIL: private_direct_read compilation from bytecode
FAIL: private_direct_read -O compilation from source
FAIL: private_direct_read -O compilation from bytecode
FAIL: search_outer compilation from source
FAIL: search_outer compilation from bytecode
FAIL: search_outer -O compilation from source
FAIL: search_outer -O compilation from bytecode
FAIL: stringconst compilation from source
FAIL: stringconst compilation from bytecode
FAIL: stringconst -O compilation from source
FAIL: stringconst -O compilation from bytecode
FAIL: stringconst2 compilation from source
FAIL: stringconst2 compilation from bytecode
FAIL: stringconst2 -O compilation from source
FAIL: stringconst2 -O compilation from bytecode
FAIL: stub compilation from source
FAIL: stub compilation from bytecode
FAIL: stub -O compilation from source
FAIL: stub -O compilation from bytecode
FAIL: test_long compilation from source
FAIL: test_long compilation from bytecode
FAIL: test_long -O compilation from source
FAIL: test_long -O compilation from bytecode
FAIL: tmi compilation from source
FAIL: tmi compilation from bytecode
FAIL: tmi -O compilation from source
FAIL: tmi -O compilation from bytecode
FAIL: tp compilation from source
FAIL: tp compilation from bytecode
FAIL: tp -O compilation from source
FAIL: tp -O compilation from bytecode
FAIL: update_outer compilation from source
FAIL: update_outer compilation from bytecode
FAIL: update_outer -O compilation from source
FAIL: update_outer -O compilation from bytecode
FAIL: II compilation from source
FAIL: II compilation from bytecode
FAIL: II -O compilation from source
FAIL: II -O compilation from bytecode
FAIL: PR3096 compilation from source
FAIL: PR3096 compilation from bytecode
FAIL: PR3096 -O compilation from source
FAIL: PR3096 -O compilation from bytecode
FAIL: invokethrow compilation from source
FAIL: invokethrow compilation from bytecode
FAIL: invokethrow -O compilation from source
FAIL: invokethrow -O compilation from bytecode
FAIL: TLtest compilation from source
FAIL: TLtest compilation from bytecode
FAIL: TLtest -O compilation from source
FAIL: TLtest -O compilation from bytecode
FAIL: PR3731 compilation from source
FAIL: PR3731 compilation from bytecode
FAIL: PR3731 -O compilation from source
FAIL: PR3731 -O compilation from bytecode
FAIL: anon_ctor_itf_arg compilation from source
FAIL: anon_ctor_itf_arg compilation from bytecode
FAIL: anon_ctor_itf_arg -O compilation from source
FAIL: anon_ctor_itf_arg -O compilation from bytecode
FAIL: invoke_from_inner compilation from source
FAIL: invoke_from_inner compilation from bytecode
FAIL: invoke_from_inner -O compilation from source
FAIL: invoke_from_inner -O compilation from bytecode
FAIL: SyncTest compilation from source
FAIL: SyncTest compilation from bytecode
FAIL: SyncTest -O compilation from source
FAIL: SyncTest -O compilation from bytecode
FAIL: KeepInline compilation from source
FAIL: KeepInline compilation from bytecode
FAIL: KeepInline -O compilation from source
FAIL: KeepInline -O compilation from bytecode
FAIL: Matrix4f compilation from source
FAIL: Matrix4f compilation from bytecode
FAIL: Matrix4f -O compilation from source
FAIL: Matrix4f -O compilation from bytecode
FAIL: PR5057 compilation from source
FAIL: PR5057 compilation from bytecode
FAIL: PR5057 -O compilation from source
FAIL: PR5057 -O compilation from bytecode
FAIL: PR5057_2 compilation from source
FAIL: PR5057_2 compilation from bytecode
FAIL: PR5057_2 -O compilation from source
FAIL: PR5057_2 -O compilation from bytecode
FAIL: Array_3 compilation from source
FAIL: Array_3 compilation from bytecode
FAIL: Array_3 -O compilation from source
FAIL: Array_3 -O compilation from bytecode
FAIL: FileHandleGcTest compilation from source
FAIL: FileHandleGcTest compilation from bytecode
FAIL: FileHandleGcTest -O compilation from source
FAIL: FileHandleGcTest -O compilation from bytecode

		=== libjava Summary for unix/-fPIC ===

# of expected passes		545
# of unexpected failures	529
# of expected failures		10
# of untested testcases		880

Running target unix/-fpic
FAIL: ArrayClass compilation from source
FAIL: ArrayClass -O compilation from source
FAIL: Case compilation from source
FAIL: Case -O compilation from source
FAIL: G19990210_1 compilation from source
FAIL: G19990210_1 -O compilation from source
FAIL: G19990210_2 compilation from source
FAIL: G19990210_2 -O compilation from source
FAIL: G19990210_3 compilation from source
FAIL: G19990210_3 -O compilation from source
FAIL: G19990217_01 compilation from source
FAIL: G19990217_01 -O compilation from source
FAIL: G19990225_01 compilation from source
FAIL: G19990225_01 -O compilation from source
FAIL: N19990310_01 compilation from source
FAIL: N19990310_01 -O compilation from source
FAIL: N19990317 compilation from source
FAIL: N19990317 -O compilation from source
FAIL: OperatorBenchmark compilation from source
FAIL: OperatorBenchmark -O compilation from source
FAIL: PR295 compilation from source
FAIL: PR295 -O compilation from source
FAIL: PR206 compilation from source
FAIL: PR206 -O compilation from source
FAIL: PR209 compilation from source
FAIL: PR209 -O compilation from source
FAIL: PR232 compilation from source
FAIL: PR232 -O compilation from source
FAIL: PR232B compilation from source
FAIL: PR232B -O compilation from source
FAIL: PR234 compilation from source
FAIL: PR234 -O compilation from source
FAIL: PR235 compilation from source
FAIL: PR235 -O compilation from source
FAIL: Statics compilation from source
FAIL: Statics -O compilation from source
FAIL: PR374 compilation from source
FAIL: PR374 -O compilation from source
FAIL: PR375 compilation from source
FAIL: PR375 -O compilation from source
FAIL: Semi compilation from source
FAIL: Semi -O compilation from source
FAIL: SuperConstr compilation from source
FAIL: SuperConstr -O compilation from source
FAIL: Twice compilation from source
FAIL: Twice -O compilation from source
FAIL: assignment compilation from source
FAIL: assignment -O compilation from source
FAIL: assignment_2 compilation from source
FAIL: assignment_2 -O compilation from source
FAIL: comment compilation from source
FAIL: comment -O compilation from source
FAIL: iface compilation from source
FAIL: iface -O compilation from source
FAIL: inner_data compilation from source
FAIL: inner_data -O compilation from source
FAIL: perc compilation from source
FAIL: perc -O compilation from source
FAIL: inner_inherit compilation from source
FAIL: inner_inherit -O compilation from source
FAIL: inner_priv compilation from source
FAIL: inner_priv -O compilation from source
FAIL: inner_pub compilation from source
FAIL: inner_pub -O compilation from source
FAIL: plusplus compilation from source
FAIL: plusplus -O compilation from source
FAIL: pr172 compilation from source
FAIL: pr172 -O compilation from source
FAIL: pr174 compilation from source
FAIL: pr174 -O compilation from source
FAIL: pr176 compilation from source
FAIL: pr176 -O compilation from source
FAIL: static_init2 compilation from source
FAIL: static_init2 -O compilation from source
FAIL: static_inner compilation from source
FAIL: static_inner -O compilation from source
FAIL: XercesBug compilation from source
FAIL: XercesBug -O compilation from source
FAIL: final_local_switch compilation from source
FAIL: final_local_switch -O compilation from source
FAIL: PR4766 compilation from source
FAIL: PR4766 -O compilation from source
FAIL: final_initialization_in_ctor compilation from source
FAIL: final_initialization_in_ctor -O compilation from source
FAIL: calls header generation
FAIL: field header generation
FAIL: final_method header generation
FAIL: findclass header generation
FAIL: invoke header generation
FAIL: martin header generation
FAIL: noclass header generation
FAIL: overload header generation
FAIL: register header generation
FAIL: simple_int header generation
FAIL: throwit header generation
FAIL: virtual header generation
FAIL: cxxtest header generation
FAIL: Array_1 compilation from source
FAIL: Array_1 compilation from bytecode
FAIL: Array_1 -O compilation from source
FAIL: Array_1 -O compilation from bytecode
FAIL: Array_2 compilation from source
FAIL: Array_2 compilation from bytecode
FAIL: Array_2 -O compilation from source
FAIL: Array_2 -O compilation from bytecode
FAIL: Class_1 compilation from source
FAIL: Class_1 compilation from bytecode
FAIL: Class_1 -O compilation from source
FAIL: Class_1 -O compilation from bytecode
FAIL: Divide_1 compilation from source
FAIL: Divide_1 compilation from bytecode
FAIL: Divide_1 -O compilation from source
FAIL: Divide_1 -O compilation from bytecode
FAIL: Final compilation from source
FAIL: Final compilation from bytecode
FAIL: Final -O compilation from source
FAIL: Final -O compilation from bytecode
FAIL: Float_1 compilation from source
FAIL: Float_1 compilation from bytecode
FAIL: Float_1 -O compilation from source
FAIL: Float_1 -O compilation from bytecode
FAIL: G19990301_01 compilation from source
FAIL: G19990301_01 compilation from bytecode
FAIL: G19990301_01 -O compilation from source
FAIL: G19990301_01 -O compilation from bytecode
FAIL: G19990302_02 compilation from source
FAIL: G19990302_02 compilation from bytecode
FAIL: G19990302_02 -O compilation from source
FAIL: G19990302_02 -O compilation from bytecode
FAIL: G19990303_01 compilation from source
FAIL: G19990303_01 compilation from bytecode
FAIL: G19990303_01 -O compilation from source
FAIL: G19990303_01 -O compilation from bytecode
FAIL: G19990303_02 compilation from source
FAIL: G19990303_02 compilation from bytecode
FAIL: G19990303_02 -O compilation from source
FAIL: G19990303_02 -O compilation from bytecode
FAIL: G19990304_01 compilation from source
FAIL: G19990304_01 compilation from bytecode
FAIL: G19990304_01 -O compilation from source
FAIL: G19990304_01 -O compilation from bytecode
FAIL: G19990310_01 compilation from source
FAIL: G19990310_01 compilation from bytecode
FAIL: G19990310_01 -O compilation from source
FAIL: G19990310_01 -O compilation from bytecode
FAIL: InterfaceDispatch compilation from source
FAIL: InterfaceDispatch compilation from bytecode
FAIL: InterfaceDispatch -O compilation from source
FAIL: InterfaceDispatch -O compilation from bytecode
FAIL: Invoke_1 compilation from source
FAIL: Invoke_1 compilation from bytecode
FAIL: Invoke_1 -O compilation from source
FAIL: Invoke_1 -O compilation from bytecode
FAIL: Invoke_2 compilation from source
FAIL: Invoke_2 compilation from bytecode
FAIL: Invoke_2 -O compilation from source
FAIL: Invoke_2 -O compilation from bytecode
FAIL: N19990310_02 compilation from source
FAIL: N19990310_02 compilation from bytecode
FAIL: N19990310_02 -O compilation from source
FAIL: N19990310_02 -O compilation from bytecode
FAIL: N19990310_3 compilation from source
FAIL: N19990310_3 compilation from bytecode
FAIL: N19990310_3 -O compilation from source
FAIL: N19990310_3 -O compilation from bytecode
FAIL: N19990310_4 compilation from source
FAIL: N19990310_4 compilation from bytecode
FAIL: N19990310_4 -O compilation from source
FAIL: N19990310_4 -O compilation from bytecode
FAIL: N19990310_5 compilation from source
FAIL: N19990310_5 compilation from bytecode
FAIL: N19990310_5 -O compilation from source
FAIL: N19990310_5 -O compilation from bytecode
FAIL: PR141 compilation from source
FAIL: PR141 compilation from bytecode
FAIL: PR141 -O compilation from source
FAIL: PR141 -O compilation from bytecode
FAIL: PR160 compilation from source
FAIL: PR160 compilation from bytecode
FAIL: PR160 -O compilation from source
FAIL: PR160 -O compilation from bytecode
FAIL: PR162 compilation from source
FAIL: PR162 compilation from bytecode
FAIL: PR162 -O compilation from source
FAIL: PR162 -O compilation from bytecode
FAIL: PR218 compilation from source
FAIL: PR218 compilation from bytecode
FAIL: PR218 -O compilation from source
FAIL: PR218 -O compilation from bytecode
FAIL: PR242 compilation from source
FAIL: PR242 compilation from bytecode
FAIL: PR242 -O compilation from source
FAIL: PR242 -O compilation from bytecode
FAIL: PR260 compilation from source
FAIL: PR260 compilation from bytecode
FAIL: PR260 -O compilation from source
FAIL: PR260 -O compilation from bytecode
FAIL: PR55 compilation from source
FAIL: PR55 compilation from bytecode
FAIL: PR55 -O compilation from source
FAIL: PR55 -O compilation from bytecode
FAIL: PR56 compilation from source
FAIL: PR56 compilation from bytecode
FAIL: PR56 -O compilation from source
FAIL: PR56 -O compilation from bytecode
FAIL: Primes compilation from source
FAIL: Primes compilation from bytecode
FAIL: Primes -O compilation from source
FAIL: Primes -O compilation from bytecode
FAIL: Shazam compilation from source
FAIL: Shazam compilation from bytecode
FAIL: Shazam -O compilation from source
FAIL: Shazam -O compilation from bytecode
FAIL: StringBuffer_1 compilation from source
FAIL: StringBuffer_1 compilation from bytecode
FAIL: StringBuffer_1 -O compilation from source
FAIL: StringBuffer_1 -O compilation from bytecode
FAIL: Synch compilation from source
FAIL: Synch compilation from bytecode
FAIL: Synch -O compilation from source
FAIL: Synch -O compilation from bytecode
FAIL: Thread_Alive compilation from source
FAIL: Thread_Alive compilation from bytecode
FAIL: Thread_Alive -O compilation from source
FAIL: Thread_Alive -O compilation from bytecode
FAIL: Thread_Interrupt compilation from source
FAIL: Thread_Interrupt compilation from bytecode
FAIL: Thread_Interrupt -O compilation from source
FAIL: Thread_Interrupt -O compilation from bytecode
FAIL: Thread_Join compilation from source
FAIL: Thread_Join compilation from bytecode
FAIL: Thread_Join -O compilation from source
FAIL: Thread_Join -O compilation from bytecode
FAIL: Thread_Monitor compilation from source
FAIL: Thread_Monitor compilation from bytecode
FAIL: Thread_Monitor -O compilation from source
FAIL: Thread_Monitor -O compilation from bytecode
FAIL: Thread_Sleep compilation from source
FAIL: Thread_Sleep compilation from bytecode
FAIL: Thread_Sleep -O compilation from source
FAIL: Thread_Sleep -O compilation from bytecode
FAIL: Thread_Wait compilation from source
FAIL: Thread_Wait compilation from bytecode
FAIL: Thread_Wait -O compilation from source
FAIL: Thread_Wait -O compilation from bytecode
FAIL: Thread_Wait_2 compilation from source
FAIL: Thread_Wait_2 compilation from bytecode
FAIL: Thread_Wait_2 -O compilation from source
FAIL: Thread_Wait_2 -O compilation from bytecode
FAIL: Throw_1 compilation from source
FAIL: Throw_1 compilation from bytecode
FAIL: Throw_1 -O compilation from source
FAIL: Throw_1 -O compilation from bytecode
FAIL: Thread_Wait_Interrupt compilation from source
FAIL: Thread_Wait_Interrupt compilation from bytecode
FAIL: Thread_Wait_Interrupt -O compilation from source
FAIL: Thread_Wait_Interrupt -O compilation from bytecode
FAIL: anfi compilation from source
FAIL: anfi compilation from bytecode
FAIL: anfi -O compilation from source
FAIL: anfi -O compilation from bytecode
FAIL: anon compilation from source
FAIL: anon compilation from bytecode
FAIL: anon -O compilation from source
FAIL: anon -O compilation from bytecode
FAIL: anon2 compilation from source
FAIL: anon2 compilation from bytecode
FAIL: anon2 -O compilation from source
FAIL: anon2 -O compilation from bytecode
FAIL: anon3 compilation from source
FAIL: anon3 compilation from bytecode
FAIL: anon3 -O compilation from source
FAIL: anon3 -O compilation from bytecode
FAIL: anon4 compilation from source
FAIL: anon4 compilation from bytecode
FAIL: anon4 -O compilation from source
FAIL: anon4 -O compilation from bytecode
FAIL: anonarray compilation from source
FAIL: anonarray compilation from bytecode
FAIL: anonarray -O compilation from source
FAIL: anonarray -O compilation from bytecode
FAIL: anonarray2 compilation from source
FAIL: anonarray2 compilation from bytecode
FAIL: anonarray2 -O compilation from source
FAIL: anonarray2 -O compilation from bytecode
FAIL: anonarray3 compilation from source
FAIL: anonarray3 compilation from bytecode
FAIL: anonarray3 -O compilation from source
FAIL: anonarray3 -O compilation from bytecode
FAIL: direct_read compilation from source
FAIL: direct_read compilation from bytecode
FAIL: direct_read -O compilation from source
FAIL: direct_read -O compilation from bytecode
FAIL: direct_write compilation from source
FAIL: direct_write compilation from bytecode
FAIL: direct_write -O compilation from source
FAIL: direct_write -O compilation from bytecode
FAIL: err1 compilation from source
FAIL: err1 compilation from bytecode
FAIL: err1 -O compilation from source
FAIL: err1 -O compilation from bytecode
FAIL: err10 compilation from source
FAIL: err10 compilation from bytecode
FAIL: err10 -O compilation from source
FAIL: err10 -O compilation from bytecode
FAIL: err11 compilation from source
FAIL: err11 compilation from bytecode
FAIL: err11 -O compilation from source
FAIL: err11 -O compilation from bytecode
FAIL: final_inner compilation from source
FAIL: final_inner compilation from bytecode
FAIL: final_inner -O compilation from source
FAIL: final_inner -O compilation from bytecode
FAIL: err12 compilation from source
FAIL: err12 compilation from bytecode
FAIL: err12 -O compilation from source
FAIL: err12 -O compilation from bytecode
FAIL: err13 compilation from source
FAIL: err13 compilation from bytecode
FAIL: err13 -O compilation from source
FAIL: err13 -O compilation from bytecode
FAIL: err2 compilation from source
FAIL: err2 compilation from bytecode
FAIL: err2 -O compilation from source
FAIL: err2 -O compilation from bytecode
FAIL: err3 compilation from source
FAIL: err3 compilation from bytecode
FAIL: err3 -O compilation from source
FAIL: err3 -O compilation from bytecode
FAIL: err4 compilation from source
FAIL: err4 compilation from bytecode
FAIL: err4 -O compilation from source
FAIL: err4 -O compilation from bytecode
FAIL: err5 compilation from source
FAIL: err5 compilation from bytecode
FAIL: err5 -O compilation from source
FAIL: err5 -O compilation from bytecode
FAIL: err6 compilation from source
FAIL: err6 compilation from bytecode
FAIL: err6 -O compilation from source
FAIL: err6 -O compilation from bytecode
FAIL: err7 compilation from source
FAIL: err7 -O compilation from source
FAIL: err8 compilation from source
FAIL: err8 -O compilation from source
FAIL: err9 compilation from source
FAIL: err9 compilation from bytecode
FAIL: err9 -O compilation from source
FAIL: err9 -O compilation from bytecode
FAIL: final_int compilation from source
FAIL: final_int compilation from bytecode
FAIL: final_int -O compilation from source
FAIL: final_int -O compilation from bytecode
FAIL: final_static_and_friend compilation from source
FAIL: final_static_and_friend compilation from bytecode
FAIL: final_static_and_friend -O compilation from source
FAIL: final_static_and_friend -O compilation from bytecode
FAIL: indirect compilation from source
FAIL: indirect compilation from bytecode
FAIL: indirect -O compilation from source
FAIL: indirect -O compilation from bytecode
FAIL: indirect_read compilation from source
FAIL: indirect_read compilation from bytecode
FAIL: indirect_read -O compilation from source
FAIL: indirect_read -O compilation from bytecode
FAIL: indirect_write compilation from source
FAIL: indirect_write compilation from bytecode
FAIL: indirect_write -O compilation from source
FAIL: indirect_write -O compilation from bytecode
FAIL: inner1 compilation from source
FAIL: inner1 compilation from bytecode
FAIL: inner1 -O compilation from source
FAIL: inner1 -O compilation from bytecode
FAIL: inner2 compilation from source
FAIL: inner2 compilation from bytecode
FAIL: inner2 -O compilation from source
FAIL: inner2 -O compilation from bytecode
FAIL: inner3 compilation from source
FAIL: inner3 compilation from bytecode
FAIL: inner3 -O compilation from source
FAIL: inner3 -O compilation from bytecode
FAIL: inner4 compilation from source
FAIL: inner4 compilation from bytecode
FAIL: inner4 -O compilation from source
FAIL: inner4 -O compilation from bytecode
FAIL: inner_array compilation from source
FAIL: inner_array compilation from bytecode
FAIL: inner_array -O compilation from source
FAIL: inner_array -O compilation from bytecode
FAIL: inner_interface compilation from source
FAIL: inner_interface compilation from bytecode
FAIL: inner_interface -O compilation from source
FAIL: inner_interface -O compilation from bytecode
FAIL: instance compilation from source
FAIL: instance compilation from bytecode
FAIL: instance -O compilation from source
FAIL: instance -O compilation from bytecode
FAIL: instinit compilation from source
FAIL: instinit compilation from bytecode
FAIL: instinit -O compilation from source
FAIL: instinit -O compilation from bytecode
FAIL: instinit2 compilation from source
FAIL: instinit2 compilation from bytecode
FAIL: instinit2 -O compilation from source
FAIL: instinit2 -O compilation from bytecode
FAIL: klass compilation from source
FAIL: klass compilation from bytecode
FAIL: klass -O compilation from source
FAIL: klass -O compilation from bytecode
FAIL: multiple_finit compilation from source
FAIL: multiple_finit compilation from bytecode
FAIL: multiple_finit -O compilation from source
FAIL: multiple_finit -O compilation from bytecode
FAIL: nested_with_ctor compilation from source
FAIL: nested_with_ctor compilation from bytecode
FAIL: nested_with_ctor -O compilation from source
FAIL: nested_with_ctor -O compilation from bytecode
FAIL: pr109 compilation from source
FAIL: pr109 compilation from bytecode
FAIL: pr109 -O compilation from source
FAIL: pr109 -O compilation from bytecode
FAIL: pr133 compilation from source
FAIL: pr133 compilation from bytecode
FAIL: pr133 -O compilation from source
FAIL: pr133 -O compilation from bytecode
FAIL: pr179 compilation from source
FAIL: pr179 compilation from bytecode
FAIL: pr179 -O compilation from source
FAIL: pr179 -O compilation from bytecode
FAIL: pr184 compilation from source
FAIL: pr184 compilation from bytecode
FAIL: pr184 -O compilation from source
FAIL: pr184 -O compilation from bytecode
FAIL: pr83 compilation from source
FAIL: pr83 compilation from bytecode
FAIL: pr83 -O compilation from source
FAIL: pr83 -O compilation from bytecode
FAIL: private_direct_read compilation from source
FAIL: private_direct_read compilation from bytecode
FAIL: private_direct_read -O compilation from source
FAIL: private_direct_read -O compilation from bytecode
FAIL: search_outer compilation from source
FAIL: search_outer compilation from bytecode
FAIL: search_outer -O compilation from source
FAIL: search_outer -O compilation from bytecode
FAIL: stringconst compilation from source
FAIL: stringconst compilation from bytecode
FAIL: stringconst -O compilation from source
FAIL: stringconst -O compilation from bytecode
FAIL: stringconst2 compilation from source
FAIL: stringconst2 compilation from bytecode
FAIL: stringconst2 -O compilation from source
FAIL: stringconst2 -O compilation from bytecode
FAIL: stub compilation from source
FAIL: stub compilation from bytecode
FAIL: stub -O compilation from source
FAIL: stub -O compilation from bytecode
FAIL: test_long compilation from source
FAIL: test_long compilation from bytecode
FAIL: test_long -O compilation from source
FAIL: test_long -O compilation from bytecode
FAIL: tmi compilation from source
FAIL: tmi compilation from bytecode
FAIL: tmi -O compilation from source
FAIL: tmi -O compilation from bytecode
FAIL: tp compilation from source
FAIL: tp compilation from bytecode
FAIL: tp -O compilation from source
FAIL: tp -O compilation from bytecode
FAIL: update_outer compilation from source
FAIL: update_outer compilation from bytecode
FAIL: update_outer -O compilation from source
FAIL: update_outer -O compilation from bytecode
FAIL: II compilation from source
FAIL: II compilation from bytecode
FAIL: II -O compilation from source
FAIL: II -O compilation from bytecode
FAIL: PR3096 compilation from source
FAIL: PR3096 compilation from bytecode
FAIL: PR3096 -O compilation from source
FAIL: PR3096 -O compilation from bytecode
FAIL: invokethrow compilation from source
FAIL: invokethrow compilation from bytecode
FAIL: invokethrow -O compilation from source
FAIL: invokethrow -O compilation from bytecode
FAIL: TLtest compilation from source
FAIL: TLtest compilation from bytecode
FAIL: TLtest -O compilation from source
FAIL: TLtest -O compilation from bytecode
FAIL: PR3731 compilation from source
FAIL: PR3731 compilation from bytecode
FAIL: PR3731 -O compilation from source
FAIL: PR3731 -O compilation from bytecode
FAIL: anon_ctor_itf_arg compilation from source
FAIL: anon_ctor_itf_arg compilation from bytecode
FAIL: anon_ctor_itf_arg -O compilation from source
FAIL: anon_ctor_itf_arg -O compilation from bytecode
FAIL: invoke_from_inner compilation from source
FAIL: invoke_from_inner compilation from bytecode
FAIL: invoke_from_inner -O compilation from source
FAIL: invoke_from_inner -O compilation from bytecode
FAIL: SyncTest compilation from source
FAIL: SyncTest compilation from bytecode
FAIL: SyncTest -O compilation from source
FAIL: SyncTest -O compilation from bytecode
FAIL: KeepInline compilation from source
FAIL: KeepInline compilation from bytecode
FAIL: KeepInline -O compilation from source
FAIL: KeepInline -O compilation from bytecode
FAIL: Matrix4f compilation from source
FAIL: Matrix4f compilation from bytecode
FAIL: Matrix4f -O compilation from source
FAIL: Matrix4f -O compilation from bytecode
FAIL: PR5057 compilation from source
FAIL: PR5057 compilation from bytecode
FAIL: PR5057 -O compilation from source
FAIL: PR5057 -O compilation from bytecode
FAIL: PR5057_2 compilation from source
FAIL: PR5057_2 compilation from bytecode
FAIL: PR5057_2 -O compilation from source
FAIL: PR5057_2 -O compilation from bytecode
FAIL: Array_3 compilation from source
FAIL: Array_3 compilation from bytecode
FAIL: Array_3 -O compilation from source
FAIL: Array_3 -O compilation from bytecode
FAIL: FileHandleGcTest compilation from source
FAIL: FileHandleGcTest compilation from bytecode
FAIL: FileHandleGcTest -O compilation from source
FAIL: FileHandleGcTest -O compilation from bytecode

		=== libjava Summary for unix/-fpic ===

# of expected passes		545
# of unexpected failures	529
# of expected failures		10
# of untested testcases		880

Running target unix
FAIL: ArrayClass compilation from source
FAIL: ArrayClass -O compilation from source
FAIL: Case compilation from source
FAIL: Case -O compilation from source
FAIL: G19990210_1 compilation from source
FAIL: G19990210_1 -O compilation from source
FAIL: G19990210_2 compilation from source
FAIL: G19990210_2 -O compilation from source
FAIL: G19990210_3 compilation from source
FAIL: G19990210_3 -O compilation from source
FAIL: G19990217_01 compilation from source
FAIL: G19990217_01 -O compilation from source
FAIL: G19990225_01 compilation from source
FAIL: G19990225_01 -O compilation from source
FAIL: N19990310_01 compilation from source
FAIL: N19990310_01 -O compilation from source
FAIL: N19990317 compilation from source
FAIL: N19990317 -O compilation from source
FAIL: OperatorBenchmark compilation from source
FAIL: OperatorBenchmark -O compilation from source
FAIL: PR295 compilation from source
FAIL: PR295 -O compilation from source
FAIL: PR206 compilation from source
FAIL: PR206 -O compilation from source
FAIL: PR209 compilation from source
FAIL: PR209 -O compilation from source
FAIL: PR232 compilation from source
FAIL: PR232 -O compilation from source
FAIL: PR232B compilation from source
FAIL: PR232B -O compilation from source
FAIL: PR234 compilation from source
FAIL: PR234 -O compilation from source
FAIL: PR235 compilation from source
FAIL: PR235 -O compilation from source
FAIL: Statics compilation from source
FAIL: Statics -O compilation from source
FAIL: PR374 compilation from source
FAIL: PR374 -O compilation from source
FAIL: PR375 compilation from source
FAIL: PR375 -O compilation from source
FAIL: Semi compilation from source
FAIL: Semi -O compilation from source
FAIL: SuperConstr compilation from source
FAIL: SuperConstr -O compilation from source
FAIL: Twice compilation from source
FAIL: Twice -O compilation from source
FAIL: assignment compilation from source
FAIL: assignment -O compilation from source
FAIL: assignment_2 compilation from source
FAIL: assignment_2 -O compilation from source
FAIL: comment compilation from source
FAIL: comment -O compilation from source
FAIL: iface compilation from source
FAIL: iface -O compilation from source
FAIL: inner_data compilation from source
FAIL: inner_data -O compilation from source
FAIL: perc compilation from source
FAIL: perc -O compilation from source
FAIL: inner_inherit compilation from source
FAIL: inner_inherit -O compilation from source
FAIL: inner_priv compilation from source
FAIL: inner_priv -O compilation from source
FAIL: inner_pub compilation from source
FAIL: inner_pub -O compilation from source
FAIL: plusplus compilation from source
FAIL: plusplus -O compilation from source
FAIL: pr172 compilation from source
FAIL: pr172 -O compilation from source
FAIL: pr174 compilation from source
FAIL: pr174 -O compilation from source
FAIL: pr176 compilation from source
FAIL: pr176 -O compilation from source
FAIL: static_init2 compilation from source
FAIL: static_init2 -O compilation from source
FAIL: static_inner compilation from source
FAIL: static_inner -O compilation from source
FAIL: XercesBug compilation from source
FAIL: XercesBug -O compilation from source
FAIL: final_local_switch compilation from source
FAIL: final_local_switch -O compilation from source
FAIL: PR4766 compilation from source
FAIL: PR4766 -O compilation from source
FAIL: final_initialization_in_ctor compilation from source
FAIL: final_initialization_in_ctor -O compilation from source
FAIL: linking calls
FAIL: linking field
FAIL: linking final_method
FAIL: linking findclass
FAIL: linking invoke
FAIL: linking martin
FAIL: linking noclass
FAIL: linking overload
FAIL: linking register
FAIL: linking simple_int
FAIL: linking throwit
FAIL: linking virtual
FAIL: linking cxxtest
FAIL: Array_1 compilation from source
FAIL: Array_1 compilation from bytecode
FAIL: Array_1 -O compilation from source
FAIL: Array_1 -O compilation from bytecode
FAIL: Array_2 compilation from source
FAIL: Array_2 compilation from bytecode
FAIL: Array_2 -O compilation from source
FAIL: Array_2 -O compilation from bytecode
FAIL: Class_1 compilation from source
FAIL: Class_1 compilation from bytecode
FAIL: Class_1 -O compilation from source
FAIL: Class_1 -O compilation from bytecode
FAIL: Divide_1 compilation from source
FAIL: Divide_1 compilation from bytecode
FAIL: Divide_1 -O compilation from source
FAIL: Divide_1 -O compilation from bytecode
FAIL: Final compilation from source
FAIL: Final compilation from bytecode
FAIL: Final -O compilation from source
FAIL: Final -O compilation from bytecode
FAIL: Float_1 compilation from source
FAIL: Float_1 compilation from bytecode
FAIL: Float_1 -O compilation from source
FAIL: Float_1 -O compilation from bytecode
FAIL: G19990301_01 compilation from source
FAIL: G19990301_01 compilation from bytecode
FAIL: G19990301_01 -O compilation from source
FAIL: G19990301_01 -O compilation from bytecode
FAIL: G19990302_02 compilation from source
FAIL: G19990302_02 compilation from bytecode
FAIL: G19990302_02 -O compilation from source
FAIL: G19990302_02 -O compilation from bytecode
FAIL: G19990303_01 compilation from source
FAIL: G19990303_01 compilation from bytecode
FAIL: G19990303_01 -O compilation from source
FAIL: G19990303_01 -O compilation from bytecode
FAIL: G19990303_02 compilation from source
FAIL: G19990303_02 compilation from bytecode
FAIL: G19990303_02 -O compilation from source
FAIL: G19990303_02 -O compilation from bytecode
FAIL: G19990304_01 compilation from source
FAIL: G19990304_01 compilation from bytecode
FAIL: G19990304_01 -O compilation from source
FAIL: G19990304_01 -O compilation from bytecode
FAIL: G19990310_01 compilation from source
FAIL: G19990310_01 compilation from bytecode
FAIL: G19990310_01 -O compilation from source
FAIL: G19990310_01 -O compilation from bytecode
FAIL: InterfaceDispatch compilation from source
FAIL: InterfaceDispatch compilation from bytecode
FAIL: InterfaceDispatch -O compilation from source
FAIL: InterfaceDispatch -O compilation from bytecode
FAIL: Invoke_1 compilation from source
FAIL: Invoke_1 compilation from bytecode
FAIL: Invoke_1 -O compilation from source
FAIL: Invoke_1 -O compilation from bytecode
FAIL: Invoke_2 compilation from source
FAIL: Invoke_2 compilation from bytecode
FAIL: Invoke_2 -O compilation from source
FAIL: Invoke_2 -O compilation from bytecode
FAIL: N19990310_02 compilation from source
FAIL: N19990310_02 compilation from bytecode
FAIL: N19990310_02 -O compilation from source
FAIL: N19990310_02 -O compilation from bytecode
FAIL: N19990310_3 compilation from source
FAIL: N19990310_3 compilation from bytecode
FAIL: N19990310_3 -O compilation from source
FAIL: N19990310_3 -O compilation from bytecode
FAIL: N19990310_4 compilation from source
FAIL: N19990310_4 compilation from bytecode
FAIL: N19990310_4 -O compilation from source
FAIL: N19990310_4 -O compilation from bytecode
FAIL: N19990310_5 compilation from source
FAIL: N19990310_5 compilation from bytecode
FAIL: N19990310_5 -O compilation from source
FAIL: N19990310_5 -O compilation from bytecode
FAIL: PR141 compilation from source
FAIL: PR141 compilation from bytecode
FAIL: PR141 -O compilation from source
FAIL: PR141 -O compilation from bytecode
FAIL: PR160 compilation from source
FAIL: PR160 compilation from bytecode
FAIL: PR160 -O compilation from source
FAIL: PR160 -O compilation from bytecode
FAIL: PR162 compilation from source
FAIL: PR162 compilation from bytecode
FAIL: PR162 -O compilation from source
FAIL: PR162 -O compilation from bytecode
FAIL: PR218 compilation from source
FAIL: PR218 compilation from bytecode
FAIL: PR218 -O compilation from source
FAIL: PR218 -O compilation from bytecode
FAIL: PR242 compilation from source
FAIL: PR242 compilation from bytecode
FAIL: PR242 -O compilation from source
FAIL: PR242 -O compilation from bytecode
FAIL: PR260 compilation from source
FAIL: PR260 compilation from bytecode
FAIL: PR260 -O compilation from source
FAIL: PR260 -O compilation from bytecode
FAIL: PR55 compilation from source
FAIL: PR55 compilation from bytecode
FAIL: PR55 -O compilation from source
FAIL: PR55 -O compilation from bytecode
FAIL: PR56 compilation from source
FAIL: PR56 compilation from bytecode
FAIL: PR56 -O compilation from source
FAIL: PR56 -O compilation from bytecode
FAIL: Primes compilation from source
FAIL: Primes compilation from bytecode
FAIL: Primes -O compilation from source
FAIL: Primes -O compilation from bytecode
FAIL: Shazam compilation from source
FAIL: Shazam compilation from bytecode
FAIL: Shazam -O compilation from source
FAIL: Shazam -O compilation from bytecode
FAIL: StringBuffer_1 compilation from source
FAIL: StringBuffer_1 compilation from bytecode
FAIL: StringBuffer_1 -O compilation from source
FAIL: StringBuffer_1 -O compilation from bytecode
FAIL: Synch compilation from source
FAIL: Synch compilation from bytecode
FAIL: Synch -O compilation from source
FAIL: Synch -O compilation from bytecode
FAIL: Thread_Alive compilation from source
FAIL: Thread_Alive compilation from bytecode
FAIL: Thread_Alive -O compilation from source
FAIL: Thread_Alive -O compilation from bytecode
FAIL: Thread_Interrupt compilation from source
FAIL: Thread_Interrupt compilation from bytecode
FAIL: Thread_Interrupt -O compilation from source
FAIL: Thread_Interrupt -O compilation from bytecode
FAIL: Thread_Join compilation from source
FAIL: Thread_Join compilation from bytecode
FAIL: Thread_Join -O compilation from source
FAIL: Thread_Join -O compilation from bytecode
FAIL: Thread_Monitor compilation from source
FAIL: Thread_Monitor compilation from bytecode
FAIL: Thread_Monitor -O compilation from source
FAIL: Thread_Monitor -O compilation from bytecode
FAIL: Thread_Sleep compilation from source
FAIL: Thread_Sleep compilation from bytecode
FAIL: Thread_Sleep -O compilation from source
FAIL: Thread_Sleep -O compilation from bytecode
FAIL: Thread_Wait compilation from source
FAIL: Thread_Wait compilation from bytecode
FAIL: Thread_Wait -O compilation from source
FAIL: Thread_Wait -O compilation from bytecode
FAIL: Thread_Wait_2 compilation from source
FAIL: Thread_Wait_2 compilation from bytecode
FAIL: Thread_Wait_2 -O compilation from source
FAIL: Thread_Wait_2 -O compilation from bytecode
FAIL: Throw_1 compilation from source
FAIL: Throw_1 compilation from bytecode
FAIL: Throw_1 -O compilation from source
FAIL: Throw_1 -O compilation from bytecode
FAIL: Thread_Wait_Interrupt compilation from source
FAIL: Thread_Wait_Interrupt compilation from bytecode
FAIL: Thread_Wait_Interrupt -O compilation from source
FAIL: Thread_Wait_Interrupt -O compilation from bytecode
FAIL: anfi compilation from source
FAIL: anfi compilation from bytecode
FAIL: anfi -O compilation from source
FAIL: anfi -O compilation from bytecode
FAIL: anon compilation from source
FAIL: anon compilation from bytecode
FAIL: anon -O compilation from source
FAIL: anon -O compilation from bytecode
FAIL: anon2 compilation from source
FAIL: anon2 compilation from bytecode
FAIL: anon2 -O compilation from source
FAIL: anon2 -O compilation from bytecode
FAIL: anon3 compilation from source
FAIL: anon3 compilation from bytecode
FAIL: anon3 -O compilation from source
FAIL: anon3 -O compilation from bytecode
FAIL: anon4 compilation from source
FAIL: anon4 compilation from bytecode
FAIL: anon4 -O compilation from source
FAIL: anon4 -O compilation from bytecode
FAIL: anonarray compilation from source
FAIL: anonarray compilation from bytecode
FAIL: anonarray -O compilation from source
FAIL: anonarray -O compilation from bytecode
FAIL: anonarray2 compilation from source
FAIL: anonarray2 compilation from bytecode
FAIL: anonarray2 -O compilation from source
FAIL: anonarray2 -O compilation from bytecode
FAIL: anonarray3 compilation from source
FAIL: anonarray3 compilation from bytecode
FAIL: anonarray3 -O compilation from source
FAIL: anonarray3 -O compilation from bytecode
FAIL: direct_read compilation from source
FAIL: direct_read compilation from bytecode
FAIL: direct_read -O compilation from source
FAIL: direct_read -O compilation from bytecode
FAIL: direct_write compilation from source
FAIL: direct_write compilation from bytecode
FAIL: direct_write -O compilation from source
FAIL: direct_write -O compilation from bytecode
FAIL: err1 compilation from source
FAIL: err1 compilation from bytecode
FAIL: err1 -O compilation from source
FAIL: err1 -O compilation from bytecode
FAIL: err10 compilation from source
FAIL: err10 compilation from bytecode
FAIL: err10 -O compilation from source
FAIL: err10 -O compilation from bytecode
FAIL: err11 compilation from source
FAIL: err11 compilation from bytecode
FAIL: err11 -O compilation from source
FAIL: err11 -O compilation from bytecode
FAIL: final_inner compilation from source
FAIL: final_inner compilation from bytecode
FAIL: final_inner -O compilation from source
FAIL: final_inner -O compilation from bytecode
FAIL: err12 compilation from source
FAIL: err12 compilation from bytecode
FAIL: err12 -O compilation from source
FAIL: err12 -O compilation from bytecode
FAIL: err13 compilation from source
FAIL: err13 compilation from bytecode
FAIL: err13 -O compilation from source
FAIL: err13 -O compilation from bytecode
FAIL: err2 compilation from source
FAIL: err2 compilation from bytecode
FAIL: err2 -O compilation from source
FAIL: err2 -O compilation from bytecode
FAIL: err3 compilation from source
FAIL: err3 compilation from bytecode
FAIL: err3 -O compilation from source
FAIL: err3 -O compilation from bytecode
FAIL: err4 compilation from source
FAIL: err4 compilation from bytecode
FAIL: err4 -O compilation from source
FAIL: err4 -O compilation from bytecode
FAIL: err5 compilation from source
FAIL: err5 compilation from bytecode
FAIL: err5 -O compilation from source
FAIL: err5 -O compilation from bytecode
FAIL: err6 compilation from source
FAIL: err6 compilation from bytecode
FAIL: err6 -O compilation from source
FAIL: err6 -O compilation from bytecode
FAIL: err7 compilation from source
FAIL: err7 -O compilation from source
FAIL: err8 compilation from source
FAIL: err8 -O compilation from source
FAIL: err9 compilation from source
FAIL: err9 compilation from bytecode
FAIL: err9 -O compilation from source
FAIL: err9 -O compilation from bytecode
FAIL: final_int compilation from source
FAIL: final_int compilation from bytecode
FAIL: final_int -O compilation from source
FAIL: final_int -O compilation from bytecode
FAIL: final_static_and_friend compilation from source
FAIL: final_static_and_friend compilation from bytecode
FAIL: final_static_and_friend -O compilation from source
FAIL: final_static_and_friend -O compilation from bytecode
FAIL: indirect compilation from source
FAIL: indirect compilation from bytecode
FAIL: indirect -O compilation from source
FAIL: indirect -O compilation from bytecode
FAIL: indirect_read compilation from source
FAIL: indirect_read compilation from bytecode
FAIL: indirect_read -O compilation from source
FAIL: indirect_read -O compilation from bytecode
FAIL: indirect_write compilation from source
FAIL: indirect_write compilation from bytecode
FAIL: indirect_write -O compilation from source
FAIL: indirect_write -O compilation from bytecode
FAIL: inner1 compilation from source
FAIL: inner1 compilation from bytecode
FAIL: inner1 -O compilation from source
FAIL: inner1 -O compilation from bytecode
FAIL: inner2 compilation from source
FAIL: inner2 compilation from bytecode
FAIL: inner2 -O compilation from source
FAIL: inner2 -O compilation from bytecode
FAIL: inner3 compilation from source
FAIL: inner3 compilation from bytecode
FAIL: inner3 -O compilation from source
FAIL: inner3 -O compilation from bytecode
FAIL: inner4 compilation from source
FAIL: inner4 compilation from bytecode
FAIL: inner4 -O compilation from source
FAIL: inner4 -O compilation from bytecode
FAIL: inner_array compilation from source
FAIL: inner_array compilation from bytecode
FAIL: inner_array -O compilation from source
FAIL: inner_array -O compilation from bytecode
FAIL: inner_interface compilation from source
FAIL: inner_interface compilation from bytecode
FAIL: inner_interface -O compilation from source
FAIL: inner_interface -O compilation from bytecode
FAIL: instance compilation from source
FAIL: instance compilation from bytecode
FAIL: instance -O compilation from source
FAIL: instance -O compilation from bytecode
FAIL: instinit compilation from source
FAIL: instinit compilation from bytecode
FAIL: instinit -O compilation from source
FAIL: instinit -O compilation from bytecode
FAIL: instinit2 compilation from source
FAIL: instinit2 compilation from bytecode
FAIL: instinit2 -O compilation from source
FAIL: instinit2 -O compilation from bytecode
FAIL: klass compilation from source
FAIL: klass compilation from bytecode
FAIL: klass -O compilation from source
FAIL: klass -O compilation from bytecode
FAIL: multiple_finit compilation from source
FAIL: multiple_finit compilation from bytecode
FAIL: multiple_finit -O compilation from source
FAIL: multiple_finit -O compilation from bytecode
FAIL: nested_with_ctor compilation from source
FAIL: nested_with_ctor compilation from bytecode
FAIL: nested_with_ctor -O compilation from source
FAIL: nested_with_ctor -O compilation from bytecode
FAIL: pr109 compilation from source
FAIL: pr109 compilation from bytecode
FAIL: pr109 -O compilation from source
FAIL: pr109 -O compilation from bytecode
FAIL: pr133 compilation from source
FAIL: pr133 compilation from bytecode
FAIL: pr133 -O compilation from source
FAIL: pr133 -O compilation from bytecode
FAIL: pr179 compilation from source
FAIL: pr179 compilation from bytecode
FAIL: pr179 -O compilation from source
FAIL: pr179 -O compilation from bytecode
FAIL: pr184 compilation from source
FAIL: pr184 compilation from bytecode
FAIL: pr184 -O compilation from source
FAIL: pr184 -O compilation from bytecode
FAIL: pr83 compilation from source
FAIL: pr83 compilation from bytecode
FAIL: pr83 -O compilation from source
FAIL: pr83 -O compilation from bytecode
FAIL: private_direct_read compilation from source
FAIL: private_direct_read compilation from bytecode
FAIL: private_direct_read -O compilation from source
FAIL: private_direct_read -O compilation from bytecode
FAIL: search_outer compilation from source
FAIL: search_outer compilation from bytecode
FAIL: search_outer -O compilation from source
FAIL: search_outer -O compilation from bytecode
FAIL: stringconst compilation from source
FAIL: stringconst compilation from bytecode
FAIL: stringconst -O compilation from source
FAIL: stringconst -O compilation from bytecode
FAIL: stringconst2 compilation from source
FAIL: stringconst2 compilation from bytecode
FAIL: stringconst2 -O compilation from source
FAIL: stringconst2 -O compilation from bytecode
FAIL: stub compilation from source
FAIL: stub compilation from bytecode
FAIL: stub -O compilation from source
FAIL: stub -O compilation from bytecode
FAIL: test_long compilation from source
FAIL: test_long compilation from bytecode
FAIL: test_long -O compilation from source
FAIL: test_long -O compilation from bytecode
FAIL: tmi compilation from source
FAIL: tmi compilation from bytecode
FAIL: tmi -O compilation from source
FAIL: tmi -O compilation from bytecode
FAIL: tp compilation from source
FAIL: tp compilation from bytecode
FAIL: tp -O compilation from source
FAIL: tp -O compilation from bytecode
FAIL: update_outer compilation from source
FAIL: update_outer compilation from bytecode
FAIL: update_outer -O compilation from source
FAIL: update_outer -O compilation from bytecode
FAIL: II compilation from source
FAIL: II compilation from bytecode
FAIL: II -O compilation from source
FAIL: II -O compilation from bytecode
FAIL: PR3096 compilation from source
FAIL: PR3096 compilation from bytecode
FAIL: PR3096 -O compilation from source
FAIL: PR3096 -O compilation from bytecode
FAIL: invokethrow compilation from source
FAIL: invokethrow compilation from bytecode
FAIL: invokethrow -O compilation from source
FAIL: invokethrow -O compilation from bytecode
FAIL: TLtest compilation from source
FAIL: TLtest compilation from bytecode
FAIL: TLtest -O compilation from source
FAIL: TLtest -O compilation from bytecode
FAIL: PR3731 compilation from source
FAIL: PR3731 compilation from bytecode
FAIL: PR3731 -O compilation from source
FAIL: PR3731 -O compilation from bytecode
FAIL: anon_ctor_itf_arg compilation from source
FAIL: anon_ctor_itf_arg compilation from bytecode
FAIL: anon_ctor_itf_arg -O compilation from source
FAIL: anon_ctor_itf_arg -O compilation from bytecode
FAIL: invoke_from_inner compilation from source
FAIL: invoke_from_inner compilation from bytecode
FAIL: invoke_from_inner -O compilation from source
FAIL: invoke_from_inner -O compilation from bytecode
FAIL: SyncTest compilation from source
FAIL: SyncTest compilation from bytecode
FAIL: SyncTest -O compilation from source
FAIL: SyncTest -O compilation from bytecode
FAIL: KeepInline compilation from source
FAIL: KeepInline compilation from bytecode
FAIL: KeepInline -O compilation from source
FAIL: KeepInline -O compilation from bytecode
FAIL: Matrix4f compilation from source
FAIL: Matrix4f compilation from bytecode
FAIL: Matrix4f -O compilation from source
FAIL: Matrix4f -O compilation from bytecode
FAIL: PR5057 compilation from source
FAIL: PR5057 compilation from bytecode
FAIL: PR5057 -O compilation from source
FAIL: PR5057 -O compilation from bytecode
FAIL: PR5057_2 compilation from source
FAIL: PR5057_2 compilation from bytecode
FAIL: PR5057_2 -O compilation from source
FAIL: PR5057_2 -O compilation from bytecode
FAIL: Array_3 compilation from source
FAIL: Array_3 compilation from bytecode
FAIL: Array_3 -O compilation from source
FAIL: Array_3 -O compilation from bytecode
FAIL: FileHandleGcTest compilation from source
FAIL: FileHandleGcTest compilation from bytecode
FAIL: FileHandleGcTest -O compilation from source
FAIL: FileHandleGcTest -O compilation from bytecode

		=== libjava Summary for unix ===

# of expected passes		571
# of unexpected failures	529
# of expected failures		23
# of untested testcases		880

		=== libjava Summary ===

# of expected passes		1661
# of unexpected failures	1587
# of expected failures		43
# of untested testcases		2640
		=== libstdc++-v3 tests ===


Running target unix/-fPIC
XPASS: 22_locale/collate_members_wchar_t.cc execution test
XPASS: 22_locale/money_get_members_wchar_t.cc execution test
XPASS: 22_locale/money_put_members_wchar_t.cc execution test
XPASS: 22_locale/moneypunct_members_wchar_t.cc execution test
XPASS: 22_locale/num_get_members_wchar_t.cc execution test
XPASS: 22_locale/num_put_members_wchar_t.cc execution test
XPASS: 22_locale/numpunct_members_wchar_t.cc execution test
XPASS: 22_locale/time_get_members_wchar_t.cc execution test
XPASS: 22_locale/time_put_members_wchar_t.cc execution test
FAIL: 26_numerics/binary_closure.cc (test for excess errors)
XPASS: 26_numerics/c99_classification_macros_c.cc (test for excess errors)
FAIL: 26_numerics/valarray.cc (test for excess errors)
FAIL: 27_io/istream_extractor_arith.cc execution test

		=== libstdc++-v3 Summary for unix/-fPIC ===

# of expected passes		333
# of unexpected failures	3
# of unexpected successes	10
# of expected failures		19

Running target unix/-fpic
XPASS: 22_locale/collate_members_wchar_t.cc execution test
XPASS: 22_locale/money_get_members_wchar_t.cc execution test
XPASS: 22_locale/money_put_members_wchar_t.cc execution test
XPASS: 22_locale/moneypunct_members_wchar_t.cc execution test
XPASS: 22_locale/num_get_members_wchar_t.cc execution test
XPASS: 22_locale/num_put_members_wchar_t.cc execution test
XPASS: 22_locale/numpunct_members_wchar_t.cc execution test
XPASS: 22_locale/time_get_members_wchar_t.cc execution test
XPASS: 22_locale/time_put_members_wchar_t.cc execution test
FAIL: 26_numerics/binary_closure.cc (test for excess errors)
XPASS: 26_numerics/c99_classification_macros_c.cc (test for excess errors)
FAIL: 26_numerics/valarray.cc (test for excess errors)
FAIL: 27_io/istream_extractor_arith.cc execution test

		=== libstdc++-v3 Summary for unix/-fpic ===

# of expected passes		333
# of unexpected failures	3
# of unexpected successes	10
# of expected failures		19

Running target unix
XPASS: 22_locale/collate_members_wchar_t.cc execution test
XPASS: 22_locale/money_get_members_wchar_t.cc execution test
XPASS: 22_locale/money_put_members_wchar_t.cc execution test
XPASS: 22_locale/moneypunct_members_wchar_t.cc execution test
XPASS: 22_locale/num_get_members_wchar_t.cc execution test
XPASS: 22_locale/num_put_members_wchar_t.cc execution test
XPASS: 22_locale/numpunct_members_wchar_t.cc execution test
XPASS: 22_locale/time_get_members_wchar_t.cc execution test
XPASS: 22_locale/time_put_members_wchar_t.cc execution test
FAIL: 26_numerics/binary_closure.cc (test for excess errors)
XPASS: 26_numerics/c99_classification_macros_c.cc (test for excess errors)
FAIL: 26_numerics/valarray.cc (test for excess errors)
FAIL: 27_io/istream_extractor_arith.cc execution test

		=== libstdc++-v3 Summary for unix ===

# of expected passes		333
# of unexpected failures	3
# of unexpected successes	10
# of expected failures		19

		=== libstdc++-v3 Summary ===

# of expected passes		999
# of unexpected failures	9
# of unexpected successes	30
# of expected failures		57

Compiler version: 3.1 20020106 (experimental) 
Platform: sparc-sun-solaris2.7
configure flags: --host=sparc-sun-solaris2.7 --verbose



More information about the Gcc-testresults mailing list