Results for 3.0.3 testsuite on i386-unknown-freebsd4.0

Jon Godfrey jon@borabora.tropicseas.net
Sat Jan 5 15:20:00 GMT 2002


Just wanted to ship off the results for a build of GCC 3.0.3 on
a i586/FreeBSD 4.0 system.  A few unexpected failures in the mix,
but for the most part it looks pretty good.

LAST_UPDATED: 
Native configuration is i386-unknown-freebsd4.0

		=== g++ tests ===


Running target unix
FAIL: g++.dg/special/conpr-1.C execution test
FAIL: g++.dg/special/conpr-2.C execution test
FAIL: g++.dg/special/conpr-3.C execution test
FAIL: g++.dg/special/conpr-3.C execution test
FAIL: g++.dg/special/conpr-1.C execution test
FAIL: g++.ext/instantiate1.C not instantiated (test for errors, line 20)
FAIL: g++.ext/instantiate1.C not instantiated (test for errors, line 22)
FAIL: g++.ext/instantiate3.C not instantiated (test for errors, line 13)
FAIL: g++.law/profile1.C (test for excess errors)

		=== g++ Summary ===

# of expected passes		6497
# of unexpected failures	9
# of expected failures		104
# of untested testcases		15
/usr/local/home/jon/src/gcc-obj/gcc/testsuite/../g++ version 3.0.3

		=== g77 tests ===


Running target unix

		=== g77 Summary ===

# of expected passes		933
# of unsupported tests		8
		=== gcc tests ===


Running target unix
XPASS: gcc.c-torture/execute/20000801-4.c execution,  -O0 
XPASS: gcc.c-torture/execute/20000801-4.c execution,  -O1 
XPASS: gcc.c-torture/execute/20000801-4.c execution,  -O2 
XPASS: gcc.c-torture/execute/20000801-4.c execution,  -O3 -fomit-frame-pointer 
XPASS: gcc.c-torture/execute/20000801-4.c execution,  -O3 -g 
XPASS: gcc.c-torture/execute/20000801-4.c execution,  -Os 
XPASS: gcc.c-torture/execute/ieee/rbug.c execution,  -O3 -fomit-frame-pointer 
XPASS: gcc.c-torture/execute/ieee/rbug.c execution,  -O3 -g 
FAIL: gcc.dg/wchar_t-1.c (test for excess errors)
FAIL: gcc.dg/wint_t-1.c (test for excess errors)
FAIL: gcc.dg/special/weak-1.c execution test

		=== gcc Summary ===

# of expected passes		15321
# of unexpected failures	3
# of unexpected successes	8
# of expected failures		81
# of unsupported tests		25
/usr/local/home/jon/src/gcc-obj/gcc/xgcc version 3.0.3

		=== objc tests ===


Running target unix

		=== objc Summary ===

# of expected passes		153
# of expected failures		1
/usr/local/home/jon/src/gcc-obj/gcc/xgcc version 3.0.3

		=== libstdc++-v3 tests ===


Running target unix
XPASS: 26_numerics/c99_classification_macros_c.cc (test for excess errors)

		=== libstdc++-v3 Summary ===

# of expected passes		247
# of unexpected successes	1
# of expected failures		7

Compiler version: 3.0.3 
Platform: i386-unknown-freebsd4.0
configure flags: --host=i386-unknown-freebsd4.0



More information about the Gcc-testresults mailing list