Results for 3.1 20020103 (experimental) testsuite on i686-pc-linux-gnu
Gordon Sadler
gbsadler1@lcisp.com
Thu Jan 3 07:20:00 GMT 2002
LAST_UPDATED: Thu Jan 3 11:47:51 UTC 2002
Native configuration is i686-pc-linux-gnu
=== g++ tests ===
Running target unix
XPASS: g++.pt/decl2.C ICE - (test for errors, line 8)
=== g++ Summary ===
# of expected passes 6795
# of unexpected successes 1
# of expected failures 98
# of untested testcases 9
/usr/local/src/build/gcc/gcc/testsuite/../g++ version 3.1 20020103 (experimental)
=== g77 tests ===
Running target unix
=== g77 Summary ===
# of expected passes 1360
/usr/local/src/build/gcc/gcc/testsuite/../g77 version 3.1 20020103 (experimental)
=== gcc tests ===
Running target unix
FAIL: gcc.c-torture/execute/20011223-1.c execution, -O2
FAIL: gcc.c-torture/execute/20011223-1.c execution, -O3 -fomit-frame-pointer
FAIL: gcc.c-torture/execute/20011223-1.c execution, -O3 -g
FAIL: gcc.c-torture/execute/20011223-1.c execution, -Os
FAIL: gcc.dg/c99-intconst-1.c (test for excess errors)
=== gcc Summary ===
# of expected passes 16723
# of unexpected failures 5
# of expected failures 47
# of unsupported tests 31
/usr/local/src/build/gcc/gcc/xgcc version 3.1 20020103 (experimental)
=== objc tests ===
Running target unix
FAIL: objc/execute/accessing_ivars.m compilation, -O0
FAIL: objc/execute/accessing_ivars.m compilation, -O1
FAIL: objc/execute/accessing_ivars.m compilation, -O2
FAIL: objc/execute/accessing_ivars.m compilation, -O3 -fomit-frame-pointer
FAIL: objc/execute/accessing_ivars.m compilation, -O3 -g
FAIL: objc/execute/accessing_ivars.m compilation, -Os
FAIL: objc/execute/bycopy-2.m compilation, -O0
FAIL: objc/execute/bycopy-2.m compilation, -O1
FAIL: objc/execute/bycopy-2.m compilation, -O2
FAIL: objc/execute/bycopy-2.m compilation, -O3 -fomit-frame-pointer
FAIL: objc/execute/bycopy-2.m compilation, -O3 -g
FAIL: objc/execute/bycopy-2.m compilation, -Os
FAIL: objc/execute/bycopy-3.m compilation, -O0
FAIL: objc/execute/bycopy-3.m compilation, -O1
FAIL: objc/execute/bycopy-3.m compilation, -O2
FAIL: objc/execute/bycopy-3.m compilation, -O3 -fomit-frame-pointer
FAIL: objc/execute/bycopy-3.m compilation, -O3 -g
FAIL: objc/execute/bycopy-3.m compilation, -Os
FAIL: objc/execute/class-1.m compilation, -O0
FAIL: objc/execute/class-1.m compilation, -O1
FAIL: objc/execute/class-1.m compilation, -O2
FAIL: objc/execute/class-1.m compilation, -O3 -fomit-frame-pointer
FAIL: objc/execute/class-1.m compilation, -O3 -g
FAIL: objc/execute/class-1.m compilation, -Os
FAIL: objc/execute/class-10.m compilation, -O0
FAIL: objc/execute/class-10.m compilation, -O1
FAIL: objc/execute/class-10.m compilation, -O2
FAIL: objc/execute/class-10.m compilation, -O3 -fomit-frame-pointer
FAIL: objc/execute/class-10.m compilation, -O3 -g
FAIL: objc/execute/class-10.m compilation, -Os
FAIL: objc/execute/class-11.m compilation, -O0
FAIL: objc/execute/class-11.m compilation, -O1
FAIL: objc/execute/class-11.m compilation, -O2
FAIL: objc/execute/class-11.m compilation, -O3 -fomit-frame-pointer
FAIL: objc/execute/class-11.m compilation, -O3 -g
FAIL: objc/execute/class-11.m compilation, -Os
FAIL: objc/execute/class-12.m compilation, -O0
FAIL: objc/execute/class-12.m compilation, -O1
FAIL: objc/execute/class-12.m compilation, -O2
FAIL: objc/execute/class-12.m compilation, -O3 -fomit-frame-pointer
FAIL: objc/execute/class-12.m compilation, -O3 -g
FAIL: objc/execute/class-12.m compilation, -Os
FAIL: objc/execute/class-13.m compilation, -O0
FAIL: objc/execute/class-13.m compilation, -O1
FAIL: objc/execute/class-13.m compilation, -O2
FAIL: objc/execute/class-13.m compilation, -O3 -fomit-frame-pointer
FAIL: objc/execute/class-13.m compilation, -O3 -g
FAIL: objc/execute/class-13.m compilation, -Os
FAIL: objc/execute/class-14.m compilation, -O0
FAIL: objc/execute/class-14.m compilation, -O1
FAIL: objc/execute/class-14.m compilation, -O2
FAIL: objc/execute/class-14.m compilation, -O3 -fomit-frame-pointer
FAIL: objc/execute/class-14.m compilation, -O3 -g
FAIL: objc/execute/class-14.m compilation, -Os
FAIL: objc/execute/class-2.m compilation, -O0
FAIL: objc/execute/class-2.m compilation, -O1
FAIL: objc/execute/class-2.m compilation, -O2
FAIL: objc/execute/class-2.m compilation, -O3 -fomit-frame-pointer
FAIL: objc/execute/class-2.m compilation, -O3 -g
FAIL: objc/execute/class-2.m compilation, -Os
FAIL: objc/execute/class-3.m compilation, -O0
FAIL: objc/execute/class-3.m compilation, -O1
FAIL: objc/execute/class-3.m compilation, -O2
FAIL: objc/execute/class-3.m compilation, -O3 -fomit-frame-pointer
FAIL: objc/execute/class-3.m compilation, -O3 -g
FAIL: objc/execute/class-3.m compilation, -Os
FAIL: objc/execute/class-4.m compilation, -O0
FAIL: objc/execute/class-4.m compilation, -O1
FAIL: objc/execute/class-4.m compilation, -O2
FAIL: objc/execute/class-4.m compilation, -O3 -fomit-frame-pointer
FAIL: objc/execute/class-4.m compilation, -O3 -g
FAIL: objc/execute/class-4.m compilation, -Os
FAIL: objc/execute/class-5.m compilation, -O0
FAIL: objc/execute/class-5.m compilation, -O1
FAIL: objc/execute/class-5.m compilation, -O2
FAIL: objc/execute/class-5.m compilation, -O3 -fomit-frame-pointer
FAIL: objc/execute/class-5.m compilation, -O3 -g
FAIL: objc/execute/class-5.m compilation, -Os
FAIL: objc/execute/class-6.m compilation, -O0
FAIL: objc/execute/class-6.m compilation, -O1
FAIL: objc/execute/class-6.m compilation, -O2
FAIL: objc/execute/class-6.m compilation, -O3 -fomit-frame-pointer
FAIL: objc/execute/class-6.m compilation, -O3 -g
FAIL: objc/execute/class-6.m compilation, -Os
FAIL: objc/execute/class-7.m compilation, -O0
FAIL: objc/execute/class-7.m compilation, -O1
FAIL: objc/execute/class-7.m compilation, -O2
FAIL: objc/execute/class-7.m compilation, -O3 -fomit-frame-pointer
FAIL: objc/execute/class-7.m compilation, -O3 -g
FAIL: objc/execute/class-7.m compilation, -Os
FAIL: objc/execute/class-8.m compilation, -O0
FAIL: objc/execute/class-8.m compilation, -O1
FAIL: objc/execute/class-8.m compilation, -O2
FAIL: objc/execute/class-8.m compilation, -O3 -fomit-frame-pointer
FAIL: objc/execute/class-8.m compilation, -O3 -g
FAIL: objc/execute/class-8.m compilation, -Os
FAIL: objc/execute/class-9.m compilation, -O0
FAIL: objc/execute/class-9.m compilation, -O1
FAIL: objc/execute/class-9.m compilation, -O2
FAIL: objc/execute/class-9.m compilation, -O3 -fomit-frame-pointer
FAIL: objc/execute/class-9.m compilation, -O3 -g
FAIL: objc/execute/class-9.m compilation, -Os
FAIL: objc/execute/compatibility_alias.m compilation, -O0
FAIL: objc/execute/compatibility_alias.m compilation, -O1
FAIL: objc/execute/compatibility_alias.m compilation, -O2
FAIL: objc/execute/compatibility_alias.m compilation, -O3 -fomit-frame-pointer
FAIL: objc/execute/compatibility_alias.m compilation, -O3 -g
FAIL: objc/execute/compatibility_alias.m compilation, -Os
FAIL: objc/execute/enumeration-1.m compilation, -O0
FAIL: objc/execute/enumeration-1.m compilation, -O1
FAIL: objc/execute/enumeration-1.m compilation, -O2
FAIL: objc/execute/enumeration-1.m compilation, -O3 -fomit-frame-pointer
FAIL: objc/execute/enumeration-1.m compilation, -O3 -g
FAIL: objc/execute/enumeration-1.m compilation, -Os
FAIL: objc/execute/enumeration-2.m compilation, -O0
FAIL: objc/execute/enumeration-2.m compilation, -O1
FAIL: objc/execute/enumeration-2.m compilation, -O2
FAIL: objc/execute/enumeration-2.m compilation, -O3 -fomit-frame-pointer
FAIL: objc/execute/enumeration-2.m compilation, -O3 -g
FAIL: objc/execute/enumeration-2.m compilation, -Os
FAIL: objc/execute/formal_protocol-1.m compilation, -O0
FAIL: objc/execute/formal_protocol-1.m compilation, -O1
FAIL: objc/execute/formal_protocol-1.m compilation, -O2
FAIL: objc/execute/formal_protocol-1.m compilation, -O3 -fomit-frame-pointer
FAIL: objc/execute/formal_protocol-1.m compilation, -O3 -g
FAIL: objc/execute/formal_protocol-1.m compilation, -Os
FAIL: objc/execute/formal_protocol-2.m compilation, -O0
FAIL: objc/execute/formal_protocol-2.m compilation, -O1
FAIL: objc/execute/formal_protocol-2.m compilation, -O2
FAIL: objc/execute/formal_protocol-2.m compilation, -O3 -fomit-frame-pointer
FAIL: objc/execute/formal_protocol-2.m compilation, -O3 -g
FAIL: objc/execute/formal_protocol-2.m compilation, -Os
FAIL: objc/execute/formal_protocol-3.m compilation, -O0
FAIL: objc/execute/formal_protocol-3.m compilation, -O1
FAIL: objc/execute/formal_protocol-3.m compilation, -O2
FAIL: objc/execute/formal_protocol-3.m compilation, -O3 -fomit-frame-pointer
FAIL: objc/execute/formal_protocol-3.m compilation, -O3 -g
FAIL: objc/execute/formal_protocol-3.m compilation, -Os
FAIL: objc/execute/formal_protocol-4.m compilation, -O0
FAIL: objc/execute/formal_protocol-4.m compilation, -O1
FAIL: objc/execute/formal_protocol-4.m compilation, -O2
FAIL: objc/execute/formal_protocol-4.m compilation, -O3 -fomit-frame-pointer
FAIL: objc/execute/formal_protocol-4.m compilation, -O3 -g
FAIL: objc/execute/formal_protocol-4.m compilation, -Os
FAIL: objc/execute/formal_protocol-5.m compilation, -O0
FAIL: objc/execute/formal_protocol-5.m compilation, -O1
FAIL: objc/execute/formal_protocol-5.m compilation, -O2
FAIL: objc/execute/formal_protocol-5.m compilation, -O3 -fomit-frame-pointer
FAIL: objc/execute/formal_protocol-5.m compilation, -O3 -g
FAIL: objc/execute/formal_protocol-5.m compilation, -Os
FAIL: objc/execute/formal_protocol-6.m compilation, -O0
FAIL: objc/execute/formal_protocol-6.m compilation, -O1
FAIL: objc/execute/formal_protocol-6.m compilation, -O2
FAIL: objc/execute/formal_protocol-6.m compilation, -O3 -fomit-frame-pointer
FAIL: objc/execute/formal_protocol-6.m compilation, -O3 -g
FAIL: objc/execute/formal_protocol-6.m compilation, -Os
FAIL: objc/execute/formal_protocol-7.m compilation, -O0
FAIL: objc/execute/formal_protocol-7.m compilation, -O1
FAIL: objc/execute/formal_protocol-7.m compilation, -O2
FAIL: objc/execute/formal_protocol-7.m compilation, -O3 -fomit-frame-pointer
FAIL: objc/execute/formal_protocol-7.m compilation, -O3 -g
FAIL: objc/execute/formal_protocol-7.m compilation, -Os
FAIL: objc/execute/load-3.m compilation, -O0
FAIL: objc/execute/load-3.m compilation, -O1
FAIL: objc/execute/load-3.m compilation, -O2
FAIL: objc/execute/load-3.m compilation, -O3 -fomit-frame-pointer
FAIL: objc/execute/load-3.m compilation, -O3 -fomit-frame-pointer -funroll-loops
FAIL: objc/execute/load-3.m compilation, -O3 -fomit-frame-pointer -funroll-all-loops -finline-functions
FAIL: objc/execute/load-3.m compilation, -O3 -g
FAIL: objc/execute/load-3.m compilation, -Os
FAIL: objc/execute/no_clash.m compilation, -O0
FAIL: objc/execute/no_clash.m compilation, -O1
FAIL: objc/execute/no_clash.m compilation, -O2
FAIL: objc/execute/no_clash.m compilation, -O3 -fomit-frame-pointer
FAIL: objc/execute/no_clash.m compilation, -O3 -g
FAIL: objc/execute/no_clash.m compilation, -Os
FAIL: objc/execute/np-1.m compilation, -O0
FAIL: objc/execute/np-1.m compilation, -O1
FAIL: objc/execute/np-1.m compilation, -O2
FAIL: objc/execute/np-1.m compilation, -O3 -fomit-frame-pointer
FAIL: objc/execute/np-1.m compilation, -O3 -g
FAIL: objc/execute/np-1.m compilation, -Os
FAIL: objc/execute/np-2.m compilation, -O0
FAIL: objc/execute/np-2.m compilation, -O1
FAIL: objc/execute/np-2.m compilation, -O2
FAIL: objc/execute/np-2.m compilation, -O3 -fomit-frame-pointer
FAIL: objc/execute/np-2.m compilation, -O3 -g
FAIL: objc/execute/np-2.m compilation, -Os
FAIL: objc/execute/object_is_class.m compilation, -O0
FAIL: objc/execute/object_is_class.m compilation, -O1
FAIL: objc/execute/object_is_class.m compilation, -O2
FAIL: objc/execute/object_is_class.m compilation, -O3 -fomit-frame-pointer
FAIL: objc/execute/object_is_class.m compilation, -O3 -g
FAIL: objc/execute/object_is_class.m compilation, -Os
FAIL: objc/execute/object_is_meta_class.m compilation, -O0
FAIL: objc/execute/object_is_meta_class.m compilation, -O1
FAIL: objc/execute/object_is_meta_class.m compilation, -O2
FAIL: objc/execute/object_is_meta_class.m compilation, -O3 -fomit-frame-pointer
FAIL: objc/execute/object_is_meta_class.m compilation, -O3 -g
FAIL: objc/execute/object_is_meta_class.m compilation, -Os
FAIL: objc/execute/private.m compilation, -O0
FAIL: objc/execute/private.m compilation, -O1
FAIL: objc/execute/private.m compilation, -O2
FAIL: objc/execute/private.m compilation, -O3 -fomit-frame-pointer
FAIL: objc/execute/private.m compilation, -O3 -g
FAIL: objc/execute/private.m compilation, -Os
FAIL: objc/execute/protocol.m compilation, -O0
FAIL: objc/execute/protocol.m compilation, -O1
FAIL: objc/execute/protocol.m compilation, -O2
FAIL: objc/execute/protocol.m compilation, -O3 -fomit-frame-pointer
FAIL: objc/execute/protocol.m compilation, -O3 -g
FAIL: objc/execute/protocol.m compilation, -Os
FAIL: objc/execute/string1.m compilation, -O0
FAIL: objc/execute/string1.m compilation, -O1
FAIL: objc/execute/string1.m compilation, -O2
FAIL: objc/execute/string1.m compilation, -O3 -fomit-frame-pointer
FAIL: objc/execute/string1.m compilation, -O3 -g
FAIL: objc/execute/string1.m compilation, -Os
FAIL: objc/execute/string2.m compilation, -O0
FAIL: objc/execute/string2.m compilation, -O1
FAIL: objc/execute/string2.m compilation, -O2
FAIL: objc/execute/string2.m compilation, -O3 -fomit-frame-pointer
FAIL: objc/execute/string2.m compilation, -O3 -g
FAIL: objc/execute/string2.m compilation, -Os
FAIL: objc/execute/string3.m compilation, -O0
FAIL: objc/execute/string3.m compilation, -O1
FAIL: objc/execute/string3.m compilation, -O2
FAIL: objc/execute/string3.m compilation, -O3 -fomit-frame-pointer
FAIL: objc/execute/string3.m compilation, -O3 -g
FAIL: objc/execute/string3.m compilation, -Os
FAIL: objc/execute/string4.m compilation, -O0
FAIL: objc/execute/string4.m compilation, -O1
FAIL: objc/execute/string4.m compilation, -O2
FAIL: objc/execute/string4.m compilation, -O3 -fomit-frame-pointer
FAIL: objc/execute/string4.m compilation, -O3 -g
FAIL: objc/execute/string4.m compilation, -Os
FAIL: unclaimed-category-1a.o
=== objc Summary ===
# of expected passes 568
# of unexpected failures 237
# of unresolved testcases 236
/usr/local/src/build/gcc/gcc/xgcc version 3.1 20020103 (experimental)
=== libjava tests ===
Running target unix
FAIL: calls.c compilation
FAIL: field.c compilation
FAIL: final_method.c compilation
FAIL: findclass.c compilation
FAIL: invoke.c compilation
FAIL: martin.c compilation
FAIL: noclass.c compilation
FAIL: overload.c compilation
FAIL: register.c compilation
FAIL: simple_int.c compilation
FAIL: throwit.c compilation
FAIL: virtual.c compilation
FAIL: cxxtest.c compilation
FAIL: PR160 -O output from bytecode->native test
FAIL: Primes -O output from source compiled test
XPASS: err7 compilation from bytecode
XPASS: err7 -O compilation from bytecode
XPASS: err8 compilation from bytecode
XPASS: err8 -O compilation from bytecode
FAIL: instinit2 output from bytecode->native test
FAIL: instinit2 -O output from bytecode->native test
FAIL: nested_with_ctor output from bytecode->native test
FAIL: nested_with_ctor -O output from bytecode->native test
XPASS: stringconst output from bytecode->native test
XPASS: stringconst -O output from bytecode->native test
=== libjava Summary ===
# of expected passes 1936
# of unexpected failures 19
# of unexpected successes 6
# of expected failures 8
# of untested testcases 8
=== libstdc++-v3 tests ===
Running target unix
XPASS: 22_locale/collate_members_wchar_t.cc execution test
FAIL: 26_numerics/binary_closure.cc (test for excess errors)
FAIL: 26_numerics/valarray.cc (test for excess errors)
=== libstdc++-v3 Summary ===
# of expected passes 334
# of unexpected failures 2
# of unexpected successes 1
# of expected failures 28
Compiler version: 3.1 20020103 (experimental)
Platform: i686-pc-linux-gnu
configure flags: --host=i686-pc-linux-gnu --verbose --enable-threads=posix --with-system-zlib --enable-shared --disable-nls --enable-checking
Counting all warnings,
there are 527 warnings in stage3 of this bootstrap.
Number of warnings per file:
50 gcc/combine.c
41 genrtl.c
31 gcc/gcse.c
24 gcc/reload1.c
21 gcc/regclass.c
20 gcc/f/target.c
18 gcc/cp/pt.c
17 gcc/real.c
16 gcc/java/check-init.c
15 gcc/calls.c
12 gcc/unroll.c
12 gcc/tree.c
12 gcc/local-alloc.c
11 gcc/ggc-page.c
10 gcc/emit-rtl.c
10 gcc/cfg.c
9 gcc/loop.c
9 gcc/dwarf2out.c
9 gcc/df.c
9 gcc/alias.c
6 gcc/ssa.c
6 gcc/integrate.c
6 gcc/global.c
6 gcc/fold-const.c
6 gcc/c-format.c
5 gcc/sbitmap.c
5 gcc/gcc.c
5 gcc/final.c
4 gcc/rtl.c
4 gcc/reload.c
4 gcc/optabs.c
4 gcc/haifa-sched.c
4 gcc/function.c
4 gcc/f/com.c
4 gcc/dependence.c
3 gcc/varray.c
3 gcc/stmt.c
3 gcc/sched-rgn.c
3 gcc/profile.c
3 gcc/java/jcf-io.c
3 gcc/java/expr.c
3 gcc/hash.c
3 gcc/ggc-common.c
3 gcc/f/malloc.c
3 gcc/expr.c
3 gcc/diagnostic.c
3 gcc/dbxout.c
3 gcc/cppmacro.c
3 gcc/cpplex.c
3 gcc/cp/search.c
3 gcc/conflict.c
3 gcc/builtins.c
3 cxxmain.c
2 insn-extract.c
2 gcc/tree-inline.c
2 gcc/tradcpp.c
2 gcc/stor-layout.c
2 gcc/sched-vis.c
2 gcc/reg-stack.c
2 gcc/java/lex.c
2 gcc/cp/class.c
2 gcc/ada/a-except.adb
1 gcc/varasm.c
1 gcc/timevar.c
1 gcc/simplify-rtx.c
1 gcc/regrename.c
1 gcc/recog.c
1 gcc/print-tree.c
1 gcc/objc/lang-specs.h
1 gcc/java/parse.y
1 gcc/java/jvspec.c
1 gcc/java/jcf-write.c
1 gcc/java/jcf-parse.c
1 gcc/hashtable.c
1 gcc/flow.c
1 gcc/except.c
1 gcc/cse.c
1 gcc/cpplib.c
1 gcc/cpphash.c
1 gcc/cp/lang-specs.h
1 gcc/cp/error.c
1 gcc/cp/decl2.c
1 gcc/cp/decl.c
1 gcc/config/i386/i386.c
1 gcc/cfgloop.c
1 gcc/cfgcleanup.c
1 gcc/c-lex.c
1 gcc/bitmap.c
Number of warning types:
467 statement with no effect
44 comparison between signed and unsigned
7 string length \`???' is greater than the length \`???' ISO C89 compilers are required to support
4 signed and unsigned type in conditional expression
3 \`???' might be used uninitialized in this function
1 pointer targets in passing arg ??? of \`???' differ in signedness
1 \`???' defined but not used
More information about the Gcc-testresults
mailing list