Results for 3.1 20020101 (experimental) testsuite on sparc-sun-solaris2.8
lucier@math.purdue.edu
lucier@math.purdue.edu
Wed Jan 2 01:53:00 GMT 2002
LAST_UPDATED: Wed Jan 2 03:49:56 UTC 2002
Native configuration is sparc-sun-solaris2.8
=== g++ tests ===
Running target unix
FAIL: g++.dg/ext/instantiate1.C suppressing f<int> (test for errors, line )
FAIL: g++.dg/ext/instantiate1.C suppressing A<int> (test for errors, line )
FAIL: g++.dg/ext/instantiate1.C (test for excess errors)
FAIL: g++.dg/special/conpr-2.C execution test
FAIL: g++.dg/special/conpr-3.C execution test
FAIL: g++.dg/special/initp1.C execution test
FAIL: g++.ext/instantiate2.C not instantiated (test for errors, line 19)
FAIL: g++.ext/instantiate3.C not instantiated (test for errors, line 13)
XPASS: g++.pt/decl2.C ICE - (test for errors, line 8)
=== g++ Summary ===
# of expected passes 6746
# of unexpected failures 8
# of unexpected successes 1
# of expected failures 96
# of untested testcases 19
# of unsupported tests 1
/export/u3/lucier/programs/gcc/gcc-3.1/objdir/gcc/testsuite/../g++ version 3.1 20020101 (experimental)
=== g77 tests ===
Running target unix
FAIL: g77.dg/bprob/bprob-1.f execution, -O2 -fbranch-probabilities
FAIL: g77.dg/bprob/bprob-1.f compilation, -O3 -fbranch-probabilities
FAIL: g77.dg/bprob/bprob-1.f compilation, -O3 -g -fbranch-probabilities
FAIL: g77.dg/bprob/bprob-1.f execution, -Os -fbranch-probabilities
FAIL: g77.f-torture/execute/20010430.f execution, -O2
FAIL: g77.f-torture/execute/20010430.f execution, -O3 -fomit-frame-pointer
FAIL: g77.f-torture/execute/20010430.f execution, -O3 -fomit-frame-pointer -funroll-loops
FAIL: g77.f-torture/execute/20010430.f execution, -O3 -fomit-frame-pointer -funroll-all-loops -finline-functions
FAIL: g77.f-torture/execute/20010430.f execution, -O3 -g
=== g77 Summary ===
# of expected passes 1311
# of unexpected failures 9
# of expected failures 14
# of unresolved testcases 2
# of untested testcases 8
# of unsupported tests 8
/export/u3/lucier/programs/gcc/gcc-3.1/objdir/gcc/testsuite/../g77 version 3.1 20020101 (experimental)
=== gcc tests ===
Running target unix
FAIL: gcc.c-torture/compile/20011119-1.c, -O0
FAIL: gcc.c-torture/compile/20011119-1.c, -O1
FAIL: gcc.c-torture/compile/20011119-1.c, -O2
FAIL: gcc.c-torture/compile/20011119-1.c, -O3 -fomit-frame-pointer
FAIL: gcc.c-torture/compile/20011119-1.c, -O3 -g
FAIL: gcc.c-torture/compile/20011119-1.c, -Os
FAIL: gcc.c-torture/compile/20011119-2.c, -O0
FAIL: gcc.c-torture/compile/20011119-2.c, -O1
FAIL: gcc.c-torture/compile/20011119-2.c, -O2
FAIL: gcc.c-torture/compile/20011119-2.c, -O3 -fomit-frame-pointer
FAIL: gcc.c-torture/compile/20011119-2.c, -O3 -g
FAIL: gcc.c-torture/compile/20011119-2.c, -Os
FAIL: gcc.c-torture/execute/strct-pack-1.c execution, -O2
FAIL: gcc.c-torture/execute/strct-pack-1.c execution, -Os
FAIL: gcc.dg/cpp/charconst.c (test for excess errors)
FAIL: gcc.dg/cpp/ucs.c bad U1234abcd evaluation (test for bogus messages, line 14)
FAIL: gcc.dg/cpp/ucs.c (test for excess errors)
FAIL: gcc.dg/20001013-1.c (test for excess errors)
FAIL: gcc.dg/c99-float-1.c (test for excess errors)
FAIL: gcc.dg/c99-intconst-1.c (test for excess errors)
FAIL: gcc.dg/noncompile/930622-1.c (test for excess errors)
=== gcc Summary ===
# of expected passes 16646
# of unexpected failures 21
# of expected failures 43
# of unresolved testcases 4
# of unsupported tests 62
/export/u3/lucier/programs/gcc/gcc-3.1/objdir/gcc/xgcc version 3.1 20020101 (experimental)
=== objc tests ===
Running target unix
FAIL: objc/execute/formal_protocol-6.m execution, -O0
FAIL: objc/execute/formal_protocol-6.m execution, -O1
FAIL: objc/execute/formal_protocol-6.m execution, -O2
FAIL: objc/execute/formal_protocol-6.m execution, -O3 -fomit-frame-pointer
FAIL: objc/execute/formal_protocol-6.m execution, -O3 -g
FAIL: objc/execute/formal_protocol-6.m execution, -Os
FAIL: unclaimed-category-1a.o
=== objc Summary ===
# of expected passes 1034
# of unexpected failures 7
/export/u3/lucier/programs/gcc/gcc-3.1/objdir/gcc/xgcc version 3.1 20020101 (experimental)
=== libstdc++-v3 tests ===
Running target unix
XPASS: 22_locale/collate_members_wchar_t.cc execution test
XPASS: 22_locale/money_get_members_wchar_t.cc execution test
XPASS: 22_locale/money_put_members_wchar_t.cc execution test
XPASS: 22_locale/moneypunct_members_wchar_t.cc execution test
XPASS: 22_locale/num_get_members_wchar_t.cc execution test
XPASS: 22_locale/num_put_members_wchar_t.cc execution test
XPASS: 22_locale/numpunct_members_wchar_t.cc execution test
XPASS: 22_locale/time_get_members_wchar_t.cc execution test
XPASS: 22_locale/time_put_members_wchar_t.cc execution test
XPASS: 26_numerics/c99_classification_macros_c.cc (test for excess errors)
FAIL: 27_io/istream_extractor_arith.cc execution test
=== libstdc++-v3 Summary ===
# of expected passes 337
# of unexpected failures 1
# of unexpected successes 10
# of expected failures 19
Compiler version: 3.1 20020101 (experimental)
Platform: sparc-sun-solaris2.8
configure flags: --host=sparc-sun-solaris2.8
Counting all warnings,
there are 67 warnings in stage3 of this bootstrap.
Number of warnings per file:
17 gcc/combine.c
10 gcc/regclass.c
10 gcc/gcc.c
6 gcc/cp/pt.c
4 gcc/unwind-dw2.c
4 gcc/optabs.c
2 gcc/reload1.c
2 gcc/fold-const.c
2 gcc/expr.c
2 gcc/cp/search.c
1 gcc/reload.c
1 gcc/objc/lang-specs.h
1 gcc/java/parse.y
1 gcc/java/jvspec.c
1 gcc/cp/lang-specs.h
1 gcc/cp/error.c
1 gcc/cp/decl2.c
1 gcc/cfgcleanup.c
Number of warning types:
38 comparison between signed and unsigned
11 string length \`???' is greater than the length \`???' ISO C89 compilers are required to support
4 statement with no effect
4 signed and unsigned type in conditional expression
2 traditional C rejects string concatenation
2 missing braces around initializer
2 (near initialization for \`???')
1 pointer targets in passing arg ??? of \`???' differ in signedness
1 \`???' might be used uninitialized in this function
1 \`???' defined but not used
1 ??? format, ??? arg (arg ???)
More information about the Gcc-testresults
mailing list