Results for 3.1 20020101 (experimental) testsuite on i686-pc-linux-gnu
michael@ritzert.de
michael@ritzert.de
Tue Jan 1 06:34:00 GMT 2002
LAST_UPDATED: Die Jan 1 12:21:25 UTC 2002
Native configuration is i686-pc-linux-gnu
=== g++ tests ===
Running target unix
FAIL: g++.ext/instantiate2.C not instantiated (test for errors, line 19)
XPASS: g++.pt/decl2.C ICE - (test for errors, line 8)
=== g++ Summary ===
# of expected passes 6769
# of unexpected failures 1
# of unexpected successes 1
# of expected failures 96
# of untested testcases 9
/3/gcc/HEAD/obj/gcc/testsuite/../g++ version 3.1 20020101 (experimental)
=== g77 tests ===
Running target unix
=== g77 Summary ===
# of expected passes 1360
/3/gcc/HEAD/obj/gcc/testsuite/../g77 version 3.1 20020101 (experimental)
=== gcc tests ===
Running target unix
FAIL: gcc.c-torture/execute/20011223-1.c execution, -O2
FAIL: gcc.c-torture/execute/20011223-1.c execution, -O3 -fomit-frame-pointer
FAIL: gcc.c-torture/execute/20011223-1.c execution, -O3 -g
FAIL: gcc.c-torture/execute/20011223-1.c execution, -Os
FAIL: gcc.dg/20011130-1.c (test for excess errors)
FAIL: gcc.dg/c99-intconst-1.c (test for excess errors)
FAIL: gcc.dg/debug-4.c (test for excess errors)
=== gcc Summary ===
# of expected passes 16721
# of unexpected failures 7
# of expected failures 47
# of unsupported tests 30
/3/gcc/HEAD/obj/gcc/xgcc version 3.1 20020101 (experimental)
=== objc tests ===
Running target unix
FAIL: objc/execute/formal_protocol-5.m compilation, -O3 -g
FAIL: objc/execute/formal_protocol-6.m execution, -O0
FAIL: objc/execute/formal_protocol-6.m execution, -O1
FAIL: objc/execute/formal_protocol-6.m execution, -O2
FAIL: objc/execute/formal_protocol-6.m execution, -O3 -fomit-frame-pointer
FAIL: objc/execute/formal_protocol-6.m compilation, -O3 -g
FAIL: objc/execute/formal_protocol-6.m execution, -Os
FAIL: objc/execute/protocol.m compilation, -O3 -g
=== objc Summary ===
# of expected passes 1031
# of unexpected failures 8
# of unresolved testcases 3
/3/gcc/HEAD/obj/gcc/xgcc version 3.1 20020101 (experimental)
=== libjava tests ===
Running target unix
FAIL: calls run
FAIL: register run
FAIL: throwit run
FAIL: field run
FAIL: cxxtest run
XPASS: err7 compilation from bytecode
XPASS: err7 -O compilation from bytecode
XPASS: err8 compilation from bytecode
XPASS: err8 -O compilation from bytecode
FAIL: instinit2 output from bytecode->native test
FAIL: instinit2 -O output from bytecode->native test
FAIL: nested_with_ctor output from bytecode->native test
FAIL: nested_with_ctor -O output from bytecode->native test
FAIL: PR160 -O output from bytecode->native test
FAIL: Primes output from source compiled test
FAIL: Primes output from bytecode->native test
FAIL: Primes -O output from source compiled test
FAIL: Primes -O output from bytecode->native test
XPASS: stringconst output from bytecode->native test
XPASS: stringconst -O output from bytecode->native test
=== libjava Summary ===
# of expected passes 1967
# of unexpected failures 14
# of unexpected successes 6
# of expected failures 8
# of untested testcases 13
=== libstdc++-v3 tests ===
Running target unix
XPASS: 22_locale/collate_members_wchar_t.cc execution test
XPASS: 22_locale/time_put_members_char.cc execution test
=== libstdc++-v3 Summary ===
# of expected passes 338
# of unexpected successes 2
# of expected failures 27
Compiler version: 3.1 20020101 (experimental)
Platform: i686-pc-linux-gnu
configure flags: --host=i686-pc-linux-gnu --enable-threads=posix --prefix=/3/gcc/HEAD/install
More information about the Gcc-testresults
mailing list