Results for 3.1 20020227 (prerelease) testsuite on i686-redhat7-linux-gnu
Manfred Hollstein
manfredh@redhat.com
Wed Feb 27 12:22:00 GMT 2002
Compiler version: 3.1 20020227 (prerelease)
Platform: i686-redhat7-linux-gnu
Sources: gcc-3_1-branch
LAST_UPDATED: Wed Feb 27 16:02:05 UTC 2002
Patches: [1] `PATCH: Fix to successfully build libjava as a shared library'
<http://gcc.gnu.org/ml/gcc-patches/2001-09/msg00714.html>
Environment: - autoconf-2.13-14
- automake-1.4p5-2
- binutils-2_12-branch (2002/02/27 09:26:04 +0100)
via anonymous CVS from sources.redhat.com
- dejagnu-1.4.1-2
- Red Hat Linux 7.2 + recommended updates as of today
- Kernel 2.4.9-21 (compiled by "gcc version
2.96 20000731 (Red Hat Linux 7.1 2.96-98)")
- glibc-2.2.4-19.3
- glibc-common-2.2.4-19.3
- glibc-devel-2.2.4-19.3
Remarks: None.
configure flags: --host=i686-redhat7-linux-gnu --target=i686-redhat7-linux-gnu --build=i686-redhat7-linux-gnu --srcdir=../gcc-3.1 --prefix=/opt/gnu --exec-prefix=/opt/gnu/H-ia32-linux --with-gnu-as --with-gnu-ld --disable-checking --enable-shared=gcc,libstdc++,libf2c,gc,libffi,libjava,libltdl,zlib --enable-threads=posix --with-system-zlib --with-local-prefix=/opt/gnu --enable-nls --verbose
BOOT_CC: gcc version 3.1 20020220 (experimental) (as of 2002/02/20 12:18:40 +0100)
BOOT_CFLAGS: -O3 -march=i686 -fomit-frame-pointer -msse -mfpmath=sse
CFLAGS: -O3 -march=i686 -fomit-frame-pointer -msse -mfpmath=sse -funroll-loops
CXXFLAGS: -O3 -march=i686 -fomit-frame-pointer -msse -mfpmath=sse -funroll-loops -g
GCJFLAGS: -O3 -march=i686 -fomit-frame-pointer -msse -mfpmath=sse -funroll-loops -g
Native configuration is i686-redhat7-linux-gnu
=== g++ tests ===
Running target unix
XPASS: g++.dg/template/friend.C (test for bogus messages, line 19)
XPASS: g++.dg/template/friend.C (test for bogus messages, line 21)
XPASS: g++.dg/template/friend.C (test for bogus messages, line 28)
=== g++ Summary ===
# of expected passes 7082
# of unexpected successes 3
# of expected failures 89
# of untested testcases 9
/home/gnu/work/GNU/gcc-3.1-i686-redhat7-linux-gnu/gcc/testsuite/../g++ version 3.1 20020227 (prerelease)
=== g77 tests ===
Running target unix
=== g77 Summary ===
# of expected passes 1468
/home/gnu/work/GNU/gcc-3.1-i686-redhat7-linux-gnu/gcc/testsuite/../g77 version 3.1 20020227 (prerelease)
=== gcc tests ===
Running target unix
FAIL: gcc.c-torture/execute/20011223-1.c execution, -O2
FAIL: gcc.c-torture/execute/20011223-1.c execution, -O3 -fomit-frame-pointer
FAIL: gcc.c-torture/execute/20011223-1.c execution, -O3 -g
FAIL: gcc.c-torture/execute/20011223-1.c execution, -Os
=== gcc Summary ===
# of expected passes 17927
# of unexpected failures 4
# of expected failures 66
# of unsupported tests 35
/home/gnu/work/GNU/gcc-3.1-i686-redhat7-linux-gnu/gcc/xgcc version 3.1 20020227 (prerelease)
=== objc tests ===
Running target unix
FAIL: objc/execute/formal_protocol-6.m execution, -O0
FAIL: objc/execute/formal_protocol-6.m execution, -O1
FAIL: objc/execute/formal_protocol-6.m execution, -O2
FAIL: objc/execute/formal_protocol-6.m execution, -O3 -fomit-frame-pointer
FAIL: objc/execute/formal_protocol-6.m execution, -O3 -g
FAIL: objc/execute/formal_protocol-6.m execution, -Os
=== objc Summary ===
# of expected passes 1036
# of unexpected failures 6
/home/gnu/work/GNU/gcc-3.1-i686-redhat7-linux-gnu/gcc/xgcc version 3.1 20020227 (prerelease)
=== libjava tests ===
Running target unix
FAIL: linking cxxtest
WARNING: program timed out.
FAIL: Divide_1 execution from bytecode->native test
WARNING: program timed out.
FAIL: PR162 execution from bytecode->native test
=== libjava Summary ===
# of expected passes 2023
# of unexpected failures 3
# of expected failures 15
# of untested testcases 10
=== libstdc++-v3 tests ===
Running target unix
XPASS: 22_locale/ctype_members_char.cc execution test
XPASS: 22_locale/members.cc execution test
XPASS: 22_locale/messages_byname.cc execution test
XPASS: 22_locale/messages_members_char.cc execution test
XPASS: 22_locale/money_get_members_char.cc execution test
XPASS: 22_locale/money_get_members_wchar_t.cc execution test
XPASS: 22_locale/money_put_members_char.cc execution test
XPASS: 22_locale/money_put_members_wchar_t.cc execution test
XPASS: 22_locale/moneypunct_byname.cc execution test
XPASS: 22_locale/moneypunct_members_char.cc execution test
XPASS: 22_locale/moneypunct_members_wchar_t.cc execution test
XPASS: 22_locale/num_get_members_char.cc execution test
XPASS: 22_locale/num_get_members_wchar_t.cc execution test
XPASS: 22_locale/num_put_members_char.cc execution test
XPASS: 22_locale/num_put_members_wchar_t.cc execution test
XPASS: 22_locale/numpunct_byname.cc execution test
XPASS: 22_locale/numpunct_members_char.cc execution test
XPASS: 22_locale/numpunct_members_wchar_t.cc execution test
XPASS: 22_locale/time_get_members_char.cc execution test
XPASS: 22_locale/time_get_members_wchar_t.cc execution test
XPASS: 22_locale/time_put_members_char.cc execution test
XPASS: 22_locale/time_put_members_wchar_t.cc execution test
FAIL: 26_numerics/c99_classification_macros_c.cc (test for excess errors)
=== libstdc++-v3 Summary ===
# of expected passes 356
# of unexpected failures 1
# of unexpected successes 22
# of expected failures 3
Counting all warnings,
there are 60 warnings in stage3 of this bootstrap.
Number of warnings per file:
24 gcc/combine.c
10 gcc/regclass.c
4 gcc/optabs.c
4 gcc/gcc.c
3 gcc/java/builtins.c
2 gcc/fold-const.c
2 gcc/crtstuff.c
2 gcc/ada/a-except.adb
1 gcc/version.c
1 gcc/reload.c
1 gcc/profile.c
1 gcc/objc/lang-specs.h
1 gcc/java/jvspec.c
1 gcc/ifcvt.c
1 gcc/function.c
1 gcc/f/version.c
1 gcc/cp/lang-specs.h
Number of warning types:
37 comparison between signed and unsigned
7 string length `???' is greater than the length `???' ISO C89 compilers are required to support
5 signed and unsigned type in conditional expression
3 unused parameter `???'
3 `???' might be used uninitialized in this function
2 traditional C ignores #include with the # indented
2 `???' defined but not used
1 pointer targets in passing arg ??? of `???' differ in signedness
More information about the Gcc-testresults
mailing list