Results for 3.1 20020217 (experimental) testsuite on i686-pc-cygwin
Billinghurst, David (CRTS)
David.Billinghurst@riotinto.com
Sun Feb 17 19:32:00 GMT 2002
Patch http://gcc.gnu.org/ml/gcc-bugs/2002-01/msg00578.html
to fix objc failures (to be committed today).
LAST_UPDATED: Sun Feb 17 22:27:36 2002
Native configuration is i686-pc-cygwin
=== g++ tests ===
Running target unix
FAIL: g++.dg/template/friend.C (test for excess errors)
FAIL: g++.dg/special/conpr-1.C execution test
FAIL: g++.dg/special/conpr-2.C execution test
FAIL: g++.dg/special/conpr-3.C execution test
FAIL: g++.dg/special/conpr-3.C execution test
FAIL: g++.dg/special/initp1.C execution test
FAIL: g++.benjamin/15071.C (test for excess errors)
FAIL: g++.brendan/copy9.C (test for excess errors)
FAIL: g++.brendan/crash15.C (test for excess errors)
FAIL: g++.brendan/crash20.C (test for excess errors)
FAIL: g++.brendan/crash30.C (test for excess errors)
FAIL: g++.brendan/crash38.C (test for excess errors)
FAIL: g++.brendan/crash49.C (test for excess errors)
FAIL: g++.brendan/crash62.C (test for excess errors)
FAIL: g++.brendan/cvt1.C (test for excess errors)
FAIL: g++.brendan/err-msg3.C (test for excess errors)
FAIL: g++.brendan/nest21.C (test for excess errors)
FAIL: g++.brendan/ptolemy2.C (test for excess errors)
FAIL: g++.eh/badalloc1.C Execution test
XPASS: g++.ext/attrib5.C Execution test
FAIL: g++.ext/instantiate3.C not instantiated (test for errors, line 13)
XPASS: g++.ext/instantiate3.C (test for excess errors)
XPASS: g++.jason/template18.C (test for excess errors)
XPASS: g++.jason/template18.C Execution test
FAIL: g++.jason/template24.C (test for excess errors)
FAIL: g++.jason/template31.C (test for excess errors)
FAIL: g++.jason/typeid1.C (test for excess errors)
FAIL: g++.law/arg1.C (test for excess errors)
FAIL: g++.law/arg8.C (test for excess errors)
FAIL: g++.law/arm12.C (test for excess errors)
FAIL: g++.law/arm9.C (test for excess errors)
FAIL: g++.law/bad-error7.C (test for excess errors)
FAIL: g++.law/code-gen5.C (test for excess errors)
FAIL: g++.law/ctors10.C (test for excess errors)
FAIL: g++.law/ctors12.C (test for excess errors)
FAIL: g++.law/ctors13.C (test for excess errors)
FAIL: g++.law/ctors17.C (test for excess errors)
FAIL: g++.law/ctors6.C (test for excess errors)
FAIL: g++.law/cvt16.C (test for excess errors)
FAIL: g++.law/cvt2.C (test for excess errors)
FAIL: g++.law/missed-error2.C (test for excess errors)
FAIL: g++.law/nest3.C (test for excess errors)
FAIL: g++.law/operators32.C (test for excess errors)
FAIL: g++.law/operators4.C (test for excess errors)
FAIL: g++.law/vbase1.C (test for excess errors)
FAIL: g++.law/virtual3.C (test for excess errors)
FAIL: g++.law/visibility1.C (test for excess errors)
FAIL: g++.law/visibility10.C (test for excess errors)
FAIL: g++.law/visibility13.C (test for excess errors)
FAIL: g++.law/visibility17.C (test for excess errors)
FAIL: g++.law/visibility2.C (test for excess errors)
FAIL: g++.law/visibility22.C (test for excess errors)
FAIL: g++.law/visibility25.C (test for excess errors)
FAIL: g++.law/visibility7.C (test for excess errors)
FAIL: g++.martin/bitset1.C (test for excess errors)
FAIL: g++.mike/net46.C (test for excess errors)
FAIL: g++.mike/p658.C (test for excess errors)
FAIL: g++.mike/rtti1.C (test for excess errors)
FAIL: g++.other/defarg6.C (test for excess errors)
FAIL: g++.other/dwarf2-1.C (test for excess errors)
FAIL: g++.other/headers1.C (test for excess errors)
FAIL: g++.other/inline14.C (test for excess errors)
FAIL: g++.pt/crash68.C (test for excess errors)
FAIL: g++.pt/instantiate10.C (test for excess errors)
FAIL: g++.robertl/eb109.C (test for excess errors)
FAIL: g++.robertl/eb113.C (test for excess errors)
FAIL: g++.robertl/eb124.C (test for excess errors)
FAIL: g++.robertl/eb127.C (test for excess errors)
FAIL: g++.robertl/eb15.C (test for excess errors)
FAIL: g++.robertl/eb21.C (test for excess errors)
FAIL: g++.robertl/eb24.C (test for excess errors)
FAIL: g++.robertl/eb3.C (test for excess errors)
FAIL: g++.robertl/eb30.C (test for excess errors)
FAIL: g++.robertl/eb31.C (test for excess errors)
FAIL: g++.robertl/eb33.C (test for excess errors)
FAIL: g++.robertl/eb39.C (test for excess errors)
FAIL: g++.robertl/eb4.C (test for excess errors)
FAIL: g++.robertl/eb41.C (test for excess errors)
FAIL: g++.robertl/eb44.C (test for excess errors)
FAIL: g++.robertl/eb46.C (test for excess errors)
FAIL: g++.robertl/eb54.C (test for excess errors)
FAIL: g++.robertl/eb55.C (test for excess errors)
FAIL: g++.robertl/eb59.C (test for excess errors)
FAIL: g++.robertl/eb60.C (test for excess errors)
FAIL: g++.robertl/eb65.C (test for excess errors)
FAIL: g++.robertl/eb66.C (test for excess errors)
FAIL: g++.robertl/eb77.C (test for excess errors)
FAIL: g++.robertl/eb79.C (test for excess errors)
=== g++ Summary ===
# of expected passes 6923
# of unexpected failures 84
# of unexpected successes 4
# of expected failures 115
# of untested testcases 15
/usr/local/obj/gcc/gcc/testsuite/../g++ version 3.1 20020217 (experimental)
=== g77 tests ===
Running target unix
=== g77 Summary ===
# of expected passes 1468
/usr/local/obj/gcc/gcc/testsuite/../g77 version 3.1 20020217 (experimental)
=== gcc tests ===
Running target unix
FAIL: gcc.c-torture/execute/20011223-1.c execution, -O2
FAIL: gcc.c-torture/execute/20011223-1.c execution, -O3 -fomit-frame-pointer
FAIL: gcc.c-torture/execute/20011223-1.c execution, -O3 -g
FAIL: gcc.c-torture/execute/20011223-1.c execution, -Os
XPASS: gcc.c-torture/execute/loop-2e.c execution, -Os
FAIL: gcc.dg/i386-sse-2.c (test for excess errors)
=== gcc Summary ===
# of expected passes 17774
# of unexpected failures 5
# of unexpected successes 1
# of expected failures 65
# of unsupported tests 40
/usr/local/obj/gcc/gcc/xgcc version 3.1 20020217 (experimental)
=== objc tests ===
Running target unix
FAIL: objc/execute/formal_protocol-6.m execution, -O0
FAIL: objc/execute/formal_protocol-6.m execution, -O1
FAIL: objc/execute/formal_protocol-6.m execution, -O2
FAIL: objc/execute/formal_protocol-6.m execution, -O3 -fomit-frame-pointer
FAIL: objc/execute/formal_protocol-6.m execution, -O3 -g
FAIL: objc/execute/formal_protocol-6.m execution, -Os
=== objc Summary ===
# of expected passes 1036
# of unexpected failures 6
/usr/local/obj/gcc/gcc/xgcc version 3.1 20020217 (experimental)
=== libstdc++-v3 tests ===
Running target unix
FAIL: 21_strings/inserters_extractors.cc execution test
XPASS: 22_locale/collate_members_wchar_t.cc execution test
XPASS: 22_locale/money_get_members_wchar_t.cc execution test
XPASS: 22_locale/money_put_members_wchar_t.cc execution test
XPASS: 22_locale/moneypunct_members_wchar_t.cc execution test
XPASS: 22_locale/num_get_members_wchar_t.cc execution test
XPASS: 22_locale/num_put_members_wchar_t.cc execution test
XPASS: 22_locale/numpunct_members_wchar_t.cc execution test
XPASS: 22_locale/time_get_members_wchar_t.cc execution test
XPASS: 22_locale/time_put_members_wchar_t.cc execution test
FAIL: 26_numerics/complex_inserters_extractors.cc execution test
FAIL: 27_io/filebuf_members.cc execution test
FAIL: 27_io/instantiations.cc execution test
FAIL: 27_io/istream_extractor_arith.cc execution test
FAIL: 27_io/istream_extractor_char.cc execution test
FAIL: 27_io/istream_extractor_other.cc execution test
FAIL: 27_io/istream_manip.cc execution test
FAIL: 27_io/istream_seeks.cc execution test
FAIL: 27_io/istream_sentry.cc execution test
FAIL: 27_io/istringstream_members.cc execution test
FAIL: 27_io/ostream_inserter_other.cc execution test
FAIL: 27_io/stringstream_members.cc execution test
=== libstdc++-v3 Summary ===
# of expected passes 342
# of unexpected failures 13
# of unexpected successes 9
# of expected failures 16
Compiler version: 3.1 20020217 (experimental)
Platform: i686-pc-cygwin
configure flags: --host=i686-pc-cygwin --enable-threads=posix --disable-libgcj --enable-sjlj-exceptions --with-system-zlib --enable-nls --without-included-gettext --disable-shared
Counting all warnings,
there are 64 warnings in stage3 of this bootstrap.
Number of warnings per file:
24 gcc/combine.c
10 gcc/regclass.c
10 gcc/gcc.c
4 gcc/optabs.c
3 gcc/java/builtins.c
3 gcc/cp/lang-specs.h
2 gcc/fold-const.c
1 gcc/unwind-pe.h
1 gcc/sdbout.c
1 gcc/reload.c
1 gcc/objc/lang-specs.h
1 gcc/java/jvspec.c
1 gcc/ifcvt.c
1 gcc/function.c
1 gcc/final.c
Number of warning types:
37 comparison between signed and unsigned
9 string length \`???' is greater than the length \`???' ISO C89 compilers are required to support
4 traditional C rejects string concatenation
4 signed and unsigned type in conditional expression
3 unused parameter \`???'
2 assignment of read-only location
2 assignment discards qualifiers from pointer target type
1 pointer targets in passing arg ??? of \`???' differ in signedness
1 \`???' might be used uninitialized in this function
1 \`???' defined but not used
More information about the Gcc-testresults
mailing list