Results for 3.1 20020215 (experimental) testsuite on i686-pc-linux-gnu
Andris Pavenis
andris@hal.astr.lu.lv
Fri Feb 15 20:33:00 GMT 2002
Last updated from CVS: 2002 Feb 16 04:04 +0200
System: Linux kernel 2.4.18-pre9-ac3
glibc-2.2.5
binutils-2.11.90.0.31
LAST_UPDATED: Sat Feb 16 02:04:42 UTC 2002
Native configuration is i686-pc-linux-gnu
=== g++ tests ===
Running target unix
FAIL: g++.dg/template/friend.C (test for excess errors)
FAIL: g++.benjamin/15071.C (test for excess errors)
FAIL: g++.brendan/copy9.C (test for excess errors)
FAIL: g++.brendan/crash15.C (test for excess errors)
FAIL: g++.brendan/crash20.C (test for excess errors)
FAIL: g++.brendan/crash30.C (test for excess errors)
FAIL: g++.brendan/crash38.C (test for excess errors)
FAIL: g++.brendan/crash49.C (test for excess errors)
FAIL: g++.brendan/crash62.C (test for excess errors)
FAIL: g++.brendan/cvt1.C (test for excess errors)
FAIL: g++.brendan/err-msg3.C (test for excess errors)
FAIL: g++.brendan/nest21.C (test for excess errors)
FAIL: g++.brendan/ptolemy2.C (test for excess errors)
FAIL: g++.ext/instantiate2.C not instantiated (test for errors, line 19)
FAIL: g++.jason/template24.C (test for excess errors)
FAIL: g++.jason/template31.C (test for excess errors)
FAIL: g++.jason/typeid1.C (test for excess errors)
FAIL: g++.law/arg1.C (test for excess errors)
FAIL: g++.law/arg8.C (test for excess errors)
FAIL: g++.law/arm12.C (test for excess errors)
FAIL: g++.law/arm9.C (test for excess errors)
FAIL: g++.law/bad-error7.C (test for excess errors)
FAIL: g++.law/code-gen5.C (test for excess errors)
FAIL: g++.law/ctors10.C (test for excess errors)
FAIL: g++.law/ctors12.C (test for excess errors)
FAIL: g++.law/ctors13.C (test for excess errors)
FAIL: g++.law/ctors17.C (test for excess errors)
FAIL: g++.law/ctors6.C (test for excess errors)
FAIL: g++.law/cvt16.C (test for excess errors)
FAIL: g++.law/cvt2.C (test for excess errors)
FAIL: g++.law/missed-error2.C (test for excess errors)
FAIL: g++.law/nest3.C (test for excess errors)
FAIL: g++.law/operators32.C (test for excess errors)
FAIL: g++.law/operators4.C (test for excess errors)
FAIL: g++.law/vbase1.C (test for excess errors)
FAIL: g++.law/virtual3.C (test for excess errors)
FAIL: g++.law/visibility1.C (test for excess errors)
FAIL: g++.law/visibility10.C (test for excess errors)
FAIL: g++.law/visibility13.C (test for excess errors)
FAIL: g++.law/visibility17.C (test for excess errors)
FAIL: g++.law/visibility2.C (test for excess errors)
FAIL: g++.law/visibility22.C (test for excess errors)
FAIL: g++.law/visibility25.C (test for excess errors)
FAIL: g++.law/visibility7.C (test for excess errors)
FAIL: g++.martin/bitset1.C (test for excess errors)
FAIL: g++.mike/net46.C (test for excess errors)
FAIL: g++.mike/p658.C (test for excess errors)
FAIL: g++.mike/rtti1.C (test for excess errors)
FAIL: g++.other/defarg6.C (test for excess errors)
FAIL: g++.other/headers1.C (test for excess errors)
FAIL: g++.other/inline14.C (test for excess errors)
FAIL: g++.pt/crash68.C (test for excess errors)
FAIL: g++.pt/instantiate10.C (test for excess errors)
FAIL: g++.robertl/eb109.C (test for excess errors)
FAIL: g++.robertl/eb113.C (test for excess errors)
FAIL: g++.robertl/eb124.C (test for excess errors)
FAIL: g++.robertl/eb127.C (test for excess errors)
FAIL: g++.robertl/eb15.C (test for excess errors)
FAIL: g++.robertl/eb21.C (test for excess errors)
FAIL: g++.robertl/eb24.C (test for excess errors)
FAIL: g++.robertl/eb3.C (test for excess errors)
FAIL: g++.robertl/eb30.C (test for excess errors)
FAIL: g++.robertl/eb31.C (test for excess errors)
FAIL: g++.robertl/eb33.C (test for excess errors)
FAIL: g++.robertl/eb39.C (test for excess errors)
FAIL: g++.robertl/eb4.C (test for excess errors)
FAIL: g++.robertl/eb41.C (test for excess errors)
FAIL: g++.robertl/eb44.C (test for excess errors)
FAIL: g++.robertl/eb46.C (test for excess errors)
FAIL: g++.robertl/eb54.C (test for excess errors)
FAIL: g++.robertl/eb55.C (test for excess errors)
FAIL: g++.robertl/eb59.C (test for excess errors)
FAIL: g++.robertl/eb60.C (test for excess errors)
FAIL: g++.robertl/eb65.C (test for excess errors)
FAIL: g++.robertl/eb66.C (test for excess errors)
FAIL: g++.robertl/eb77.C (test for excess errors)
FAIL: g++.robertl/eb79.C (test for excess errors)
=== g++ Summary ===
# of expected passes 6936
# of unexpected failures 77
# of expected failures 117
# of untested testcases 9
/disk2/cvs/gcc31/build/build.lnx/gcc/testsuite/../g++ version 3.1 20020215 (experimental)
=== g77 tests ===
Running target unix
=== g77 Summary ===
# of expected passes 1468
/disk2/cvs/gcc31/build/build.lnx/gcc/testsuite/../g77 version 3.1 20020215 (experimental)
=== gcc tests ===
Running target unix
FAIL: gcc.c-torture/execute/20011223-1.c execution, -O2
FAIL: gcc.c-torture/execute/20011223-1.c execution, -O3 -fomit-frame-pointer
FAIL: gcc.c-torture/execute/20011223-1.c execution, -O3 -g
FAIL: gcc.c-torture/execute/20011223-1.c execution, -Os
FAIL: gcc.dg/i386-sse-2.c (test for excess errors)
FAIL: gcc.dg/format/c99-printf-1.c %hhn unsigned char (test for warnings, line 196)
FAIL: gcc.dg/format/c99-scanf-1.c %hhu sign (test for warnings, line 144)
FAIL: gcc.dg/format/xopen-1.c multiple use of scanf argument (test for warnings, line 124)
FAIL: gcc.dg/format/xopen-1.c (test for excess errors)
=== gcc Summary ===
# of expected passes 17762
# of unexpected failures 9
# of expected failures 66
# of unsupported tests 35
/disk2/cvs/gcc31/build/build.lnx/gcc/xgcc version 3.1 20020215 (experimental)
=== objc tests ===
Running target unix
FAIL: objc/execute/formal_protocol-6.m execution, -O0
FAIL: objc/execute/formal_protocol-6.m execution, -O1
FAIL: objc/execute/formal_protocol-6.m execution, -O2
FAIL: objc/execute/formal_protocol-6.m execution, -O3 -fomit-frame-pointer
FAIL: objc/execute/formal_protocol-6.m execution, -O3 -g
FAIL: objc/execute/formal_protocol-6.m execution, -Os
=== objc Summary ===
# of expected passes 1036
# of unexpected failures 6
/disk2/cvs/gcc31/build/build.lnx/gcc/xgcc version 3.1 20020215 (experimental)
=== libstdc++-v3 tests ===
Running target unix
XPASS: 22_locale/ctype_members_char.cc execution test
XPASS: 22_locale/members.cc execution test
XPASS: 22_locale/messages_byname.cc execution test
XPASS: 22_locale/messages_members_char.cc execution test
XPASS: 22_locale/money_get_members_char.cc execution test
XPASS: 22_locale/money_get_members_wchar_t.cc execution test
XPASS: 22_locale/money_put_members_char.cc execution test
XPASS: 22_locale/money_put_members_wchar_t.cc execution test
XPASS: 22_locale/moneypunct_byname.cc execution test
XPASS: 22_locale/moneypunct_members_char.cc execution test
XPASS: 22_locale/moneypunct_members_wchar_t.cc execution test
XPASS: 22_locale/num_get_members_char.cc execution test
XPASS: 22_locale/num_get_members_wchar_t.cc execution test
XPASS: 22_locale/num_put_members_char.cc execution test
XPASS: 22_locale/num_put_members_wchar_t.cc execution test
XPASS: 22_locale/numpunct_byname.cc execution test
XPASS: 22_locale/numpunct_members_char.cc execution test
XPASS: 22_locale/numpunct_members_wchar_t.cc execution test
XPASS: 22_locale/time_get_members_char.cc execution test
XPASS: 22_locale/time_get_members_wchar_t.cc execution test
XPASS: 22_locale/time_put_members_char.cc execution test
FAIL: 26_numerics/c99_classification_macros_c.cc (test for excess errors)
FAIL: thread/pthread4.cc execution test
=== libstdc++-v3 Summary ===
# of expected passes 353
# of unexpected failures 2
# of unexpected successes 21
# of expected failures 4
Compiler version: 3.1 20020215 (experimental)
Platform: i686-pc-linux-gnu
configure flags: --host=i686-pc-linux-gnu --prefix=/disk2/gcc31 --enable-shared --enable-languages=c,c++,f77,objc --verbose --enable-threads=posix
Counting all warnings,
there are 50 warnings in stage3 of this bootstrap.
Number of warnings per file:
24 gcc/combine.c
10 gcc/regclass.c
4 gcc/optabs.c
4 gcc/gcc.c
2 gcc/fold-const.c
1 gcc/reload.c
1 gcc/profile.c
1 gcc/objc/lang-specs.h
1 gcc/ifcvt.c
1 gcc/function.c
1 gcc/cp/lang-specs.h
Number of warning types:
37 comparison between signed and unsigned
6 string length `???' is greater than the length `???' ISO C89 compilers are required to support
5 signed and unsigned type in conditional expression
1 pointer targets in passing arg ??? of `???' differ in signedness
1 `???' might be used uninitialized in this function
More information about the Gcc-testresults
mailing list