Results for 3.1 20020214 (experimental) testsuite on i686-pc-cygwin
Billinghurst, David (CRTS)
David.Billinghurst@riotinto.com
Thu Feb 14 20:08:00 GMT 2002
Without patch http://gcc.gnu.org/ml/gcc-bugs/2002-01/msg00578.html
to fix objc failures.
LAST_UPDATED: Fri Feb 15 00:17:45 2002
Native configuration is i686-pc-cygwin
=== g++ tests ===
Running target unix
FAIL: g++.dg/special/conpr-1.C execution test
FAIL: g++.dg/special/conpr-2.C execution test
FAIL: g++.dg/special/conpr-3.C execution test
FAIL: g++.dg/special/conpr-3.C execution test
FAIL: g++.dg/special/initp1.C execution test
FAIL: g++.eh/badalloc1.C Execution test
XPASS: g++.ext/attrib5.C Execution test
FAIL: g++.ext/instantiate3.C not instantiated (test for errors, line 13)
XPASS: g++.ext/instantiate3.C (test for excess errors)
XPASS: g++.jason/template18.C (test for excess errors)
XPASS: g++.jason/template18.C Execution test
FAIL: g++.other/dwarf2-1.C (test for excess errors)
=== g++ Summary ===
# of expected passes 7021
# of unexpected failures 8
# of unexpected successes 4
# of expected failures 89
# of untested testcases 15
/usr/local/obj/gcc/gcc/testsuite/../g++ version 3.1 20020214 (experimental)
=== g77 tests ===
Running target unix
=== g77 Summary ===
# of expected passes 1468
/usr/local/obj/gcc/gcc/testsuite/../g77 version 3.1 20020214 (experimental)
=== gcc tests ===
Running target unix
FAIL: gcc.c-torture/execute/20011223-1.c execution, -O2
FAIL: gcc.c-torture/execute/20011223-1.c execution, -O3 -fomit-frame-pointer
FAIL: gcc.c-torture/execute/20011223-1.c execution, -O3 -g
FAIL: gcc.c-torture/execute/20011223-1.c execution, -Os
XPASS: gcc.c-torture/execute/loop-2e.c execution, -Os
FAIL: gcc.dg/i386-sse-2.c (test for excess errors)
=== gcc Summary ===
# of expected passes 17742
# of unexpected failures 5
# of unexpected successes 1
# of expected failures 65
# of unsupported tests 40
/usr/local/obj/gcc/gcc/xgcc version 3.1 20020214 (experimental)
=== objc tests ===
Running target unix
FAIL: objc/execute/IMP.m compilation, -O0
FAIL: objc/execute/IMP.m compilation, -O1
FAIL: objc/execute/IMP.m compilation, -O2
FAIL: objc/execute/IMP.m compilation, -O3 -fomit-frame-pointer
FAIL: objc/execute/IMP.m compilation, -O3 -g
FAIL: objc/execute/IMP.m compilation, -Os
FAIL: objc/execute/_cmd.m compilation, -O0
FAIL: objc/execute/_cmd.m compilation, -O1
FAIL: objc/execute/_cmd.m compilation, -O2
FAIL: objc/execute/_cmd.m compilation, -O3 -fomit-frame-pointer
FAIL: objc/execute/_cmd.m compilation, -O3 -g
FAIL: objc/execute/_cmd.m compilation, -Os
FAIL: objc/execute/accessing_ivars.m compilation, -O0
FAIL: objc/execute/accessing_ivars.m compilation, -O1
FAIL: objc/execute/accessing_ivars.m compilation, -O2
FAIL: objc/execute/accessing_ivars.m compilation, -O3 -fomit-frame-pointer
FAIL: objc/execute/accessing_ivars.m compilation, -O3 -g
FAIL: objc/execute/accessing_ivars.m compilation, -Os
FAIL: objc/execute/bf-1.m compilation, -O0
FAIL: objc/execute/bf-1.m compilation, -O1
FAIL: objc/execute/bf-1.m compilation, -O2
FAIL: objc/execute/bf-1.m compilation, -O3 -fomit-frame-pointer
FAIL: objc/execute/bf-1.m compilation, -O3 -g
FAIL: objc/execute/bf-1.m compilation, -Os
FAIL: objc/execute/bf-10.m compilation, -O0
FAIL: objc/execute/bf-10.m compilation, -O1
FAIL: objc/execute/bf-10.m compilation, -O2
FAIL: objc/execute/bf-10.m compilation, -O3 -fomit-frame-pointer
FAIL: objc/execute/bf-10.m compilation, -O3 -g
FAIL: objc/execute/bf-10.m compilation, -Os
FAIL: objc/execute/bf-11.m compilation, -O0
FAIL: objc/execute/bf-11.m compilation, -O1
FAIL: objc/execute/bf-11.m compilation, -O2
FAIL: objc/execute/bf-11.m compilation, -O3 -fomit-frame-pointer
FAIL: objc/execute/bf-11.m compilation, -O3 -g
FAIL: objc/execute/bf-11.m compilation, -Os
FAIL: objc/execute/bf-12.m compilation, -O0
FAIL: objc/execute/bf-12.m compilation, -O1
FAIL: objc/execute/bf-12.m compilation, -O2
FAIL: objc/execute/bf-12.m compilation, -O3 -fomit-frame-pointer
FAIL: objc/execute/bf-12.m compilation, -O3 -g
FAIL: objc/execute/bf-12.m compilation, -Os
FAIL: objc/execute/bf-13.m compilation, -O0
FAIL: objc/execute/bf-13.m compilation, -O1
FAIL: objc/execute/bf-13.m compilation, -O2
FAIL: objc/execute/bf-13.m compilation, -O3 -fomit-frame-pointer
FAIL: objc/execute/bf-13.m compilation, -O3 -g
FAIL: objc/execute/bf-13.m compilation, -Os
FAIL: objc/execute/bf-14.m compilation, -O0
FAIL: objc/execute/bf-14.m compilation, -O1
FAIL: objc/execute/bf-14.m compilation, -O2
FAIL: objc/execute/bf-14.m compilation, -O3 -fomit-frame-pointer
FAIL: objc/execute/bf-14.m compilation, -O3 -g
FAIL: objc/execute/bf-14.m compilation, -Os
FAIL: objc/execute/bf-15.m compilation, -O0
FAIL: objc/execute/bf-15.m compilation, -O1
FAIL: objc/execute/bf-15.m compilation, -O2
FAIL: objc/execute/bf-15.m compilation, -O3 -fomit-frame-pointer
FAIL: objc/execute/bf-15.m compilation, -O3 -g
FAIL: objc/execute/bf-15.m compilation, -Os
FAIL: objc/execute/bf-16.m compilation, -O0
FAIL: objc/execute/bf-16.m compilation, -O1
FAIL: objc/execute/bf-16.m compilation, -O2
FAIL: objc/execute/bf-16.m compilation, -O3 -fomit-frame-pointer
FAIL: objc/execute/bf-16.m compilation, -O3 -g
FAIL: objc/execute/bf-16.m compilation, -Os
FAIL: objc/execute/bf-17.m compilation, -O0
FAIL: objc/execute/bf-17.m compilation, -O1
FAIL: objc/execute/bf-17.m compilation, -O2
FAIL: objc/execute/bf-17.m compilation, -O3 -fomit-frame-pointer
FAIL: objc/execute/bf-17.m compilation, -O3 -g
FAIL: objc/execute/bf-17.m compilation, -Os
FAIL: objc/execute/bf-18.m compilation, -O0
FAIL: objc/execute/bf-18.m compilation, -O1
FAIL: objc/execute/bf-18.m compilation, -O2
FAIL: objc/execute/bf-18.m compilation, -O3 -fomit-frame-pointer
FAIL: objc/execute/bf-18.m compilation, -O3 -g
FAIL: objc/execute/bf-18.m compilation, -Os
FAIL: objc/execute/bf-19.m compilation, -O0
FAIL: objc/execute/bf-19.m compilation, -O1
FAIL: objc/execute/bf-19.m compilation, -O2
FAIL: objc/execute/bf-19.m compilation, -O3 -fomit-frame-pointer
FAIL: objc/execute/bf-19.m compilation, -O3 -g
FAIL: objc/execute/bf-19.m compilation, -Os
FAIL: objc/execute/bf-2.m compilation, -O0
FAIL: objc/execute/bf-2.m compilation, -O1
FAIL: objc/execute/bf-2.m compilation, -O2
FAIL: objc/execute/bf-2.m compilation, -O3 -fomit-frame-pointer
FAIL: objc/execute/bf-2.m compilation, -O3 -g
FAIL: objc/execute/bf-2.m compilation, -Os
FAIL: objc/execute/bf-20.m compilation, -O0
FAIL: objc/execute/bf-20.m compilation, -O1
FAIL: objc/execute/bf-20.m compilation, -O2
FAIL: objc/execute/bf-20.m compilation, -O3 -fomit-frame-pointer
FAIL: objc/execute/bf-20.m compilation, -O3 -g
FAIL: objc/execute/bf-20.m compilation, -Os
FAIL: objc/execute/bf-21.m compilation, -O0
FAIL: objc/execute/bf-21.m compilation, -O1
FAIL: objc/execute/bf-21.m compilation, -O2
FAIL: objc/execute/bf-21.m compilation, -O3 -fomit-frame-pointer
FAIL: objc/execute/bf-21.m compilation, -O3 -g
FAIL: objc/execute/bf-21.m compilation, -Os
FAIL: objc/execute/bf-3.m compilation, -O0
FAIL: objc/execute/bf-3.m compilation, -O1
FAIL: objc/execute/bf-3.m compilation, -O2
FAIL: objc/execute/bf-3.m compilation, -O3 -fomit-frame-pointer
FAIL: objc/execute/bf-3.m compilation, -O3 -g
FAIL: objc/execute/bf-3.m compilation, -Os
FAIL: objc/execute/bf-4.m compilation, -O0
FAIL: objc/execute/bf-4.m compilation, -O1
FAIL: objc/execute/bf-4.m compilation, -O2
FAIL: objc/execute/bf-4.m compilation, -O3 -fomit-frame-pointer
FAIL: objc/execute/bf-4.m compilation, -O3 -g
FAIL: objc/execute/bf-4.m compilation, -Os
FAIL: objc/execute/bf-5.m compilation, -O0
FAIL: objc/execute/bf-5.m compilation, -O1
FAIL: objc/execute/bf-5.m compilation, -O2
FAIL: objc/execute/bf-5.m compilation, -O3 -fomit-frame-pointer
FAIL: objc/execute/bf-5.m compilation, -O3 -g
FAIL: objc/execute/bf-5.m compilation, -Os
FAIL: objc/execute/bf-6.m compilation, -O0
FAIL: objc/execute/bf-6.m compilation, -O1
FAIL: objc/execute/bf-6.m compilation, -O2
FAIL: objc/execute/bf-6.m compilation, -O3 -fomit-frame-pointer
FAIL: objc/execute/bf-6.m compilation, -O3 -g
FAIL: objc/execute/bf-6.m compilation, -Os
FAIL: objc/execute/bf-7.m compilation, -O0
FAIL: objc/execute/bf-7.m compilation, -O1
FAIL: objc/execute/bf-7.m compilation, -O2
FAIL: objc/execute/bf-7.m compilation, -O3 -fomit-frame-pointer
FAIL: objc/execute/bf-7.m compilation, -O3 -g
FAIL: objc/execute/bf-7.m compilation, -Os
FAIL: objc/execute/bf-8.m compilation, -O0
FAIL: objc/execute/bf-8.m compilation, -O1
FAIL: objc/execute/bf-8.m compilation, -O2
FAIL: objc/execute/bf-8.m compilation, -O3 -fomit-frame-pointer
FAIL: objc/execute/bf-8.m compilation, -O3 -g
FAIL: objc/execute/bf-8.m compilation, -Os
FAIL: objc/execute/bf-9.m compilation, -O0
FAIL: objc/execute/bf-9.m compilation, -O1
FAIL: objc/execute/bf-9.m compilation, -O2
FAIL: objc/execute/bf-9.m compilation, -O3 -fomit-frame-pointer
FAIL: objc/execute/bf-9.m compilation, -O3 -g
FAIL: objc/execute/bf-9.m compilation, -Os
FAIL: objc/execute/bycopy-1.m compilation, -O0
FAIL: objc/execute/bycopy-1.m compilation, -O1
FAIL: objc/execute/bycopy-1.m compilation, -O2
FAIL: objc/execute/bycopy-1.m compilation, -O3 -fomit-frame-pointer
FAIL: objc/execute/bycopy-1.m compilation, -O3 -g
FAIL: objc/execute/bycopy-1.m compilation, -Os
FAIL: objc/execute/bycopy-2.m compilation, -O0
FAIL: objc/execute/bycopy-2.m compilation, -O1
FAIL: objc/execute/bycopy-2.m compilation, -O2
FAIL: objc/execute/bycopy-2.m compilation, -O3 -fomit-frame-pointer
FAIL: objc/execute/bycopy-2.m compilation, -O3 -g
FAIL: objc/execute/bycopy-2.m compilation, -Os
FAIL: objc/execute/bycopy-3.m compilation, -O0
FAIL: objc/execute/bycopy-3.m compilation, -O1
FAIL: objc/execute/bycopy-3.m compilation, -O2
FAIL: objc/execute/bycopy-3.m compilation, -O3 -fomit-frame-pointer
FAIL: objc/execute/bycopy-3.m compilation, -O3 -g
FAIL: objc/execute/bycopy-3.m compilation, -Os
FAIL: objc/execute/class-1.m compilation, -O0
FAIL: objc/execute/class-1.m compilation, -O1
FAIL: objc/execute/class-1.m compilation, -O2
FAIL: objc/execute/class-1.m compilation, -O3 -fomit-frame-pointer
FAIL: objc/execute/class-1.m compilation, -O3 -g
FAIL: objc/execute/class-1.m compilation, -Os
FAIL: objc/execute/class-10.m compilation, -O0
FAIL: objc/execute/class-10.m compilation, -O1
FAIL: objc/execute/class-10.m compilation, -O2
FAIL: objc/execute/class-10.m compilation, -O3 -fomit-frame-pointer
FAIL: objc/execute/class-10.m compilation, -O3 -g
FAIL: objc/execute/class-10.m compilation, -Os
FAIL: objc/execute/class-11.m compilation, -O0
FAIL: objc/execute/class-11.m compilation, -O1
FAIL: objc/execute/class-11.m compilation, -O2
FAIL: objc/execute/class-11.m compilation, -O3 -fomit-frame-pointer
FAIL: objc/execute/class-11.m compilation, -O3 -g
FAIL: objc/execute/class-11.m compilation, -Os
FAIL: objc/execute/class-12.m compilation, -O0
FAIL: objc/execute/class-12.m compilation, -O1
FAIL: objc/execute/class-12.m compilation, -O2
FAIL: objc/execute/class-12.m compilation, -O3 -fomit-frame-pointer
FAIL: objc/execute/class-12.m compilation, -O3 -g
FAIL: objc/execute/class-12.m compilation, -Os
FAIL: objc/execute/class-13.m compilation, -O0
FAIL: objc/execute/class-13.m compilation, -O1
FAIL: objc/execute/class-13.m compilation, -O2
FAIL: objc/execute/class-13.m compilation, -O3 -fomit-frame-pointer
FAIL: objc/execute/class-13.m compilation, -O3 -g
FAIL: objc/execute/class-13.m compilation, -Os
FAIL: objc/execute/class-14.m compilation, -O0
FAIL: objc/execute/class-14.m compilation, -O1
FAIL: objc/execute/class-14.m compilation, -O2
FAIL: objc/execute/class-14.m compilation, -O3 -fomit-frame-pointer
FAIL: objc/execute/class-14.m compilation, -O3 -g
FAIL: objc/execute/class-14.m compilation, -Os
FAIL: objc/execute/class-2.m compilation, -O0
FAIL: objc/execute/class-2.m compilation, -O1
FAIL: objc/execute/class-2.m compilation, -O2
FAIL: objc/execute/class-2.m compilation, -O3 -fomit-frame-pointer
FAIL: objc/execute/class-2.m compilation, -O3 -g
FAIL: objc/execute/class-2.m compilation, -Os
FAIL: objc/execute/class-3.m compilation, -O0
FAIL: objc/execute/class-3.m compilation, -O1
FAIL: objc/execute/class-3.m compilation, -O2
FAIL: objc/execute/class-3.m compilation, -O3 -fomit-frame-pointer
FAIL: objc/execute/class-3.m compilation, -O3 -g
FAIL: objc/execute/class-3.m compilation, -Os
FAIL: objc/execute/class-4.m compilation, -O0
FAIL: objc/execute/class-4.m compilation, -O1
FAIL: objc/execute/class-4.m compilation, -O2
FAIL: objc/execute/class-4.m compilation, -O3 -fomit-frame-pointer
FAIL: objc/execute/class-4.m compilation, -O3 -g
FAIL: objc/execute/class-4.m compilation, -Os
FAIL: objc/execute/class-5.m compilation, -O0
FAIL: objc/execute/class-5.m compilation, -O1
FAIL: objc/execute/class-5.m compilation, -O2
FAIL: objc/execute/class-5.m compilation, -O3 -fomit-frame-pointer
FAIL: objc/execute/class-5.m compilation, -O3 -g
FAIL: objc/execute/class-5.m compilation, -Os
FAIL: objc/execute/class-6.m compilation, -O0
FAIL: objc/execute/class-6.m compilation, -O1
FAIL: objc/execute/class-6.m compilation, -O2
FAIL: objc/execute/class-6.m compilation, -O3 -fomit-frame-pointer
FAIL: objc/execute/class-6.m compilation, -O3 -g
FAIL: objc/execute/class-6.m compilation, -Os
FAIL: objc/execute/class-7.m compilation, -O0
FAIL: objc/execute/class-7.m compilation, -O1
FAIL: objc/execute/class-7.m compilation, -O2
FAIL: objc/execute/class-7.m compilation, -O3 -fomit-frame-pointer
FAIL: objc/execute/class-7.m compilation, -O3 -g
FAIL: objc/execute/class-7.m compilation, -Os
FAIL: objc/execute/class-8.m compilation, -O0
FAIL: objc/execute/class-8.m compilation, -O1
FAIL: objc/execute/class-8.m compilation, -O2
FAIL: objc/execute/class-8.m compilation, -O3 -fomit-frame-pointer
FAIL: objc/execute/class-8.m compilation, -O3 -g
FAIL: objc/execute/class-8.m compilation, -Os
FAIL: objc/execute/class-9.m compilation, -O0
FAIL: objc/execute/class-9.m compilation, -O1
FAIL: objc/execute/class-9.m compilation, -O2
FAIL: objc/execute/class-9.m compilation, -O3 -fomit-frame-pointer
FAIL: objc/execute/class-9.m compilation, -O3 -g
FAIL: objc/execute/class-9.m compilation, -Os
FAIL: objc/execute/class_self-1.m compilation, -O0
FAIL: objc/execute/class_self-1.m compilation, -O1
FAIL: objc/execute/class_self-1.m compilation, -O2
FAIL: objc/execute/class_self-1.m compilation, -O3 -fomit-frame-pointer
FAIL: objc/execute/class_self-1.m compilation, -O3 -g
FAIL: objc/execute/class_self-1.m compilation, -Os
FAIL: objc/execute/class_self-2.m compilation, -O0
FAIL: objc/execute/class_self-2.m compilation, -O1
FAIL: objc/execute/class_self-2.m compilation, -O2
FAIL: objc/execute/class_self-2.m compilation, -O3 -fomit-frame-pointer
FAIL: objc/execute/class_self-2.m compilation, -O3 -g
FAIL: objc/execute/class_self-2.m compilation, -Os
FAIL: objc/execute/compatibility_alias.m compilation, -O0
FAIL: objc/execute/compatibility_alias.m compilation, -O1
FAIL: objc/execute/compatibility_alias.m compilation, -O2
FAIL: objc/execute/compatibility_alias.m compilation, -O3 -fomit-frame-pointer
FAIL: objc/execute/compatibility_alias.m compilation, -O3 -g
FAIL: objc/execute/compatibility_alias.m compilation, -Os
FAIL: objc/execute/enumeration-1.m compilation, -O0
FAIL: objc/execute/enumeration-1.m compilation, -O1
FAIL: objc/execute/enumeration-1.m compilation, -O2
FAIL: objc/execute/enumeration-1.m compilation, -O3 -fomit-frame-pointer
FAIL: objc/execute/enumeration-1.m compilation, -O3 -g
FAIL: objc/execute/enumeration-1.m compilation, -Os
FAIL: objc/execute/enumeration-2.m compilation, -O0
FAIL: objc/execute/enumeration-2.m compilation, -O1
FAIL: objc/execute/enumeration-2.m compilation, -O2
FAIL: objc/execute/enumeration-2.m compilation, -O3 -fomit-frame-pointer
FAIL: objc/execute/enumeration-2.m compilation, -O3 -g
FAIL: objc/execute/enumeration-2.m compilation, -Os
FAIL: objc/execute/fdecl.m compilation, -O0
FAIL: objc/execute/fdecl.m compilation, -O1
FAIL: objc/execute/fdecl.m compilation, -O2
FAIL: objc/execute/fdecl.m compilation, -O3 -fomit-frame-pointer
FAIL: objc/execute/fdecl.m compilation, -O3 -g
FAIL: objc/execute/fdecl.m compilation, -Os
FAIL: objc/execute/formal_protocol-1.m compilation, -O0
FAIL: objc/execute/formal_protocol-1.m compilation, -O1
FAIL: objc/execute/formal_protocol-1.m compilation, -O2
FAIL: objc/execute/formal_protocol-1.m compilation, -O3 -fomit-frame-pointer
FAIL: objc/execute/formal_protocol-1.m compilation, -O3 -g
FAIL: objc/execute/formal_protocol-1.m compilation, -Os
FAIL: objc/execute/formal_protocol-2.m compilation, -O0
FAIL: objc/execute/formal_protocol-2.m compilation, -O1
FAIL: objc/execute/formal_protocol-2.m compilation, -O2
FAIL: objc/execute/formal_protocol-2.m compilation, -O3 -fomit-frame-pointer
FAIL: objc/execute/formal_protocol-2.m compilation, -O3 -g
FAIL: objc/execute/formal_protocol-2.m compilation, -Os
FAIL: objc/execute/formal_protocol-3.m compilation, -O0
FAIL: objc/execute/formal_protocol-3.m compilation, -O1
FAIL: objc/execute/formal_protocol-3.m compilation, -O2
FAIL: objc/execute/formal_protocol-3.m compilation, -O3 -fomit-frame-pointer
FAIL: objc/execute/formal_protocol-3.m compilation, -O3 -g
FAIL: objc/execute/formal_protocol-3.m compilation, -Os
FAIL: objc/execute/formal_protocol-4.m compilation, -O0
FAIL: objc/execute/formal_protocol-4.m compilation, -O1
FAIL: objc/execute/formal_protocol-4.m compilation, -O2
FAIL: objc/execute/formal_protocol-4.m compilation, -O3 -fomit-frame-pointer
FAIL: objc/execute/formal_protocol-4.m compilation, -O3 -g
FAIL: objc/execute/formal_protocol-4.m compilation, -Os
FAIL: objc/execute/formal_protocol-5.m compilation, -O0
FAIL: objc/execute/formal_protocol-5.m compilation, -O1
FAIL: objc/execute/formal_protocol-5.m compilation, -O2
FAIL: objc/execute/formal_protocol-5.m compilation, -O3 -fomit-frame-pointer
FAIL: objc/execute/formal_protocol-5.m compilation, -O3 -g
FAIL: objc/execute/formal_protocol-5.m compilation, -Os
FAIL: objc/execute/formal_protocol-6.m compilation, -O0
FAIL: objc/execute/formal_protocol-6.m compilation, -O1
FAIL: objc/execute/formal_protocol-6.m compilation, -O2
FAIL: objc/execute/formal_protocol-6.m compilation, -O3 -fomit-frame-pointer
FAIL: objc/execute/formal_protocol-6.m compilation, -O3 -g
FAIL: objc/execute/formal_protocol-6.m compilation, -Os
FAIL: objc/execute/formal_protocol-7.m compilation, -O0
FAIL: objc/execute/formal_protocol-7.m compilation, -O1
FAIL: objc/execute/formal_protocol-7.m compilation, -O2
FAIL: objc/execute/formal_protocol-7.m compilation, -O3 -fomit-frame-pointer
FAIL: objc/execute/formal_protocol-7.m compilation, -O3 -g
FAIL: objc/execute/formal_protocol-7.m compilation, -Os
FAIL: objc/execute/initialize.m compilation, -O0
FAIL: objc/execute/initialize.m compilation, -O1
FAIL: objc/execute/initialize.m compilation, -O2
FAIL: objc/execute/initialize.m compilation, -O3 -fomit-frame-pointer
FAIL: objc/execute/initialize.m compilation, -O3 -g
FAIL: objc/execute/initialize.m compilation, -Os
FAIL: objc/execute/load-2.m compilation, -O0
FAIL: objc/execute/load-2.m compilation, -O1
FAIL: objc/execute/load-2.m compilation, -O2
FAIL: objc/execute/load-2.m compilation, -O3 -fomit-frame-pointer
FAIL: objc/execute/load-2.m compilation, -O3 -g
FAIL: objc/execute/load-2.m compilation, -Os
FAIL: objc/execute/load-3.m compilation, -O0
FAIL: objc/execute/load-3.m compilation, -O1
FAIL: objc/execute/load-3.m compilation, -O2
FAIL: objc/execute/load-3.m compilation, -O3 -fomit-frame-pointer
FAIL: objc/execute/load-3.m compilation, -O3 -fomit-frame-pointer -funroll-loops
FAIL: objc/execute/load-3.m compilation, -O3 -fomit-frame-pointer -funroll-all-loops -finline-functions
FAIL: objc/execute/load-3.m compilation, -O3 -g
FAIL: objc/execute/load-3.m compilation, -Os
FAIL: objc/execute/load.m compilation, -O0
FAIL: objc/execute/load.m compilation, -O1
FAIL: objc/execute/load.m compilation, -O2
FAIL: objc/execute/load.m compilation, -O3 -fomit-frame-pointer
FAIL: objc/execute/load.m compilation, -O3 -g
FAIL: objc/execute/load.m compilation, -Os
FAIL: objc/execute/many_args_method.m compilation, -O0
FAIL: objc/execute/many_args_method.m compilation, -O1
FAIL: objc/execute/many_args_method.m compilation, -O2
FAIL: objc/execute/many_args_method.m compilation, -O3 -fomit-frame-pointer
FAIL: objc/execute/many_args_method.m compilation, -O3 -g
FAIL: objc/execute/many_args_method.m compilation, -Os
FAIL: objc/execute/nested-3.m compilation, -O0
FAIL: objc/execute/nested-3.m compilation, -O1
FAIL: objc/execute/nested-3.m compilation, -O2
FAIL: objc/execute/nested-3.m compilation, -O3 -fomit-frame-pointer
FAIL: objc/execute/nested-3.m compilation, -O3 -g
FAIL: objc/execute/nested-3.m compilation, -Os
FAIL: objc/execute/no_clash.m compilation, -O0
FAIL: objc/execute/no_clash.m compilation, -O1
FAIL: objc/execute/no_clash.m compilation, -O2
FAIL: objc/execute/no_clash.m compilation, -O3 -fomit-frame-pointer
FAIL: objc/execute/no_clash.m compilation, -O3 -g
FAIL: objc/execute/no_clash.m compilation, -Os
FAIL: objc/execute/np-1.m compilation, -O0
FAIL: objc/execute/np-1.m compilation, -O1
FAIL: objc/execute/np-1.m compilation, -O2
FAIL: objc/execute/np-1.m compilation, -O3 -fomit-frame-pointer
FAIL: objc/execute/np-1.m compilation, -O3 -g
FAIL: objc/execute/np-1.m compilation, -Os
FAIL: objc/execute/np-2.m compilation, -O0
FAIL: objc/execute/np-2.m compilation, -O1
FAIL: objc/execute/np-2.m compilation, -O2
FAIL: objc/execute/np-2.m compilation, -O3 -fomit-frame-pointer
FAIL: objc/execute/np-2.m compilation, -O3 -g
FAIL: objc/execute/np-2.m compilation, -Os
FAIL: objc/execute/object_is_class.m compilation, -O0
FAIL: objc/execute/object_is_class.m compilation, -O1
FAIL: objc/execute/object_is_class.m compilation, -O2
FAIL: objc/execute/object_is_class.m compilation, -O3 -fomit-frame-pointer
FAIL: objc/execute/object_is_class.m compilation, -O3 -g
FAIL: objc/execute/object_is_class.m compilation, -Os
FAIL: objc/execute/object_is_meta_class.m compilation, -O0
FAIL: objc/execute/object_is_meta_class.m compilation, -O1
FAIL: objc/execute/object_is_meta_class.m compilation, -O2
FAIL: objc/execute/object_is_meta_class.m compilation, -O3 -fomit-frame-pointer
FAIL: objc/execute/object_is_meta_class.m compilation, -O3 -g
FAIL: objc/execute/object_is_meta_class.m compilation, -Os
FAIL: objc/execute/private.m compilation, -O0
FAIL: objc/execute/private.m compilation, -O1
FAIL: objc/execute/private.m compilation, -O2
FAIL: objc/execute/private.m compilation, -O3 -fomit-frame-pointer
FAIL: objc/execute/private.m compilation, -O3 -g
FAIL: objc/execute/private.m compilation, -Os
FAIL: objc/execute/protocol.m compilation, -O0
FAIL: objc/execute/protocol.m compilation, -O1
FAIL: objc/execute/protocol.m compilation, -O2
FAIL: objc/execute/protocol.m compilation, -O3 -fomit-frame-pointer
FAIL: objc/execute/protocol.m compilation, -O3 -g
FAIL: objc/execute/protocol.m compilation, -Os
FAIL: objc/execute/redefining_self.m compilation, -O0
FAIL: objc/execute/redefining_self.m compilation, -O1
FAIL: objc/execute/redefining_self.m compilation, -O2
FAIL: objc/execute/redefining_self.m compilation, -O3 -fomit-frame-pointer
FAIL: objc/execute/redefining_self.m compilation, -O3 -g
FAIL: objc/execute/redefining_self.m compilation, -Os
FAIL: objc/execute/root_methods.m compilation, -O0
FAIL: objc/execute/root_methods.m compilation, -O1
FAIL: objc/execute/root_methods.m compilation, -O2
FAIL: objc/execute/root_methods.m compilation, -O3 -fomit-frame-pointer
FAIL: objc/execute/root_methods.m compilation, -O3 -g
FAIL: objc/execute/root_methods.m compilation, -Os
FAIL: objc/execute/selector-1.m compilation, -O0
FAIL: objc/execute/selector-1.m compilation, -O1
FAIL: objc/execute/selector-1.m compilation, -O2
FAIL: objc/execute/selector-1.m compilation, -O3 -fomit-frame-pointer
FAIL: objc/execute/selector-1.m compilation, -O3 -g
FAIL: objc/execute/selector-1.m compilation, -Os
FAIL: objc/execute/static-1.m compilation, -O0
FAIL: objc/execute/static-1.m compilation, -O1
FAIL: objc/execute/static-1.m compilation, -O2
FAIL: objc/execute/static-1.m compilation, -O3 -fomit-frame-pointer
FAIL: objc/execute/static-1.m compilation, -O3 -g
FAIL: objc/execute/static-1.m compilation, -Os
FAIL: objc/execute/static-2.m compilation, -O0
FAIL: objc/execute/static-2.m compilation, -O1
FAIL: objc/execute/static-2.m compilation, -O2
FAIL: objc/execute/static-2.m compilation, -O3 -fomit-frame-pointer
FAIL: objc/execute/static-2.m compilation, -O3 -g
FAIL: objc/execute/static-2.m compilation, -Os
FAIL: objc/execute/string1.m compilation, -O0
FAIL: objc/execute/string1.m compilation, -O1
FAIL: objc/execute/string1.m compilation, -O2
FAIL: objc/execute/string1.m compilation, -O3 -fomit-frame-pointer
FAIL: objc/execute/string1.m compilation, -O3 -g
FAIL: objc/execute/string1.m compilation, -Os
FAIL: objc/execute/string2.m compilation, -O0
FAIL: objc/execute/string2.m compilation, -O1
FAIL: objc/execute/string2.m compilation, -O2
FAIL: objc/execute/string2.m compilation, -O3 -fomit-frame-pointer
FAIL: objc/execute/string2.m compilation, -O3 -g
FAIL: objc/execute/string2.m compilation, -Os
FAIL: objc/execute/string3.m compilation, -O0
FAIL: objc/execute/string3.m compilation, -O1
FAIL: objc/execute/string3.m compilation, -O2
FAIL: objc/execute/string3.m compilation, -O3 -fomit-frame-pointer
FAIL: objc/execute/string3.m compilation, -O3 -g
FAIL: objc/execute/string3.m compilation, -Os
FAIL: objc/execute/string4.m compilation, -O0
FAIL: objc/execute/string4.m compilation, -O1
FAIL: objc/execute/string4.m compilation, -O2
FAIL: objc/execute/string4.m compilation, -O3 -fomit-frame-pointer
FAIL: objc/execute/string4.m compilation, -O3 -g
FAIL: objc/execute/string4.m compilation, -Os
FAIL: objc/execute/va_method.m compilation, -O0
FAIL: objc/execute/va_method.m compilation, -O1
FAIL: objc/execute/va_method.m compilation, -O2
FAIL: objc/execute/va_method.m compilation, -O3 -fomit-frame-pointer
FAIL: objc/execute/va_method.m compilation, -O3 -fomit-frame-pointer -funroll-loops
FAIL: objc/execute/va_method.m compilation, -O3 -fomit-frame-pointer -funroll-all-loops -finline-functions
FAIL: objc/execute/va_method.m compilation, -O3 -g
FAIL: objc/execute/va_method.m compilation, -Os
FAIL: objc.dg/special/unclaimed-category-1.m (test for excess errors)
=== objc Summary ===
# of expected passes 108
# of unexpected failures 467
# of unresolved testcases 466
/usr/local/obj/gcc/gcc/xgcc version 3.1 20020214 (experimental)
=== libstdc++-v3 tests ===
Running target unix
FAIL: 21_strings/inserters_extractors.cc execution test
XPASS: 22_locale/collate_members_wchar_t.cc execution test
XPASS: 22_locale/money_get_members_wchar_t.cc execution test
XPASS: 22_locale/money_put_members_wchar_t.cc execution test
XPASS: 22_locale/moneypunct_members_wchar_t.cc execution test
XPASS: 22_locale/num_get_members_wchar_t.cc execution test
XPASS: 22_locale/num_put_members_wchar_t.cc execution test
XPASS: 22_locale/numpunct_members_wchar_t.cc execution test
XPASS: 22_locale/time_get_members_wchar_t.cc execution test
XPASS: 22_locale/time_put_members_wchar_t.cc execution test
FAIL: 26_numerics/complex_inserters_extractors.cc execution test
FAIL: 27_io/filebuf_members.cc execution test
FAIL: 27_io/instantiations.cc execution test
FAIL: 27_io/istream_extractor_arith.cc execution test
FAIL: 27_io/istream_extractor_char.cc execution test
FAIL: 27_io/istream_extractor_other.cc execution test
FAIL: 27_io/istream_manip.cc execution test
FAIL: 27_io/istream_seeks.cc execution test
FAIL: 27_io/istream_sentry.cc execution test
FAIL: 27_io/istringstream_members.cc execution test
FAIL: 27_io/ostream_inserter_other.cc execution test
FAIL: 27_io/stringstream_members.cc execution test
=== libstdc++-v3 Summary ===
# of expected passes 342
# of unexpected failures 13
# of unexpected successes 9
# of expected failures 16
Compiler version: 3.1 20020214 (experimental)
Platform: i686-pc-cygwin
configure flags: --host=i686-pc-cygwin --enable-threads=posix --disable-libgcj --enable-sjlj-exceptions --with-system-zlib --enable-nls --without-included-gettext --disable-shared
Counting all warnings,
there are 63 warnings in stage3 of this bootstrap.
Number of warnings per file:
24 gcc/combine.c
10 gcc/regclass.c
10 gcc/gcc.c
4 gcc/optabs.c
3 gcc/java/builtins.c
3 gcc/cp/lang-specs.h
2 gcc/fold-const.c
1 gcc/unwind-pe.h
1 gcc/sdbout.c
1 gcc/reload.c
1 gcc/objc/lang-specs.h
1 gcc/java/jvspec.c
1 gcc/ifcvt.c
1 gcc/function.c
Number of warning types:
37 comparison between signed and unsigned
9 string length \`???' is greater than the length \`???' ISO C89 compilers are required to support
4 traditional C rejects string concatenation
4 signed and unsigned type in conditional expression
3 unused parameter \`???'
2 assignment of read-only location
1 pointer targets in passing arg ??? of \`???' differ in signedness
1 assignment discards qualifiers from pointer target type
1 \`???' might be used uninitialized in this function
1 \`???' defined but not used
More information about the Gcc-testresults
mailing list