Results for 3.1 20020207 (experimental) testsuite on sparcv9-sun-solaris2.8
phil@disaster.jaj.com
phil@disaster.jaj.com
Fri Feb 8 11:11:00 GMT 2002
LAST_UPDATED: Fri Feb 8 10:01:17 UTC 2002
Native configuration is sparcv9-sun-solaris2.8
=== g++ tests ===
Running target unix
FAIL: g++.dg/special/conpr-2.C execution test
FAIL: g++.dg/special/conpr-3.C execution test
FAIL: g++.dg/special/initp1.C execution test
FAIL: g++.bob/inherit2.C (test for excess errors)
FAIL: g++.brendan/crash20.C caused compiler crash
FAIL: g++.ext/namedret1.C caused compiler crash
FAIL: g++.law/profile1.C (test for excess errors)
FAIL: g++.mike/net40.C (test for excess errors)
FAIL: g++.robertl/eb44.C (test for excess errors)
=== g++ Summary ===
# of expected passes 6862
# of unexpected failures 9
# of expected failures 91
# of untested testcases 23
# of unsupported tests 1
/tmp/pedwards/build9/gcc/testsuite/../g++ version 3.1 20020207 (experimental)
=== gcc tests ===
Running target unix
FAIL: gcc.c-torture/execute/20010122-1.c execution, -O0
FAIL: gcc.c-torture/execute/20010122-1.c execution, -O1
FAIL: gcc.c-torture/execute/20010122-1.c execution, -O2
FAIL: gcc.c-torture/execute/20010122-1.c execution, -O3 -fomit-frame-pointer
FAIL: gcc.c-torture/execute/20010122-1.c execution, -O3 -fomit-frame-pointer -funroll-loops
FAIL: gcc.c-torture/execute/20010122-1.c execution, -O3 -fomit-frame-pointer -funroll-all-loops -finline-functions
FAIL: gcc.c-torture/execute/20010122-1.c execution, -O3 -g
FAIL: gcc.c-torture/execute/20010122-1.c execution, -Os
FAIL: gcc.c-torture/execute/regstack-1.c execution, -O0
FAIL: gcc.c-torture/execute/strct-pack-1.c execution, -O2
FAIL: gcc.c-torture/execute/strct-pack-1.c execution, -Os
FAIL: gcc.dg/cpp/ucs.c bad U1234abcd evaluation (test for bogus messages, line 14)
FAIL: gcc.dg/cpp/ucs.c (test for excess errors)
FAIL: gcc.dg/20001013-1.c (test for excess errors)
FAIL: gcc.dg/20001101-1.c (test for excess errors)
FAIL: gcc.dg/20001102-1.c (test for excess errors)
FAIL: gcc.dg/c99-float-1.c (test for excess errors)
XPASS: gcc.dg/c99-intconst-1.c (test for excess errors)
FAIL: gcc.dg/noncompile/930622-1.c (test for excess errors)
FAIL: gcc.dg/special/gcsec-1.c (test for excess errors)
FAIL: linkage.c
=== gcc Summary ===
# of expected passes 17039
# of unexpected failures 20
# of unexpected successes 1
# of expected failures 53
# of unsupported tests 95
/tmp/pedwards/build9/gcc/xgcc version 3.1 20020207 (experimental)
=== libstdc++-v3 tests ===
Running target unix
XPASS: 22_locale/collate_members_wchar_t.cc execution test
XPASS: 22_locale/money_get_members_wchar_t.cc execution test
XPASS: 22_locale/money_put_members_wchar_t.cc execution test
XPASS: 22_locale/moneypunct_members_wchar_t.cc execution test
XPASS: 22_locale/num_get_members_wchar_t.cc execution test
XPASS: 22_locale/num_put_members_wchar_t.cc execution test
XPASS: 22_locale/numpunct_members_wchar_t.cc execution test
XPASS: 22_locale/time_get_members_wchar_t.cc execution test
XPASS: 22_locale/time_put_members_wchar_t.cc execution test
FAIL: 26_numerics/buggy_complex.cc (test for excess errors)
FAIL: 26_numerics/complex_value.cc (test for excess errors)
FAIL: 27_io/istream_extractor_arith.cc execution test
FAIL: thread/pthread4.cc execution test
=== libstdc++-v3 Summary ===
# of expected passes 349
# of unexpected failures 4
# of unexpected successes 9
# of expected failures 16
Compiler version: 3.1 20020207 (experimental)
Platform: sparcv9-sun-solaris2.8
configure flags: --host=sparcv9-sun-solaris2.8 --prefix=/local/pme/instdir-v9 --with-gnu-as --with-gnu-ld --enable-languages=c++ --disable-nls --disable-sim
More information about the Gcc-testresults
mailing list