Results for 3.1 20020205 (experimental) gcc testsuite on pdp10-xkl-tops20
Lars Brinkhoff
lars@xabbu.nocrew.org
Wed Feb 6 23:06:00 GMT 2002
LAST_UPDATED:
Target is pdp10-xkl-tops20
Host is powerpc-unknown-linux-gnu
=== gcc tests ===
Running target unix
FAIL: gcc.c-torture/compile/20000923-1.c, -O0
FAIL: gcc.c-torture/compile/20000923-1.c, -O1
FAIL: gcc.c-torture/compile/20000923-1.c, -O2
FAIL: gcc.c-torture/compile/20000923-1.c, -O3 -fomit-frame-pointer
FAIL: gcc.c-torture/compile/20000923-1.c, -O3 -g
FAIL: gcc.c-torture/compile/20000923-1.c, -Os
FAIL: gcc.c-torture/compile/920521-1.c, -O0 -S
FAIL: gcc.c-torture/compile/920521-1.c, -O1 -S
FAIL: gcc.c-torture/compile/920521-1.c, -O2 -S
FAIL: gcc.c-torture/compile/920521-1.c, -O3 -fomit-frame-pointer -S
FAIL: gcc.c-torture/compile/920521-1.c, -O3 -g -S
FAIL: gcc.c-torture/compile/920521-1.c, -Os -S
FAIL: gcc.c-torture/compile/920625-1.c, -O3 -g
FAIL: gcc.c-torture/compile/930120-1.c, -O1
FAIL: gcc.c-torture/compile/930523-1.c, -O3 -fomit-frame-pointer -funroll-all-loops -finline-functions
FAIL: gcc.c-torture/compile/931004-1.c, -O0
FAIL: gcc.c-torture/compile/931004-1.c, -O1
FAIL: gcc.c-torture/compile/931004-1.c, -O2
FAIL: gcc.c-torture/compile/931004-1.c, -O3 -fomit-frame-pointer
FAIL: gcc.c-torture/compile/931004-1.c, -O3 -g
FAIL: gcc.c-torture/compile/931004-1.c, -Os
FAIL: gcc.c-torture/compile/951106-1.c, -O0
FAIL: gcc.c-torture/compile/951106-1.c, -O1
FAIL: gcc.c-torture/compile/951106-1.c, -O2
FAIL: gcc.c-torture/compile/951106-1.c, -O3 -fomit-frame-pointer
FAIL: gcc.c-torture/compile/951106-1.c, -O3 -g
FAIL: gcc.c-torture/compile/951106-1.c, -Os
FAIL: gcc.c-torture/compile/960829-1.c, -O0
FAIL: gcc.c-torture/compile/960829-1.c, -O1
FAIL: gcc.c-torture/compile/960829-1.c, -O2
FAIL: gcc.c-torture/compile/960829-1.c, -O3 -fomit-frame-pointer
FAIL: gcc.c-torture/compile/960829-1.c, -O3 -g
FAIL: gcc.c-torture/compile/960829-1.c, -Os
FAIL: gcc.c-torture/compile/961203-1.c, -O1
FAIL: gcc.c-torture/compile/961203-1.c, -O2
FAIL: gcc.c-torture/compile/961203-1.c, -O3 -fomit-frame-pointer
FAIL: gcc.c-torture/compile/961203-1.c, -O3 -g
FAIL: gcc.c-torture/compile/961203-1.c, -Os
FAIL: gcc.c-torture/compile/990517-1.c, -O0
FAIL: gcc.c-torture/compile/990517-1.c, -O1
FAIL: gcc.c-torture/compile/990517-1.c, -O2
FAIL: gcc.c-torture/compile/990517-1.c, -O3 -fomit-frame-pointer
FAIL: gcc.c-torture/compile/990517-1.c, -O3 -fomit-frame-pointer -funroll-loops
FAIL: gcc.c-torture/compile/990517-1.c, -O3 -fomit-frame-pointer -funroll-all-loops -finline-functions
FAIL: gcc.c-torture/compile/990517-1.c, -O3 -g
FAIL: gcc.c-torture/compile/990517-1.c, -Os
FAIL: gcc.c-torture/compile/990617-1.c, -O1
FAIL: gcc.c-torture/compile/990617-1.c, -O2
FAIL: gcc.c-torture/compile/990617-1.c, -O3 -fomit-frame-pointer
FAIL: gcc.c-torture/compile/990617-1.c, -O3 -fomit-frame-pointer -funroll-loops
FAIL: gcc.c-torture/compile/990617-1.c, -O3 -fomit-frame-pointer -funroll-all-loops -finline-functions
FAIL: gcc.c-torture/compile/990617-1.c, -O3 -g
FAIL: gcc.c-torture/compile/990617-1.c, -Os
FAIL: gcc.c-torture/compile/20010516-1.c, -O3 -g
FAIL: gcc.c-torture/compile/20010903-1.c, -O0
FAIL: gcc.c-torture/compile/20010903-1.c, -O1
FAIL: gcc.c-torture/compile/20010903-1.c, -O2
FAIL: gcc.c-torture/compile/20010903-1.c, -O3 -fomit-frame-pointer
FAIL: gcc.c-torture/compile/20010903-1.c, -O3 -fomit-frame-pointer -funroll-loops
FAIL: gcc.c-torture/compile/20010903-1.c, -O3 -fomit-frame-pointer -funroll-all-loops -finline-functions
FAIL: gcc.c-torture/compile/20010903-1.c, -O3 -g
FAIL: gcc.c-torture/compile/20010903-1.c, -Os
FAIL: gcc.c-torture/compile/20011114-1.c, -O0
FAIL: gcc.c-torture/compile/20011114-1.c, -O1
FAIL: gcc.c-torture/compile/20011114-1.c, -O2
FAIL: gcc.c-torture/compile/20011114-1.c, -O3 -fomit-frame-pointer
FAIL: gcc.c-torture/compile/20011114-1.c, -O3 -g
FAIL: gcc.c-torture/compile/20011114-1.c, -Os
FAIL: gcc.c-torture/compile/20011119-1.c, -O0
FAIL: gcc.c-torture/compile/20011119-1.c, -O1
FAIL: gcc.c-torture/compile/20011119-1.c, -O2
FAIL: gcc.c-torture/compile/20011119-1.c, -O3 -fomit-frame-pointer
FAIL: gcc.c-torture/compile/20011119-1.c, -O3 -g
FAIL: gcc.c-torture/compile/20011119-1.c, -Os
FAIL: gcc.c-torture/compile/20011119-2.c, -O0
FAIL: gcc.c-torture/compile/20011119-2.c, -O1
FAIL: gcc.c-torture/compile/20011119-2.c, -O2
FAIL: gcc.c-torture/compile/20011119-2.c, -O3 -fomit-frame-pointer
FAIL: gcc.c-torture/compile/20011119-2.c, -O3 -g
FAIL: gcc.c-torture/compile/20011119-2.c, -Os
FAIL: gcc.c-torture/execute/20000217-1.c compilation, -O3 -g
FAIL: gcc.c-torture/execute/20000726-1.c compilation, -O3 -g
FAIL: gcc.c-torture/execute/20000815-1.c execution, -O0
FAIL: gcc.c-torture/execute/20000815-1.c execution, -O1
FAIL: gcc.c-torture/execute/20000815-1.c execution, -O2
FAIL: gcc.c-torture/execute/20000815-1.c execution, -O3 -fomit-frame-pointer -funroll-all-loops -finline-functions
FAIL: gcc.c-torture/execute/20000819-1.c execution, -O3 -fomit-frame-pointer
FAIL: gcc.c-torture/execute/20000819-1.c execution, -O3 -g
FAIL: gcc.c-torture/execute/20000910-2.c compilation, -O0
FAIL: gcc.c-torture/execute/20000914-1.c execution, -O0
FAIL: gcc.c-torture/execute/20000914-1.c execution, -O1
FAIL: gcc.c-torture/execute/20000914-1.c execution, -O2
FAIL: gcc.c-torture/execute/20000914-1.c execution, -O3 -fomit-frame-pointer
FAIL: gcc.c-torture/execute/20000914-1.c execution, -O3 -g
FAIL: gcc.c-torture/execute/20000914-1.c execution, -Os
FAIL: gcc.c-torture/execute/20001009-1.c execution, -O0
FAIL: gcc.c-torture/execute/20001009-1.c execution, -O1
FAIL: gcc.c-torture/execute/20001009-1.c execution, -O2
FAIL: gcc.c-torture/execute/20001009-1.c execution, -O3 -fomit-frame-pointer
FAIL: gcc.c-torture/execute/20001009-1.c execution, -O3 -g
FAIL: gcc.c-torture/execute/20001009-1.c execution, -Os
FAIL: gcc.c-torture/execute/20001009-2.c execution, -O0
FAIL: gcc.c-torture/execute/20001009-2.c execution, -O1
FAIL: gcc.c-torture/execute/20001009-2.c execution, -O2
FAIL: gcc.c-torture/execute/20001009-2.c execution, -O3 -fomit-frame-pointer
FAIL: gcc.c-torture/execute/20001009-2.c execution, -O3 -fomit-frame-pointer -funroll-loops
FAIL: gcc.c-torture/execute/20001009-2.c execution, -O3 -fomit-frame-pointer -funroll-all-loops -finline-functions
FAIL: gcc.c-torture/execute/20001009-2.c execution, -O3 -g
FAIL: gcc.c-torture/execute/20001009-2.c execution, -Os
FAIL: gcc.c-torture/execute/20001026-1.c execution, -O0
FAIL: gcc.c-torture/execute/20001026-1.c execution, -O1
FAIL: gcc.c-torture/execute/20001026-1.c execution, -O2
FAIL: gcc.c-torture/execute/20001026-1.c execution, -O3 -fomit-frame-pointer
FAIL: gcc.c-torture/execute/20001026-1.c execution, -O3 -fomit-frame-pointer -funroll-loops
FAIL: gcc.c-torture/execute/20001026-1.c execution, -O3 -fomit-frame-pointer -funroll-all-loops -finline-functions
FAIL: gcc.c-torture/execute/20001026-1.c execution, -O3 -g
FAIL: gcc.c-torture/execute/20001026-1.c execution, -Os
FAIL: gcc.c-torture/execute/20001130-2.c execution, -O0
FAIL: gcc.c-torture/execute/20001130-2.c execution, -O1
FAIL: gcc.c-torture/execute/20001130-2.c execution, -O2
FAIL: gcc.c-torture/execute/20001130-2.c execution, -O3 -fomit-frame-pointer
FAIL: gcc.c-torture/execute/20001130-2.c execution, -O3 -g
FAIL: gcc.c-torture/execute/20001130-2.c execution, -Os
FAIL: gcc.c-torture/execute/20010106-1.c execution, -O0
FAIL: gcc.c-torture/execute/20010106-1.c execution, -O1
FAIL: gcc.c-torture/execute/20010106-1.c execution, -O2
FAIL: gcc.c-torture/execute/20010106-1.c execution, -O3 -fomit-frame-pointer
FAIL: gcc.c-torture/execute/20010106-1.c execution, -O3 -g
FAIL: gcc.c-torture/execute/20010106-1.c execution, -Os
FAIL: gcc.c-torture/execute/20010116-1.c execution, -O0
FAIL: gcc.c-torture/execute/20010116-1.c execution, -O1
FAIL: gcc.c-torture/execute/20010116-1.c execution, -O2
FAIL: gcc.c-torture/execute/20010116-1.c execution, -O3 -fomit-frame-pointer
FAIL: gcc.c-torture/execute/20010116-1.c execution, -O3 -fomit-frame-pointer -funroll-loops
FAIL: gcc.c-torture/execute/20010116-1.c execution, -O3 -fomit-frame-pointer -funroll-all-loops -finline-functions
FAIL: gcc.c-torture/execute/20010116-1.c execution, -O3 -g
FAIL: gcc.c-torture/execute/20010116-1.c execution, -Os
FAIL: gcc.c-torture/execute/20010122-1.c execution, -O0
FAIL: gcc.c-torture/execute/20010122-1.c execution, -O1
FAIL: gcc.c-torture/execute/20010122-1.c execution, -O2
FAIL: gcc.c-torture/execute/20010122-1.c execution, -O3 -fomit-frame-pointer
FAIL: gcc.c-torture/execute/20010122-1.c execution, -O3 -fomit-frame-pointer -funroll-loops
FAIL: gcc.c-torture/execute/20010122-1.c execution, -O3 -fomit-frame-pointer -funroll-all-loops -finline-functions
FAIL: gcc.c-torture/execute/20010122-1.c execution, -O3 -g
FAIL: gcc.c-torture/execute/20010122-1.c execution, -Os
FAIL: gcc.c-torture/execute/20010123-1.c execution, -O3 -fomit-frame-pointer -funroll-loops
FAIL: gcc.c-torture/execute/20010123-1.c execution, -O3 -fomit-frame-pointer -funroll-all-loops -finline-functions
FAIL: gcc.c-torture/execute/20010206-1.c compilation, -O3 -g
FAIL: gcc.c-torture/execute/20010222-1.c execution, -O3 -fomit-frame-pointer
FAIL: gcc.c-torture/execute/20010222-1.c execution, -O3 -g
FAIL: gcc.c-torture/execute/20010224-1.c execution, -O0
FAIL: gcc.c-torture/execute/20010224-1.c execution, -O1
FAIL: gcc.c-torture/execute/20010224-1.c execution, -O2
FAIL: gcc.c-torture/execute/20010224-1.c execution, -O3 -fomit-frame-pointer
FAIL: gcc.c-torture/execute/20010224-1.c execution, -O3 -fomit-frame-pointer -funroll-loops
FAIL: gcc.c-torture/execute/20010224-1.c execution, -O3 -fomit-frame-pointer -funroll-all-loops -finline-functions
FAIL: gcc.c-torture/execute/20010224-1.c execution, -O3 -g
FAIL: gcc.c-torture/execute/20010224-1.c execution, -Os
FAIL: gcc.c-torture/execute/20010329-1.c execution, -O0
FAIL: gcc.c-torture/execute/20010518-2.c execution, -O0
FAIL: gcc.c-torture/execute/20010518-2.c execution, -O1
FAIL: gcc.c-torture/execute/20010518-2.c execution, -O2
FAIL: gcc.c-torture/execute/20010518-2.c execution, -O3 -fomit-frame-pointer
FAIL: gcc.c-torture/execute/20010518-2.c execution, -O3 -g
FAIL: gcc.c-torture/execute/20010518-2.c execution, -Os
FAIL: gcc.c-torture/execute/20010605-2.c execution, -O1
FAIL: gcc.c-torture/execute/20010605-2.c execution, -O2
FAIL: gcc.c-torture/execute/20010605-2.c execution, -O3 -fomit-frame-pointer
FAIL: gcc.c-torture/execute/20010605-2.c execution, -O3 -g
FAIL: gcc.c-torture/execute/20010605-2.c execution, -Os
FAIL: gcc.c-torture/execute/20010904-1.c execution, -O0
FAIL: gcc.c-torture/execute/20010904-1.c execution, -O1
FAIL: gcc.c-torture/execute/20010904-1.c execution, -O2
FAIL: gcc.c-torture/execute/20010904-1.c execution, -O3 -fomit-frame-pointer
FAIL: gcc.c-torture/execute/20010904-1.c execution, -O3 -g
FAIL: gcc.c-torture/execute/20010904-1.c execution, -Os
FAIL: gcc.c-torture/execute/20010904-2.c execution, -O0
FAIL: gcc.c-torture/execute/20010904-2.c execution, -O1
FAIL: gcc.c-torture/execute/20010904-2.c execution, -O2
FAIL: gcc.c-torture/execute/20010904-2.c execution, -O3 -fomit-frame-pointer
FAIL: gcc.c-torture/execute/20010904-2.c execution, -O3 -g
FAIL: gcc.c-torture/execute/20010904-2.c execution, -Os
FAIL: gcc.c-torture/execute/20010910-1.c execution, -O0
FAIL: gcc.c-torture/execute/20010910-1.c execution, -O1
FAIL: gcc.c-torture/execute/20010910-1.c execution, -O2
FAIL: gcc.c-torture/execute/20010910-1.c execution, -O3 -fomit-frame-pointer
FAIL: gcc.c-torture/execute/20010910-1.c execution, -O3 -fomit-frame-pointer -funroll-loops
FAIL: gcc.c-torture/execute/20010910-1.c execution, -O3 -fomit-frame-pointer -funroll-all-loops -finline-functions
FAIL: gcc.c-torture/execute/20010910-1.c execution, -O3 -g
FAIL: gcc.c-torture/execute/20010910-1.c execution, -Os
FAIL: gcc.c-torture/execute/20010915-1.c compilation, -O0
FAIL: gcc.c-torture/execute/20010915-1.c compilation, -O1
FAIL: gcc.c-torture/execute/20010915-1.c compilation, -O2
FAIL: gcc.c-torture/execute/20010915-1.c compilation, -O3 -fomit-frame-pointer
FAIL: gcc.c-torture/execute/20010915-1.c compilation, -O3 -fomit-frame-pointer -funroll-loops
FAIL: gcc.c-torture/execute/20010915-1.c compilation, -O3 -fomit-frame-pointer -funroll-all-loops -finline-functions
FAIL: gcc.c-torture/execute/20010915-1.c compilation, -O3 -g
FAIL: gcc.c-torture/execute/20010915-1.c compilation, -Os
FAIL: gcc.c-torture/execute/20011008-3.c execution, -O2
FAIL: gcc.c-torture/execute/20011008-3.c execution, -O3 -fomit-frame-pointer -funroll-all-loops -finline-functions
FAIL: gcc.c-torture/execute/20011008-3.c execution, -Os
FAIL: gcc.c-torture/execute/20011019-1.c execution, -O0
FAIL: gcc.c-torture/execute/20011019-1.c execution, -O1
FAIL: gcc.c-torture/execute/20011019-1.c execution, -O2
FAIL: gcc.c-torture/execute/20011019-1.c execution, -O3 -fomit-frame-pointer
FAIL: gcc.c-torture/execute/20011019-1.c execution, -O3 -g
FAIL: gcc.c-torture/execute/20011019-1.c execution, -Os
FAIL: gcc.c-torture/execute/20011024-1.c execution, -O1
FAIL: gcc.c-torture/execute/20011024-1.c execution, -O2
FAIL: gcc.c-torture/execute/20011024-1.c execution, -O3 -fomit-frame-pointer
FAIL: gcc.c-torture/execute/20011024-1.c execution, -O3 -g
FAIL: gcc.c-torture/execute/20011024-1.c execution, -Os
FAIL: gcc.c-torture/execute/20011109-1.c execution, -O0
FAIL: gcc.c-torture/execute/20011109-1.c execution, -O1
FAIL: gcc.c-torture/execute/20011109-1.c execution, -O2
FAIL: gcc.c-torture/execute/20011109-1.c execution, -O3 -fomit-frame-pointer
FAIL: gcc.c-torture/execute/20011109-1.c execution, -O3 -g
FAIL: gcc.c-torture/execute/20011109-1.c execution, -Os
FAIL: gcc.c-torture/execute/20011114-1.c execution, -O3 -fomit-frame-pointer
FAIL: gcc.c-torture/execute/20011114-1.c execution, -O3 -g
FAIL: gcc.c-torture/execute/20011217-1.c execution, -O0
FAIL: gcc.c-torture/execute/20011217-1.c execution, -O1
FAIL: gcc.c-torture/execute/20011217-1.c execution, -O2
FAIL: gcc.c-torture/execute/20011217-1.c execution, -O3 -fomit-frame-pointer
FAIL: gcc.c-torture/execute/20011217-1.c execution, -O3 -g
FAIL: gcc.c-torture/execute/20011217-1.c execution, -Os
FAIL: gcc.c-torture/execute/20011219-1.c execution, -O0
FAIL: gcc.c-torture/execute/20011219-1.c execution, -O1
FAIL: gcc.c-torture/execute/20011219-1.c execution, -O2
FAIL: gcc.c-torture/execute/20011219-1.c execution, -O3 -fomit-frame-pointer
FAIL: gcc.c-torture/execute/20011219-1.c execution, -O3 -g
FAIL: gcc.c-torture/execute/20011219-1.c execution, -Os
FAIL: gcc.c-torture/execute/20020107-1.c execution, -O0
FAIL: gcc.c-torture/execute/20020107-1.c compilation, -O1
FAIL: gcc.c-torture/execute/20020107-1.c compilation, -O2
FAIL: gcc.c-torture/execute/20020107-1.c compilation, -O3 -fomit-frame-pointer
FAIL: gcc.c-torture/execute/20020107-1.c compilation, -O3 -g
FAIL: gcc.c-torture/execute/20020107-1.c compilation, -Os
FAIL: gcc.c-torture/execute/20020201-1.c compilation, -O0
FAIL: gcc.c-torture/execute/20020201-1.c compilation, -O1
FAIL: gcc.c-torture/execute/20020201-1.c compilation, -O2
FAIL: gcc.c-torture/execute/20020201-1.c compilation, -O3 -fomit-frame-pointer
FAIL: gcc.c-torture/execute/20020201-1.c compilation, -O3 -g
FAIL: gcc.c-torture/execute/20020201-1.c compilation, -Os
FAIL: gcc.c-torture/execute/900409-1.c execution, -O0
FAIL: gcc.c-torture/execute/920302-1.c compilation, -O0
FAIL: gcc.c-torture/execute/920302-1.c compilation, -O1
FAIL: gcc.c-torture/execute/920302-1.c compilation, -O2
FAIL: gcc.c-torture/execute/920302-1.c compilation, -O3 -fomit-frame-pointer
FAIL: gcc.c-torture/execute/920302-1.c compilation, -O3 -fomit-frame-pointer -funroll-loops
FAIL: gcc.c-torture/execute/920302-1.c compilation, -O3 -fomit-frame-pointer -funroll-all-loops -finline-functions
FAIL: gcc.c-torture/execute/920302-1.c compilation, -O3 -g
FAIL: gcc.c-torture/execute/920302-1.c compilation, -Os
FAIL: gcc.c-torture/execute/920411-1.c execution, -O0
FAIL: gcc.c-torture/execute/920411-1.c execution, -O1
FAIL: gcc.c-torture/execute/920411-1.c execution, -O2
FAIL: gcc.c-torture/execute/920411-1.c execution, -O3 -fomit-frame-pointer
FAIL: gcc.c-torture/execute/920411-1.c execution, -O3 -fomit-frame-pointer -funroll-loops
FAIL: gcc.c-torture/execute/920411-1.c execution, -O3 -fomit-frame-pointer -funroll-all-loops -finline-functions
FAIL: gcc.c-torture/execute/920411-1.c execution, -O3 -g
FAIL: gcc.c-torture/execute/920411-1.c execution, -Os
FAIL: gcc.c-torture/execute/920428-1.c compilation, -O0
FAIL: gcc.c-torture/execute/920428-1.c compilation, -O1
FAIL: gcc.c-torture/execute/920428-1.c compilation, -O2
FAIL: gcc.c-torture/execute/920428-1.c compilation, -O3 -fomit-frame-pointer
FAIL: gcc.c-torture/execute/920428-1.c compilation, -O3 -g
FAIL: gcc.c-torture/execute/920428-1.c compilation, -Os
FAIL: gcc.c-torture/execute/920501-2.c compilation, -O0
FAIL: gcc.c-torture/execute/920501-2.c compilation, -O1
FAIL: gcc.c-torture/execute/920501-2.c compilation, -O2
FAIL: gcc.c-torture/execute/920501-2.c compilation, -Os
FAIL: gcc.c-torture/execute/920501-3.c execution, -O0
FAIL: gcc.c-torture/execute/920501-3.c execution, -O1
FAIL: gcc.c-torture/execute/920501-3.c execution, -O2
FAIL: gcc.c-torture/execute/920501-3.c execution, -O3 -fomit-frame-pointer
FAIL: gcc.c-torture/execute/920501-3.c execution, -O3 -fomit-frame-pointer -funroll-loops
FAIL: gcc.c-torture/execute/920501-3.c execution, -O3 -fomit-frame-pointer -funroll-all-loops -finline-functions
FAIL: gcc.c-torture/execute/920501-3.c execution, -O3 -g
FAIL: gcc.c-torture/execute/920501-3.c execution, -Os
FAIL: gcc.c-torture/execute/920501-8.c compilation, -O0
FAIL: gcc.c-torture/execute/920501-8.c compilation, -O1
FAIL: gcc.c-torture/execute/920501-8.c compilation, -O2
FAIL: gcc.c-torture/execute/920501-8.c compilation, -O3 -fomit-frame-pointer
FAIL: gcc.c-torture/execute/920501-8.c compilation, -O3 -g
FAIL: gcc.c-torture/execute/920501-8.c compilation, -Os
FAIL: gcc.c-torture/execute/920603-1.c execution, -O0
FAIL: gcc.c-torture/execute/920603-1.c execution, -O1
FAIL: gcc.c-torture/execute/920603-1.c execution, -O2
FAIL: gcc.c-torture/execute/920603-1.c execution, -O3 -fomit-frame-pointer
FAIL: gcc.c-torture/execute/920603-1.c execution, -O3 -g
FAIL: gcc.c-torture/execute/920603-1.c execution, -Os
FAIL: gcc.c-torture/execute/920625-1.c compilation, -O0
FAIL: gcc.c-torture/execute/920625-1.c compilation, -O1
FAIL: gcc.c-torture/execute/920625-1.c compilation, -O2
FAIL: gcc.c-torture/execute/920625-1.c compilation, -O3 -fomit-frame-pointer
FAIL: gcc.c-torture/execute/920625-1.c compilation, -O3 -fomit-frame-pointer -funroll-loops
FAIL: gcc.c-torture/execute/920625-1.c compilation, -O3 -fomit-frame-pointer -funroll-all-loops -finline-functions
FAIL: gcc.c-torture/execute/920625-1.c compilation, -O3 -g
FAIL: gcc.c-torture/execute/920625-1.c compilation, -Os
FAIL: gcc.c-torture/execute/920721-3.c execution, -O1
FAIL: gcc.c-torture/execute/920721-3.c execution, -O2
FAIL: gcc.c-torture/execute/920721-3.c execution, -Os
FAIL: gcc.c-torture/execute/920721-4.c execution, -O0
FAIL: gcc.c-torture/execute/920721-4.c execution, -O1
FAIL: gcc.c-torture/execute/920721-4.c execution, -O2
FAIL: gcc.c-torture/execute/920721-4.c execution, -O3 -fomit-frame-pointer
FAIL: gcc.c-torture/execute/920721-4.c execution, -O3 -fomit-frame-pointer -funroll-loops
FAIL: gcc.c-torture/execute/920721-4.c execution, -O3 -fomit-frame-pointer -funroll-all-loops -finline-functions
FAIL: gcc.c-torture/execute/920721-4.c execution, -O3 -g
FAIL: gcc.c-torture/execute/920721-4.c execution, -Os
FAIL: gcc.c-torture/execute/920726-1.c execution, -O0
FAIL: gcc.c-torture/execute/920726-1.c execution, -O1
FAIL: gcc.c-torture/execute/920726-1.c execution, -O2
FAIL: gcc.c-torture/execute/920726-1.c execution, -O3 -fomit-frame-pointer
FAIL: gcc.c-torture/execute/920726-1.c execution, -O3 -fomit-frame-pointer -funroll-loops
FAIL: gcc.c-torture/execute/920726-1.c execution, -O3 -fomit-frame-pointer -funroll-all-loops -finline-functions
FAIL: gcc.c-torture/execute/920726-1.c execution, -O3 -g
FAIL: gcc.c-torture/execute/920726-1.c execution, -Os
FAIL: gcc.c-torture/execute/920730-1.c execution, -O0
FAIL: gcc.c-torture/execute/920730-1t.c execution, -O0
FAIL: gcc.c-torture/execute/920810-1.c execution, -O0
FAIL: gcc.c-torture/execute/920810-1.c execution, -O1
FAIL: gcc.c-torture/execute/920810-1.c execution, -O2
FAIL: gcc.c-torture/execute/920810-1.c execution, -O3 -fomit-frame-pointer
FAIL: gcc.c-torture/execute/920810-1.c execution, -O3 -g
FAIL: gcc.c-torture/execute/920810-1.c execution, -Os
FAIL: gcc.c-torture/execute/920908-2.c execution, -O0
FAIL: gcc.c-torture/execute/920908-2.c execution, -O1
FAIL: gcc.c-torture/execute/920908-2.c execution, -O2
FAIL: gcc.c-torture/execute/920908-2.c execution, -O3 -fomit-frame-pointer
FAIL: gcc.c-torture/execute/920908-2.c execution, -O3 -g
FAIL: gcc.c-torture/execute/920908-2.c execution, -Os
FAIL: gcc.c-torture/execute/921016-1.c execution, -O0
FAIL: gcc.c-torture/execute/921016-1.c execution, -O1
FAIL: gcc.c-torture/execute/921016-1.c execution, -O2
FAIL: gcc.c-torture/execute/921016-1.c execution, -O3 -fomit-frame-pointer
FAIL: gcc.c-torture/execute/921016-1.c execution, -O3 -g
FAIL: gcc.c-torture/execute/921016-1.c execution, -Os
FAIL: gcc.c-torture/execute/921113-1.c execution, -O0
FAIL: gcc.c-torture/execute/921113-1.c execution, -O1
FAIL: gcc.c-torture/execute/921113-1.c execution, -O2
FAIL: gcc.c-torture/execute/921113-1.c execution, -O3 -fomit-frame-pointer
FAIL: gcc.c-torture/execute/921113-1.c execution, -O3 -g
FAIL: gcc.c-torture/execute/921113-1.c execution, -Os
FAIL: gcc.c-torture/execute/921117-1.c execution, -O3 -fomit-frame-pointer
FAIL: gcc.c-torture/execute/921117-1.c execution, -O3 -g
FAIL: gcc.c-torture/execute/921123-1.c compilation, -O3 -g
FAIL: gcc.c-torture/execute/921124-1.c compilation, -O0
FAIL: gcc.c-torture/execute/921124-1.c compilation, -O1
FAIL: gcc.c-torture/execute/921124-1.c compilation, -O2
FAIL: gcc.c-torture/execute/921124-1.c compilation, -Os
FAIL: gcc.c-torture/execute/921208-1.c execution, -O0
FAIL: gcc.c-torture/execute/930123-1.c execution, -O0
FAIL: gcc.c-torture/execute/930123-1.c execution, -O1
FAIL: gcc.c-torture/execute/930208-1.c execution, -O1
FAIL: gcc.c-torture/execute/930208-1.c execution, -O2
FAIL: gcc.c-torture/execute/930513-1.c execution, -O0
FAIL: gcc.c-torture/execute/930513-1.c execution, -Os
FAIL: gcc.c-torture/execute/930529-1.c execution, -O0
FAIL: gcc.c-torture/execute/930529-1.c execution, -O3 -fomit-frame-pointer
FAIL: gcc.c-torture/execute/930529-1.c execution, -O3 -fomit-frame-pointer -funroll-loops
FAIL: gcc.c-torture/execute/930529-1.c execution, -O3 -fomit-frame-pointer -funroll-all-loops -finline-functions
FAIL: gcc.c-torture/execute/930529-1.c execution, -O3 -g
FAIL: gcc.c-torture/execute/930529-1.c execution, -Os
FAIL: gcc.c-torture/execute/930603-2.c execution, -O0
FAIL: gcc.c-torture/execute/930603-2.c execution, -O1
FAIL: gcc.c-torture/execute/930603-2.c execution, -O2
FAIL: gcc.c-torture/execute/930603-2.c execution, -O3 -fomit-frame-pointer
FAIL: gcc.c-torture/execute/930603-2.c execution, -O3 -fomit-frame-pointer -funroll-loops
FAIL: gcc.c-torture/execute/930603-2.c execution, -O3 -fomit-frame-pointer -funroll-all-loops -finline-functions
FAIL: gcc.c-torture/execute/930603-2.c execution, -O3 -g
FAIL: gcc.c-torture/execute/930603-2.c execution, -Os
FAIL: gcc.c-torture/execute/930702-1.c execution, -O0
FAIL: gcc.c-torture/execute/930702-1.c execution, -O1
FAIL: gcc.c-torture/execute/930702-1.c execution, -O2
FAIL: gcc.c-torture/execute/930702-1.c execution, -O3 -fomit-frame-pointer
FAIL: gcc.c-torture/execute/930702-1.c execution, -O3 -g
FAIL: gcc.c-torture/execute/930702-1.c execution, -Os
FAIL: gcc.c-torture/execute/930930-1.c execution, -O3 -fomit-frame-pointer
FAIL: gcc.c-torture/execute/930930-1.c execution, -O3 -fomit-frame-pointer -funroll-loops
FAIL: gcc.c-torture/execute/930930-1.c execution, -O3 -fomit-frame-pointer -funroll-all-loops -finline-functions
FAIL: gcc.c-torture/execute/930930-1.c execution, -O3 -g
FAIL: gcc.c-torture/execute/930930-2.c execution, -O1
FAIL: gcc.c-torture/execute/930930-2.c execution, -O2
FAIL: gcc.c-torture/execute/930930-2.c execution, -O3 -fomit-frame-pointer
FAIL: gcc.c-torture/execute/930930-2.c execution, -O3 -g
FAIL: gcc.c-torture/execute/930930-2.c execution, -Os
FAIL: gcc.c-torture/execute/931004-3.c execution, -O0
FAIL: gcc.c-torture/execute/931004-3.c execution, -O1
FAIL: gcc.c-torture/execute/931004-3.c execution, -O2
FAIL: gcc.c-torture/execute/931004-3.c execution, -O3 -fomit-frame-pointer
FAIL: gcc.c-torture/execute/931004-3.c execution, -O3 -g
FAIL: gcc.c-torture/execute/931004-3.c execution, -Os
FAIL: gcc.c-torture/execute/931004-4.c execution, -O0
FAIL: gcc.c-torture/execute/931004-4.c execution, -O1
FAIL: gcc.c-torture/execute/931004-4.c execution, -O2
FAIL: gcc.c-torture/execute/931004-4.c execution, -O3 -fomit-frame-pointer
FAIL: gcc.c-torture/execute/931004-4.c execution, -O3 -fomit-frame-pointer -funroll-loops
FAIL: gcc.c-torture/execute/931004-4.c execution, -O3 -fomit-frame-pointer -funroll-all-loops -finline-functions
FAIL: gcc.c-torture/execute/931004-4.c execution, -O3 -g
FAIL: gcc.c-torture/execute/931004-4.c execution, -Os
FAIL: gcc.c-torture/execute/931004-7.c execution, -O0
FAIL: gcc.c-torture/execute/931004-7.c execution, -O1
FAIL: gcc.c-torture/execute/931004-7.c execution, -O2
FAIL: gcc.c-torture/execute/931004-7.c execution, -O3 -fomit-frame-pointer
FAIL: gcc.c-torture/execute/931004-7.c execution, -O3 -g
FAIL: gcc.c-torture/execute/931004-7.c execution, -Os
FAIL: gcc.c-torture/execute/931004-8.c execution, -O0
FAIL: gcc.c-torture/execute/931004-8.c execution, -O1
FAIL: gcc.c-torture/execute/931004-8.c execution, -O2
FAIL: gcc.c-torture/execute/931004-8.c execution, -O3 -fomit-frame-pointer
FAIL: gcc.c-torture/execute/931004-8.c execution, -O3 -fomit-frame-pointer -funroll-loops
FAIL: gcc.c-torture/execute/931004-8.c execution, -O3 -fomit-frame-pointer -funroll-all-loops -finline-functions
FAIL: gcc.c-torture/execute/931004-8.c execution, -O3 -g
FAIL: gcc.c-torture/execute/931004-8.c execution, -Os
FAIL: gcc.c-torture/execute/931017-1.c execution, -O0
FAIL: gcc.c-torture/execute/931017-1.c execution, -O1
FAIL: gcc.c-torture/execute/931017-1.c execution, -O2
FAIL: gcc.c-torture/execute/931017-1.c compilation, -O3 -g
FAIL: gcc.c-torture/execute/931017-1.c execution, -Os
FAIL: gcc.c-torture/execute/941014-2.c execution, -O0
FAIL: gcc.c-torture/execute/941014-2.c execution, -O1
FAIL: gcc.c-torture/execute/941014-2.c execution, -O2
FAIL: gcc.c-torture/execute/941014-2.c execution, -O3 -fomit-frame-pointer
FAIL: gcc.c-torture/execute/941014-2.c execution, -O3 -g
FAIL: gcc.c-torture/execute/941014-2.c execution, -Os
FAIL: gcc.c-torture/execute/950221-1.c execution, -O0
FAIL: gcc.c-torture/execute/950221-1.c execution, -O1
FAIL: gcc.c-torture/execute/950221-1.c execution, -O2
FAIL: gcc.c-torture/execute/950426-1.c execution, -O0
FAIL: gcc.c-torture/execute/950426-1.c execution, -O1
FAIL: gcc.c-torture/execute/950426-1.c execution, -O2
FAIL: gcc.c-torture/execute/950426-1.c execution, -O3 -fomit-frame-pointer
FAIL: gcc.c-torture/execute/950426-1.c execution, -O3 -g
FAIL: gcc.c-torture/execute/950426-1.c execution, -Os
FAIL: gcc.c-torture/execute/950605-1.c execution, -O0
FAIL: gcc.c-torture/execute/950605-1.c execution, -O1
FAIL: gcc.c-torture/execute/950605-1.c execution, -O2
FAIL: gcc.c-torture/execute/950605-1.c execution, -O3 -fomit-frame-pointer
FAIL: gcc.c-torture/execute/950605-1.c execution, -O3 -g
FAIL: gcc.c-torture/execute/950605-1.c execution, -Os
FAIL: gcc.c-torture/execute/950714-1.c compilation, -Os
FAIL: gcc.c-torture/execute/950929-1.c compilation, -O3 -g
FAIL: gcc.c-torture/execute/951204-1.c execution, -O0
FAIL: gcc.c-torture/execute/951204-1.c execution, -O1
FAIL: gcc.c-torture/execute/951204-1.c execution, -O2
FAIL: gcc.c-torture/execute/951204-1.c execution, -O3 -fomit-frame-pointer
FAIL: gcc.c-torture/execute/951204-1.c execution, -O3 -fomit-frame-pointer -funroll-loops
FAIL: gcc.c-torture/execute/951204-1.c execution, -O3 -fomit-frame-pointer -funroll-all-loops -finline-functions
FAIL: gcc.c-torture/execute/951204-1.c compilation, -O3 -g
FAIL: gcc.c-torture/execute/951204-1.c execution, -Os
FAIL: gcc.c-torture/execute/960513-1.c execution, -O0
FAIL: gcc.c-torture/execute/960513-1.c execution, -O1
FAIL: gcc.c-torture/execute/960513-1.c execution, -O2
FAIL: gcc.c-torture/execute/960513-1.c execution, -Os
FAIL: gcc.c-torture/execute/960521-1.c execution, -O0
FAIL: gcc.c-torture/execute/960521-1.c execution, -O1
FAIL: gcc.c-torture/execute/960521-1.c execution, -O2
FAIL: gcc.c-torture/execute/960521-1.c execution, -O3 -fomit-frame-pointer
FAIL: gcc.c-torture/execute/960521-1.c execution, -O3 -fomit-frame-pointer -funroll-loops
FAIL: gcc.c-torture/execute/960521-1.c execution, -O3 -fomit-frame-pointer -funroll-all-loops -finline-functions
FAIL: gcc.c-torture/execute/960521-1.c execution, -O3 -g
FAIL: gcc.c-torture/execute/960521-1.c execution, -Os
FAIL: gcc.c-torture/execute/961017-2.c execution, -O0
FAIL: gcc.c-torture/execute/961017-2.c execution, -O1
FAIL: gcc.c-torture/execute/961017-2.c execution, -O2
FAIL: gcc.c-torture/execute/961017-2.c execution, -O3 -fomit-frame-pointer
FAIL: gcc.c-torture/execute/961017-2.c execution, -O3 -fomit-frame-pointer -funroll-loops
FAIL: gcc.c-torture/execute/961017-2.c execution, -O3 -fomit-frame-pointer -funroll-all-loops -finline-functions
FAIL: gcc.c-torture/execute/961017-2.c execution, -O3 -g
FAIL: gcc.c-torture/execute/961017-2.c execution, -Os
FAIL: gcc.c-torture/execute/980205.c execution, -O1
FAIL: gcc.c-torture/execute/980205.c execution, -O2
FAIL: gcc.c-torture/execute/980205.c execution, -O3 -fomit-frame-pointer
FAIL: gcc.c-torture/execute/980205.c execution, -O3 -g
FAIL: gcc.c-torture/execute/980205.c execution, -Os
FAIL: gcc.c-torture/execute/980223.c execution, -O1
FAIL: gcc.c-torture/execute/980223.c execution, -O2
FAIL: gcc.c-torture/execute/980223.c execution, -O3 -fomit-frame-pointer
FAIL: gcc.c-torture/execute/980223.c execution, -O3 -g
FAIL: gcc.c-torture/execute/980223.c execution, -Os
FAIL: gcc.c-torture/execute/980526-2.c execution, -O0
FAIL: gcc.c-torture/execute/980526-2.c execution, -O1
FAIL: gcc.c-torture/execute/980526-2.c execution, -O2
FAIL: gcc.c-torture/execute/980526-2.c execution, -O3 -fomit-frame-pointer
FAIL: gcc.c-torture/execute/980526-2.c execution, -O3 -g
FAIL: gcc.c-torture/execute/980526-2.c execution, -Os
FAIL: gcc.c-torture/execute/980604-1.c execution, -O1
FAIL: gcc.c-torture/execute/980604-1.c execution, -O2
FAIL: gcc.c-torture/execute/980604-1.c execution, -O3 -fomit-frame-pointer
FAIL: gcc.c-torture/execute/980604-1.c execution, -O3 -g
FAIL: gcc.c-torture/execute/980604-1.c execution, -Os
FAIL: gcc.c-torture/execute/980605-1.c execution, -O0
FAIL: gcc.c-torture/execute/980605-1.c execution, -O1
FAIL: gcc.c-torture/execute/980605-1.c execution, -O2
FAIL: gcc.c-torture/execute/980605-1.c execution, -O3 -fomit-frame-pointer
FAIL: gcc.c-torture/execute/980605-1.c execution, -O3 -g
FAIL: gcc.c-torture/execute/980605-1.c execution, -Os
FAIL: gcc.c-torture/execute/980612-1.c execution, -O0
FAIL: gcc.c-torture/execute/980612-1.c execution, -O3 -fomit-frame-pointer
FAIL: gcc.c-torture/execute/980612-1.c execution, -O3 -g
FAIL: gcc.c-torture/execute/980709-1.c execution, -O0
FAIL: gcc.c-torture/execute/980709-1.c execution, -O1
FAIL: gcc.c-torture/execute/980709-1.c execution, -O2
FAIL: gcc.c-torture/execute/980709-1.c execution, -O3 -fomit-frame-pointer
FAIL: gcc.c-torture/execute/980709-1.c execution, -O3 -g
FAIL: gcc.c-torture/execute/980709-1.c execution, -Os
FAIL: gcc.c-torture/execute/981001-1.c execution, -Os
FAIL: gcc.c-torture/execute/990106-1.c compilation, -O3 -g
FAIL: gcc.c-torture/execute/990106-2.c execution, -O0
FAIL: gcc.c-torture/execute/990106-2.c execution, -O1
FAIL: gcc.c-torture/execute/990106-2.c execution, -O2
FAIL: gcc.c-torture/execute/990106-2.c execution, -O3 -fomit-frame-pointer
FAIL: gcc.c-torture/execute/990106-2.c execution, -O3 -g
FAIL: gcc.c-torture/execute/990106-2.c execution, -Os
FAIL: gcc.c-torture/execute/990117-1.c execution, -O0
FAIL: gcc.c-torture/execute/990117-1.c execution, -O1
FAIL: gcc.c-torture/execute/990117-1.c execution, -O2
FAIL: gcc.c-torture/execute/990117-1.c execution, -O3 -fomit-frame-pointer
FAIL: gcc.c-torture/execute/990117-1.c execution, -O3 -g
FAIL: gcc.c-torture/execute/990117-1.c execution, -Os
FAIL: gcc.c-torture/execute/990127-2.c execution, -O1
FAIL: gcc.c-torture/execute/990127-2.c execution, -O2
FAIL: gcc.c-torture/execute/990127-2.c execution, -Os
FAIL: gcc.c-torture/execute/990222-1.c execution, -O1
FAIL: gcc.c-torture/execute/990222-1.c execution, -O2
FAIL: gcc.c-torture/execute/990222-1.c execution, -O3 -fomit-frame-pointer
FAIL: gcc.c-torture/execute/990222-1.c execution, -O3 -fomit-frame-pointer -funroll-loops
FAIL: gcc.c-torture/execute/990222-1.c execution, -O3 -fomit-frame-pointer -funroll-all-loops -finline-functions
FAIL: gcc.c-torture/execute/990222-1.c execution, -O3 -g
FAIL: gcc.c-torture/execute/990222-1.c execution, -Os
FAIL: gcc.c-torture/execute/990324-1.c execution, -O0
FAIL: gcc.c-torture/execute/990324-1.c execution, -O1
FAIL: gcc.c-torture/execute/990324-1.c execution, -O2
FAIL: gcc.c-torture/execute/990324-1.c execution, -O3 -fomit-frame-pointer
FAIL: gcc.c-torture/execute/990324-1.c execution, -O3 -g
FAIL: gcc.c-torture/execute/990324-1.c execution, -Os
FAIL: gcc.c-torture/execute/990326-1.c execution, -O1
FAIL: gcc.c-torture/execute/990326-1.c execution, -O2
FAIL: gcc.c-torture/execute/990326-1.c execution, -O3 -fomit-frame-pointer
FAIL: gcc.c-torture/execute/990326-1.c compilation, -O3 -g
FAIL: gcc.c-torture/execute/990326-1.c execution, -Os
FAIL: gcc.c-torture/execute/990531-1.c execution, -O0
FAIL: gcc.c-torture/execute/990531-1.c execution, -O1
FAIL: gcc.c-torture/execute/990531-1.c execution, -O2
FAIL: gcc.c-torture/execute/990531-1.c execution, -O3 -fomit-frame-pointer
FAIL: gcc.c-torture/execute/990531-1.c execution, -O3 -g
FAIL: gcc.c-torture/execute/990531-1.c execution, -Os
FAIL: gcc.c-torture/execute/990628-1.c execution, -O0
FAIL: gcc.c-torture/execute/990628-1.c execution, -O1
FAIL: gcc.c-torture/execute/990628-1.c execution, -O2
FAIL: gcc.c-torture/execute/990628-1.c execution, -O3 -fomit-frame-pointer
FAIL: gcc.c-torture/execute/990628-1.c execution, -O3 -fomit-frame-pointer -funroll-loops
FAIL: gcc.c-torture/execute/990628-1.c execution, -O3 -fomit-frame-pointer -funroll-all-loops -finline-functions
FAIL: gcc.c-torture/execute/990628-1.c execution, -O3 -g
FAIL: gcc.c-torture/execute/990628-1.c execution, -Os
FAIL: gcc.c-torture/execute/990811-1.c execution, -O0
FAIL: gcc.c-torture/execute/990811-1.c execution, -O1
FAIL: gcc.c-torture/execute/990811-1.c execution, -O2
FAIL: gcc.c-torture/execute/990811-1.c execution, -O3 -fomit-frame-pointer
FAIL: gcc.c-torture/execute/990811-1.c execution, -O3 -fomit-frame-pointer -funroll-loops
FAIL: gcc.c-torture/execute/990811-1.c execution, -O3 -fomit-frame-pointer -funroll-all-loops -finline-functions
FAIL: gcc.c-torture/execute/990811-1.c execution, -O3 -g
FAIL: gcc.c-torture/execute/990811-1.c execution, -Os
FAIL: gcc.c-torture/execute/990826-0.c execution, -O0
FAIL: gcc.c-torture/execute/990826-0.c execution, -O1
FAIL: gcc.c-torture/execute/990826-0.c execution, -O2
FAIL: gcc.c-torture/execute/990826-0.c execution, -O3 -fomit-frame-pointer
FAIL: gcc.c-torture/execute/990826-0.c execution, -O3 -fomit-frame-pointer -funroll-loops
FAIL: gcc.c-torture/execute/990826-0.c execution, -O3 -fomit-frame-pointer -funroll-all-loops -finline-functions
FAIL: gcc.c-torture/execute/990826-0.c execution, -O3 -g
FAIL: gcc.c-torture/execute/990826-0.c execution, -Os
FAIL: gcc.c-torture/execute/991014-1.c execution, -O0
FAIL: gcc.c-torture/execute/991014-1.c execution, -O1
FAIL: gcc.c-torture/execute/991014-1.c execution, -O2
FAIL: gcc.c-torture/execute/991014-1.c execution, -O3 -fomit-frame-pointer
FAIL: gcc.c-torture/execute/991014-1.c execution, -O3 -g
FAIL: gcc.c-torture/execute/991014-1.c execution, -Os
FAIL: gcc.c-torture/execute/991112-1.c execution, -O0
FAIL: gcc.c-torture/execute/991216-1.c compilation, -O0
FAIL: gcc.c-torture/execute/991216-1.c compilation, -O1
FAIL: gcc.c-torture/execute/991216-1.c compilation, -O2
FAIL: gcc.c-torture/execute/991216-1.c compilation, -Os
FAIL: gcc.c-torture/execute/991216-2.c compilation, -O0
FAIL: gcc.c-torture/execute/991216-2.c compilation, -O1
FAIL: gcc.c-torture/execute/991216-2.c compilation, -O2
FAIL: gcc.c-torture/execute/991216-2.c compilation, -O3 -fomit-frame-pointer
FAIL: gcc.c-torture/execute/991216-2.c compilation, -O3 -fomit-frame-pointer -funroll-loops
FAIL: gcc.c-torture/execute/991216-2.c compilation, -O3 -fomit-frame-pointer -funroll-all-loops -finline-functions
FAIL: gcc.c-torture/execute/991216-2.c compilation, -O3 -g
FAIL: gcc.c-torture/execute/991216-2.c compilation, -Os
FAIL: gcc.c-torture/execute/991216-3.c compilation, -O0
FAIL: gcc.c-torture/execute/991216-3.c compilation, -O1
FAIL: gcc.c-torture/execute/991216-3.c compilation, -O2
FAIL: gcc.c-torture/execute/991216-3.c compilation, -O3 -fomit-frame-pointer
FAIL: gcc.c-torture/execute/991216-3.c compilation, -O3 -fomit-frame-pointer -funroll-loops
FAIL: gcc.c-torture/execute/991216-3.c compilation, -O3 -fomit-frame-pointer -funroll-all-loops -finline-functions
FAIL: gcc.c-torture/execute/991216-3.c compilation, -O3 -g
FAIL: gcc.c-torture/execute/991216-3.c compilation, -Os
FAIL: gcc.c-torture/execute/991227-1.c execution, -O3 -fomit-frame-pointer
FAIL: gcc.c-torture/execute/991227-1.c execution, -O3 -g
FAIL: gcc.c-torture/execute/arith-rand.c execution, -O0
FAIL: gcc.c-torture/execute/arith-rand.c execution, -O1
FAIL: gcc.c-torture/execute/arith-rand.c execution, -O2
FAIL: gcc.c-torture/execute/arith-rand.c execution, -O3 -fomit-frame-pointer
FAIL: gcc.c-torture/execute/arith-rand.c execution, -O3 -fomit-frame-pointer -funroll-loops
FAIL: gcc.c-torture/execute/arith-rand.c execution, -O3 -fomit-frame-pointer -funroll-all-loops -finline-functions
FAIL: gcc.c-torture/execute/arith-rand.c execution, -O3 -g
FAIL: gcc.c-torture/execute/arith-rand.c execution, -Os
FAIL: gcc.c-torture/execute/bcp-1.c execution, -O0
FAIL: gcc.c-torture/execute/bcp-1.c execution, -O1
FAIL: gcc.c-torture/execute/bcp-1.c execution, -O2
FAIL: gcc.c-torture/execute/bcp-1.c execution, -O3 -fomit-frame-pointer
FAIL: gcc.c-torture/execute/bcp-1.c execution, -O3 -fomit-frame-pointer -funroll-loops
FAIL: gcc.c-torture/execute/bcp-1.c execution, -O3 -fomit-frame-pointer -funroll-all-loops -finline-functions
FAIL: gcc.c-torture/execute/bcp-1.c execution, -O3 -g
FAIL: gcc.c-torture/execute/bcp-1.c execution, -Os
FAIL: gcc.c-torture/execute/bf-pack-1.c execution, -O0
FAIL: gcc.c-torture/execute/bf-pack-1.c execution, -O1
FAIL: gcc.c-torture/execute/bf-pack-1.c execution, -O2
FAIL: gcc.c-torture/execute/bf-pack-1.c execution, -O3 -fomit-frame-pointer
FAIL: gcc.c-torture/execute/bf-pack-1.c execution, -O3 -g
FAIL: gcc.c-torture/execute/bf-pack-1.c execution, -Os
FAIL: gcc.c-torture/execute/built-in-setjmp.c execution, -O0
FAIL: gcc.c-torture/execute/built-in-setjmp.c execution, -O1
FAIL: gcc.c-torture/execute/built-in-setjmp.c execution, -O2
FAIL: gcc.c-torture/execute/built-in-setjmp.c execution, -O3 -fomit-frame-pointer
FAIL: gcc.c-torture/execute/built-in-setjmp.c execution, -O3 -fomit-frame-pointer -funroll-loops
FAIL: gcc.c-torture/execute/built-in-setjmp.c execution, -O3 -fomit-frame-pointer -funroll-all-loops -finline-functions
FAIL: gcc.c-torture/execute/built-in-setjmp.c execution, -O3 -g
FAIL: gcc.c-torture/execute/built-in-setjmp.c execution, -Os
FAIL: gcc.c-torture/execute/builtin-complex-1.c execution, -O0
FAIL: gcc.c-torture/execute/builtin-complex-1.c compilation, -O1
FAIL: gcc.c-torture/execute/builtin-complex-1.c compilation, -O2
FAIL: gcc.c-torture/execute/builtin-complex-1.c compilation, -O3 -fomit-frame-pointer
FAIL: gcc.c-torture/execute/builtin-complex-1.c compilation, -O3 -g
FAIL: gcc.c-torture/execute/builtin-complex-1.c compilation, -Os
FAIL: gcc.c-torture/execute/builtin-noret-1.c compilation, -O1
FAIL: gcc.c-torture/execute/builtin-noret-1.c compilation, -O2
FAIL: gcc.c-torture/execute/builtin-noret-1.c compilation, -O3 -fomit-frame-pointer
FAIL: gcc.c-torture/execute/builtin-noret-1.c compilation, -O3 -g
FAIL: gcc.c-torture/execute/builtin-noret-1.c compilation, -Os
FAIL: gcc.c-torture/execute/builtin-prefetch-1.c compilation, -O0
FAIL: gcc.c-torture/execute/builtin-prefetch-1.c compilation, -O1
FAIL: gcc.c-torture/execute/builtin-prefetch-1.c compilation, -O2
FAIL: gcc.c-torture/execute/builtin-prefetch-1.c compilation, -O3 -fomit-frame-pointer
FAIL: gcc.c-torture/execute/builtin-prefetch-1.c compilation, -O3 -g
FAIL: gcc.c-torture/execute/builtin-prefetch-1.c compilation, -Os
FAIL: gcc.c-torture/execute/builtin-prefetch-2.c compilation, -O0
FAIL: gcc.c-torture/execute/builtin-prefetch-2.c compilation, -O1
FAIL: gcc.c-torture/execute/builtin-prefetch-2.c compilation, -O2
FAIL: gcc.c-torture/execute/builtin-prefetch-2.c compilation, -O3 -fomit-frame-pointer
FAIL: gcc.c-torture/execute/builtin-prefetch-2.c compilation, -O3 -g
FAIL: gcc.c-torture/execute/builtin-prefetch-2.c compilation, -Os
FAIL: gcc.c-torture/execute/builtin-prefetch-3.c compilation, -O0
FAIL: gcc.c-torture/execute/builtin-prefetch-3.c compilation, -O1
FAIL: gcc.c-torture/execute/builtin-prefetch-3.c compilation, -O2
FAIL: gcc.c-torture/execute/builtin-prefetch-3.c compilation, -O3 -fomit-frame-pointer
FAIL: gcc.c-torture/execute/builtin-prefetch-3.c compilation, -O3 -g
FAIL: gcc.c-torture/execute/builtin-prefetch-3.c compilation, -Os
FAIL: gcc.c-torture/execute/builtin-prefetch-4.c compilation, -O0
FAIL: gcc.c-torture/execute/builtin-prefetch-4.c compilation, -O1
FAIL: gcc.c-torture/execute/builtin-prefetch-4.c compilation, -O2
FAIL: gcc.c-torture/execute/builtin-prefetch-4.c compilation, -O3 -fomit-frame-pointer
FAIL: gcc.c-torture/execute/builtin-prefetch-4.c compilation, -O3 -g
FAIL: gcc.c-torture/execute/builtin-prefetch-4.c compilation, -Os
FAIL: gcc.c-torture/execute/builtin-prefetch-6.c compilation, -O0
FAIL: gcc.c-torture/execute/builtin-prefetch-6.c compilation, -O1
FAIL: gcc.c-torture/execute/builtin-prefetch-6.c compilation, -O2
FAIL: gcc.c-torture/execute/builtin-prefetch-6.c compilation, -O3 -fomit-frame-pointer
FAIL: gcc.c-torture/execute/builtin-prefetch-6.c compilation, -O3 -fomit-frame-pointer -funroll-loops
FAIL: gcc.c-torture/execute/builtin-prefetch-6.c compilation, -O3 -fomit-frame-pointer -funroll-all-loops -finline-functions
FAIL: gcc.c-torture/execute/builtin-prefetch-6.c compilation, -O3 -g
FAIL: gcc.c-torture/execute/builtin-prefetch-6.c compilation, -Os
FAIL: gcc.c-torture/execute/cbrt.c execution, -O0
FAIL: gcc.c-torture/execute/cbrt.c execution, -O1
FAIL: gcc.c-torture/execute/cbrt.c execution, -O2
FAIL: gcc.c-torture/execute/cbrt.c execution, -O3 -fomit-frame-pointer
FAIL: gcc.c-torture/execute/cbrt.c execution, -O3 -g
FAIL: gcc.c-torture/execute/cbrt.c execution, -Os
FAIL: gcc.c-torture/execute/comp-goto-1.c compilation, -O0
FAIL: gcc.c-torture/execute/comp-goto-1.c compilation, -O1
FAIL: gcc.c-torture/execute/comp-goto-1.c compilation, -O2
FAIL: gcc.c-torture/execute/comp-goto-1.c compilation, -O3 -fomit-frame-pointer
FAIL: gcc.c-torture/execute/comp-goto-1.c compilation, -O3 -fomit-frame-pointer -funroll-loops
FAIL: gcc.c-torture/execute/comp-goto-1.c compilation, -O3 -fomit-frame-pointer -funroll-all-loops -finline-functions
FAIL: gcc.c-torture/execute/comp-goto-1.c compilation, -O3 -g
FAIL: gcc.c-torture/execute/comp-goto-1.c compilation, -Os
FAIL: gcc.c-torture/execute/complex-2.c execution, -O0
FAIL: gcc.c-torture/execute/complex-2.c execution, -O1
FAIL: gcc.c-torture/execute/complex-2.c execution, -O2
FAIL: gcc.c-torture/execute/complex-2.c execution, -Os
FAIL: gcc.c-torture/execute/complex-5.c execution, -O0
FAIL: gcc.c-torture/execute/complex-5.c execution, -O1
FAIL: gcc.c-torture/execute/complex-5.c execution, -O2
FAIL: gcc.c-torture/execute/complex-5.c execution, -O3 -fomit-frame-pointer
FAIL: gcc.c-torture/execute/complex-5.c execution, -O3 -g
FAIL: gcc.c-torture/execute/complex-5.c execution, -Os
FAIL: gcc.c-torture/execute/compndlit-1.c execution, -O0
FAIL: gcc.c-torture/execute/compndlit-1.c execution, -O1
FAIL: gcc.c-torture/execute/compndlit-1.c execution, -O2
FAIL: gcc.c-torture/execute/compndlit-1.c execution, -O3 -fomit-frame-pointer
FAIL: gcc.c-torture/execute/compndlit-1.c execution, -O3 -g
FAIL: gcc.c-torture/execute/compndlit-1.c execution, -Os
FAIL: gcc.c-torture/execute/divconst-2.c execution, -O2
FAIL: gcc.c-torture/execute/divconst-2.c execution, -O3 -fomit-frame-pointer
FAIL: gcc.c-torture/execute/divconst-2.c execution, -O3 -fomit-frame-pointer -funroll-loops
FAIL: gcc.c-torture/execute/divconst-2.c execution, -O3 -g
FAIL: gcc.c-torture/execute/divconst-2.c execution, -Os
FAIL: gcc.c-torture/execute/eeprof-1.c compilation, -O0
FAIL: gcc.c-torture/execute/eeprof-1.c compilation, -O1
FAIL: gcc.c-torture/execute/eeprof-1.c compilation, -O2
FAIL: gcc.c-torture/execute/eeprof-1.c compilation, -O3 -fomit-frame-pointer
FAIL: gcc.c-torture/execute/eeprof-1.c compilation, -O3 -g
FAIL: gcc.c-torture/execute/eeprof-1.c compilation, -Os
FAIL: gcc.c-torture/execute/gofast.c execution, -O0
FAIL: gcc.c-torture/execute/gofast.c execution, -O1
FAIL: gcc.c-torture/execute/gofast.c execution, -O2
FAIL: gcc.c-torture/execute/gofast.c execution, -O3 -fomit-frame-pointer
FAIL: gcc.c-torture/execute/gofast.c execution, -O3 -g
FAIL: gcc.c-torture/execute/gofast.c execution, -Os
FAIL: gcc.c-torture/execute/index-1.c execution, -O1
FAIL: gcc.c-torture/execute/index-1.c execution, -O2
FAIL: gcc.c-torture/execute/index-1.c execution, -Os
FAIL: gcc.c-torture/execute/loop-2b.c execution, -O2
FAIL: gcc.c-torture/execute/loop-2c.c execution, -O0
FAIL: gcc.c-torture/execute/loop-2c.c execution, -O1
FAIL: gcc.c-torture/execute/loop-2c.c execution, -O3 -fomit-frame-pointer
FAIL: gcc.c-torture/execute/loop-2c.c execution, -O3 -fomit-frame-pointer -funroll-loops
FAIL: gcc.c-torture/execute/loop-2c.c execution, -O3 -fomit-frame-pointer -funroll-all-loops -finline-functions
FAIL: gcc.c-torture/execute/loop-2c.c execution, -O3 -g
FAIL: gcc.c-torture/execute/loop-2d.c execution, -O0
FAIL: gcc.c-torture/execute/loop-2d.c execution, -O3 -fomit-frame-pointer
FAIL: gcc.c-torture/execute/loop-2d.c execution, -O3 -fomit-frame-pointer -funroll-loops
FAIL: gcc.c-torture/execute/loop-2d.c execution, -O3 -fomit-frame-pointer -funroll-all-loops -finline-functions
FAIL: gcc.c-torture/execute/loop-2d.c execution, -O3 -g
FAIL: gcc.c-torture/execute/loop-3b.c execution, -O0
FAIL: gcc.c-torture/execute/loop-8.c execution, -O1
FAIL: gcc.c-torture/execute/loop-8.c execution, -O2
FAIL: gcc.c-torture/execute/loop-8.c execution, -Os
FAIL: gcc.c-torture/execute/memcpy-1.c execution, -O0
FAIL: gcc.c-torture/execute/memcpy-1.c execution, -O1
FAIL: gcc.c-torture/execute/memcpy-1.c execution, -O2
FAIL: gcc.c-torture/execute/memcpy-1.c execution, -O3 -fomit-frame-pointer
FAIL: gcc.c-torture/execute/memcpy-1.c execution, -O3 -fomit-frame-pointer -funroll-loops
FAIL: gcc.c-torture/execute/memcpy-1.c execution, -O3 -fomit-frame-pointer -funroll-all-loops -finline-functions
FAIL: gcc.c-torture/execute/memcpy-1.c execution, -O3 -g
FAIL: gcc.c-torture/execute/memcpy-1.c execution, -Os
FAIL: gcc.c-torture/execute/memcpy-bi.c execution, -O0
FAIL: gcc.c-torture/execute/memcpy-bi.c execution, -O1
FAIL: gcc.c-torture/execute/memcpy-bi.c execution, -O2
FAIL: gcc.c-torture/execute/memcpy-bi.c execution, -O3 -fomit-frame-pointer
FAIL: gcc.c-torture/execute/memcpy-bi.c execution, -O3 -fomit-frame-pointer -funroll-loops
FAIL: gcc.c-torture/execute/memcpy-bi.c execution, -O3 -fomit-frame-pointer -funroll-all-loops -finline-functions
FAIL: gcc.c-torture/execute/memcpy-bi.c execution, -O3 -g
FAIL: gcc.c-torture/execute/memcpy-bi.c execution, -Os
FAIL: gcc.c-torture/execute/ptr-arith-1.c execution, -O3 -fomit-frame-pointer
FAIL: gcc.c-torture/execute/ptr-arith-1.c execution, -O3 -g
FAIL: gcc.c-torture/execute/strct-pack-1.c execution, -O0
FAIL: gcc.c-torture/execute/strct-pack-1.c execution, -O1
FAIL: gcc.c-torture/execute/strct-pack-1.c execution, -O2
FAIL: gcc.c-torture/execute/strct-pack-1.c execution, -O3 -fomit-frame-pointer
FAIL: gcc.c-torture/execute/strct-pack-1.c execution, -O3 -g
FAIL: gcc.c-torture/execute/strct-pack-1.c execution, -Os
FAIL: gcc.c-torture/execute/strct-pack-2.c compilation, -O3 -g
FAIL: gcc.c-torture/execute/strct-pack-3.c execution, -O0
FAIL: gcc.c-torture/execute/strct-pack-3.c execution, -O1
FAIL: gcc.c-torture/execute/strct-pack-3.c execution, -O2
FAIL: gcc.c-torture/execute/strct-pack-3.c execution, -O3 -fomit-frame-pointer
FAIL: gcc.c-torture/execute/strct-pack-3.c execution, -O3 -fomit-frame-pointer -funroll-loops
FAIL: gcc.c-torture/execute/strct-pack-3.c execution, -O3 -fomit-frame-pointer -funroll-all-loops -finline-functions
FAIL: gcc.c-torture/execute/strct-pack-3.c execution, -O3 -g
FAIL: gcc.c-torture/execute/strct-pack-3.c execution, -Os
FAIL: gcc.c-torture/execute/strct-stdarg-1.c compilation, -O0
FAIL: gcc.c-torture/execute/strct-stdarg-1.c compilation, -O1
FAIL: gcc.c-torture/execute/strct-stdarg-1.c compilation, -O2
FAIL: gcc.c-torture/execute/strct-stdarg-1.c compilation, -O3 -fomit-frame-pointer
FAIL: gcc.c-torture/execute/strct-stdarg-1.c compilation, -O3 -fomit-frame-pointer -funroll-loops
FAIL: gcc.c-torture/execute/strct-stdarg-1.c compilation, -O3 -fomit-frame-pointer -funroll-all-loops -finline-functions
FAIL: gcc.c-torture/execute/strct-stdarg-1.c compilation, -O3 -g
FAIL: gcc.c-torture/execute/strct-stdarg-1.c compilation, -Os
FAIL: gcc.c-torture/execute/strct-varg-1.c execution, -O0
FAIL: gcc.c-torture/execute/strct-varg-1.c execution, -O1
FAIL: gcc.c-torture/execute/strct-varg-1.c execution, -O2
FAIL: gcc.c-torture/execute/strct-varg-1.c execution, -O3 -fomit-frame-pointer
FAIL: gcc.c-torture/execute/strct-varg-1.c execution, -O3 -g
FAIL: gcc.c-torture/execute/strct-varg-1.c execution, -Os
FAIL: gcc.c-torture/execute/string-opt-1.c compilation, -O0
FAIL: gcc.c-torture/execute/string-opt-10.c compilation, -O0
FAIL: gcc.c-torture/execute/string-opt-10.c execution, -O1
FAIL: gcc.c-torture/execute/string-opt-10.c execution, -O2
FAIL: gcc.c-torture/execute/string-opt-10.c execution, -O3 -fomit-frame-pointer
FAIL: gcc.c-torture/execute/string-opt-10.c execution, -O3 -g
FAIL: gcc.c-torture/execute/string-opt-10.c execution, -Os
FAIL: gcc.c-torture/execute/string-opt-11.c compilation, -O0
FAIL: gcc.c-torture/execute/string-opt-12.c compilation, -O0
FAIL: gcc.c-torture/execute/string-opt-15.c execution, -O0
FAIL: gcc.c-torture/execute/string-opt-15.c execution, -O1
FAIL: gcc.c-torture/execute/string-opt-15.c execution, -O2
FAIL: gcc.c-torture/execute/string-opt-15.c execution, -O3 -fomit-frame-pointer
FAIL: gcc.c-torture/execute/string-opt-15.c execution, -O3 -g
FAIL: gcc.c-torture/execute/string-opt-15.c execution, -Os
FAIL: gcc.c-torture/execute/string-opt-2.c compilation, -O0
FAIL: gcc.c-torture/execute/string-opt-2.c execution, -O1
FAIL: gcc.c-torture/execute/string-opt-2.c execution, -O2
FAIL: gcc.c-torture/execute/string-opt-2.c execution, -O3 -fomit-frame-pointer
FAIL: gcc.c-torture/execute/string-opt-2.c execution, -O3 -g
FAIL: gcc.c-torture/execute/string-opt-2.c execution, -Os
FAIL: gcc.c-torture/execute/string-opt-3.c execution, -O0
FAIL: gcc.c-torture/execute/string-opt-3.c execution, -O1
FAIL: gcc.c-torture/execute/string-opt-3.c execution, -O2
FAIL: gcc.c-torture/execute/string-opt-3.c execution, -O3 -fomit-frame-pointer
FAIL: gcc.c-torture/execute/string-opt-3.c execution, -O3 -g
FAIL: gcc.c-torture/execute/string-opt-3.c execution, -Os
FAIL: gcc.c-torture/execute/string-opt-4.c execution, -O0
FAIL: gcc.c-torture/execute/string-opt-5.c execution, -O0
FAIL: gcc.c-torture/execute/string-opt-5.c execution, -O1
FAIL: gcc.c-torture/execute/string-opt-5.c execution, -O2
FAIL: gcc.c-torture/execute/string-opt-5.c execution, -O3 -fomit-frame-pointer
FAIL: gcc.c-torture/execute/string-opt-5.c execution, -O3 -g
FAIL: gcc.c-torture/execute/string-opt-5.c execution, -Os
FAIL: gcc.c-torture/execute/string-opt-6.c execution, -O0
FAIL: gcc.c-torture/execute/string-opt-6.c execution, -O1
FAIL: gcc.c-torture/execute/string-opt-6.c execution, -O2
FAIL: gcc.c-torture/execute/string-opt-6.c execution, -O3 -fomit-frame-pointer
FAIL: gcc.c-torture/execute/string-opt-6.c execution, -O3 -g
FAIL: gcc.c-torture/execute/string-opt-6.c execution, -Os
FAIL: gcc.c-torture/execute/string-opt-7.c execution, -O1
FAIL: gcc.c-torture/execute/string-opt-7.c execution, -O2
FAIL: gcc.c-torture/execute/string-opt-7.c execution, -O3 -fomit-frame-pointer
FAIL: gcc.c-torture/execute/string-opt-7.c execution, -O3 -g
FAIL: gcc.c-torture/execute/string-opt-7.c execution, -Os
FAIL: gcc.c-torture/execute/string-opt-8.c execution, -O0
FAIL: gcc.c-torture/execute/string-opt-8.c execution, -O1
FAIL: gcc.c-torture/execute/string-opt-8.c execution, -O2
FAIL: gcc.c-torture/execute/string-opt-8.c execution, -O3 -fomit-frame-pointer
FAIL: gcc.c-torture/execute/string-opt-8.c execution, -O3 -g
FAIL: gcc.c-torture/execute/string-opt-8.c execution, -Os
FAIL: gcc.c-torture/execute/string-opt-9.c execution, -O1
FAIL: gcc.c-torture/execute/string-opt-9.c execution, -O2
FAIL: gcc.c-torture/execute/string-opt-9.c execution, -O3 -fomit-frame-pointer
FAIL: gcc.c-torture/execute/string-opt-9.c execution, -O3 -g
FAIL: gcc.c-torture/execute/string-opt-9.c execution, -Os
FAIL: gcc.c-torture/execute/struct-ret-1.c execution, -O0
FAIL: gcc.c-torture/execute/struct-ret-1.c execution, -O1
FAIL: gcc.c-torture/execute/struct-ret-1.c execution, -O2
FAIL: gcc.c-torture/execute/struct-ret-1.c execution, -O3 -fomit-frame-pointer
FAIL: gcc.c-torture/execute/struct-ret-1.c execution, -O3 -g
FAIL: gcc.c-torture/execute/struct-ret-1.c execution, -Os
FAIL: gcc.c-torture/execute/tmp.c compilation, -O0
FAIL: gcc.c-torture/execute/tmp.c compilation, -O1
FAIL: gcc.c-torture/execute/tmp.c compilation, -O2
FAIL: gcc.c-torture/execute/tmp.c compilation, -O3 -fomit-frame-pointer
FAIL: gcc.c-torture/execute/tmp.c compilation, -O3 -g
FAIL: gcc.c-torture/execute/tmp.c compilation, -Os
FAIL: gcc.c-torture/execute/va-arg-1.c execution, -O0
FAIL: gcc.c-torture/execute/va-arg-1.c execution, -O1
FAIL: gcc.c-torture/execute/va-arg-1.c execution, -O2
FAIL: gcc.c-torture/execute/va-arg-1.c execution, -O3 -fomit-frame-pointer
FAIL: gcc.c-torture/execute/va-arg-1.c execution, -O3 -g
FAIL: gcc.c-torture/execute/va-arg-1.c execution, -Os
FAIL: gcc.c-torture/execute/va-arg-10.c execution, -O0
FAIL: gcc.c-torture/execute/va-arg-10.c execution, -O1
FAIL: gcc.c-torture/execute/va-arg-10.c execution, -O2
FAIL: gcc.c-torture/execute/va-arg-10.c execution, -O3 -fomit-frame-pointer
FAIL: gcc.c-torture/execute/va-arg-10.c execution, -O3 -fomit-frame-pointer -funroll-loops
FAIL: gcc.c-torture/execute/va-arg-10.c execution, -O3 -fomit-frame-pointer -funroll-all-loops -finline-functions
FAIL: gcc.c-torture/execute/va-arg-10.c compilation, -O3 -g
FAIL: gcc.c-torture/execute/va-arg-10.c execution, -Os
FAIL: gcc.c-torture/execute/va-arg-12.c execution, -O2
FAIL: gcc.c-torture/execute/va-arg-12.c execution, -O3 -fomit-frame-pointer
FAIL: gcc.c-torture/execute/va-arg-12.c execution, -O3 -g
FAIL: gcc.c-torture/execute/va-arg-12.c execution, -Os
FAIL: gcc.c-torture/execute/va-arg-15.c execution, -O0
FAIL: gcc.c-torture/execute/va-arg-15.c execution, -O1
FAIL: gcc.c-torture/execute/va-arg-15.c execution, -O2
FAIL: gcc.c-torture/execute/va-arg-15.c execution, -O3 -fomit-frame-pointer
FAIL: gcc.c-torture/execute/va-arg-15.c execution, -O3 -fomit-frame-pointer -funroll-loops
FAIL: gcc.c-torture/execute/va-arg-15.c execution, -O3 -fomit-frame-pointer -funroll-all-loops -finline-functions
FAIL: gcc.c-torture/execute/va-arg-15.c execution, -O3 -g
FAIL: gcc.c-torture/execute/va-arg-15.c execution, -Os
FAIL: gcc.c-torture/execute/va-arg-16.c execution, -O1
FAIL: gcc.c-torture/execute/va-arg-16.c execution, -O2
FAIL: gcc.c-torture/execute/va-arg-16.c execution, -O3 -fomit-frame-pointer
FAIL: gcc.c-torture/execute/va-arg-16.c execution, -O3 -g
FAIL: gcc.c-torture/execute/va-arg-16.c execution, -Os
FAIL: gcc.c-torture/execute/va-arg-17.c compilation, -O0
FAIL: gcc.c-torture/execute/va-arg-17.c compilation, -O1
FAIL: gcc.c-torture/execute/va-arg-17.c compilation, -O2
FAIL: gcc.c-torture/execute/va-arg-17.c compilation, -O3 -fomit-frame-pointer
FAIL: gcc.c-torture/execute/va-arg-17.c compilation, -O3 -g
FAIL: gcc.c-torture/execute/va-arg-17.c compilation, -Os
FAIL: gcc.c-torture/execute/va-arg-18.c execution, -O0
FAIL: gcc.c-torture/execute/va-arg-18.c execution, -O1
FAIL: gcc.c-torture/execute/va-arg-18.c execution, -O2
FAIL: gcc.c-torture/execute/va-arg-18.c execution, -O3 -fomit-frame-pointer
FAIL: gcc.c-torture/execute/va-arg-18.c execution, -O3 -g
FAIL: gcc.c-torture/execute/va-arg-18.c execution, -Os
FAIL: gcc.c-torture/execute/va-arg-19.c execution, -O0
FAIL: gcc.c-torture/execute/va-arg-19.c execution, -O1
FAIL: gcc.c-torture/execute/va-arg-19.c execution, -O2
FAIL: gcc.c-torture/execute/va-arg-19.c execution, -O3 -fomit-frame-pointer
FAIL: gcc.c-torture/execute/va-arg-19.c execution, -O3 -g
FAIL: gcc.c-torture/execute/va-arg-19.c execution, -Os
FAIL: gcc.c-torture/execute/va-arg-2.c execution, -O0
FAIL: gcc.c-torture/execute/va-arg-2.c execution, -O1
FAIL: gcc.c-torture/execute/va-arg-2.c execution, -O2
FAIL: gcc.c-torture/execute/va-arg-2.c execution, -O3 -fomit-frame-pointer
FAIL: gcc.c-torture/execute/va-arg-2.c execution, -O3 -fomit-frame-pointer -funroll-loops
FAIL: gcc.c-torture/execute/va-arg-2.c execution, -O3 -fomit-frame-pointer -funroll-all-loops -finline-functions
FAIL: gcc.c-torture/execute/va-arg-2.c execution, -O3 -g
FAIL: gcc.c-torture/execute/va-arg-2.c execution, -Os
FAIL: gcc.c-torture/execute/va-arg-21.c execution, -O0
FAIL: gcc.c-torture/execute/va-arg-21.c execution, -O1
FAIL: gcc.c-torture/execute/va-arg-21.c execution, -O2
FAIL: gcc.c-torture/execute/va-arg-21.c execution, -O3 -fomit-frame-pointer
FAIL: gcc.c-torture/execute/va-arg-21.c execution, -O3 -fomit-frame-pointer -funroll-loops
FAIL: gcc.c-torture/execute/va-arg-21.c execution, -O3 -fomit-frame-pointer -funroll-all-loops -finline-functions
FAIL: gcc.c-torture/execute/va-arg-21.c execution, -O3 -g
FAIL: gcc.c-torture/execute/va-arg-21.c execution, -Os
FAIL: gcc.c-torture/execute/va-arg-3.c execution, -O0
FAIL: gcc.c-torture/execute/va-arg-3.c execution, -O1
FAIL: gcc.c-torture/execute/va-arg-3.c execution, -O2
FAIL: gcc.c-torture/execute/va-arg-3.c execution, -O3 -fomit-frame-pointer
FAIL: gcc.c-torture/execute/va-arg-3.c execution, -O3 -fomit-frame-pointer -funroll-loops
FAIL: gcc.c-torture/execute/va-arg-3.c execution, -O3 -fomit-frame-pointer -funroll-all-loops -finline-functions
FAIL: gcc.c-torture/execute/va-arg-3.c execution, -O3 -g
FAIL: gcc.c-torture/execute/va-arg-3.c execution, -Os
FAIL: gcc.c-torture/execute/va-arg-4.c execution, -O0
FAIL: gcc.c-torture/execute/va-arg-4.c execution, -O1
FAIL: gcc.c-torture/execute/va-arg-4.c execution, -O2
FAIL: gcc.c-torture/execute/va-arg-4.c execution, -O3 -fomit-frame-pointer
FAIL: gcc.c-torture/execute/va-arg-4.c execution, -O3 -g
FAIL: gcc.c-torture/execute/va-arg-4.c execution, -Os
FAIL: gcc.c-torture/execute/va-arg-5.c compilation, -O0
FAIL: gcc.c-torture/execute/va-arg-5.c compilation, -O1
FAIL: gcc.c-torture/execute/va-arg-5.c compilation, -O2
FAIL: gcc.c-torture/execute/va-arg-5.c compilation, -O3 -fomit-frame-pointer
FAIL: gcc.c-torture/execute/va-arg-5.c compilation, -O3 -g
FAIL: gcc.c-torture/execute/va-arg-5.c compilation, -Os
FAIL: gcc.c-torture/execute/va-arg-7.c execution, -O0
FAIL: gcc.c-torture/execute/va-arg-7.c execution, -O1
FAIL: gcc.c-torture/execute/va-arg-7.c execution, -O2
FAIL: gcc.c-torture/execute/va-arg-7.c execution, -O3 -fomit-frame-pointer
FAIL: gcc.c-torture/execute/va-arg-7.c execution, -O3 -g
FAIL: gcc.c-torture/execute/va-arg-7.c execution, -Os
FAIL: gcc.c-torture/execute/va-arg-9.c execution, -O0
FAIL: gcc.c-torture/execute/va-arg-9.c execution, -O1
FAIL: gcc.c-torture/execute/va-arg-9.c execution, -O2
FAIL: gcc.c-torture/execute/va-arg-9.c execution, -O3 -fomit-frame-pointer
FAIL: gcc.c-torture/execute/va-arg-9.c execution, -O3 -fomit-frame-pointer -funroll-loops
FAIL: gcc.c-torture/execute/va-arg-9.c execution, -O3 -fomit-frame-pointer -funroll-all-loops -finline-functions
FAIL: gcc.c-torture/execute/va-arg-9.c execution, -O3 -g
FAIL: gcc.c-torture/execute/va-arg-9.c execution, -Os
FAIL: gcc.c-torture/execute/zerolen-1.c execution, -O0
FAIL: gcc.c-torture/unsorted/BUG23.c, -O0
FAIL: gcc.c-torture/unsorted/BUG23.c, -O1
FAIL: gcc.c-torture/unsorted/BUG23.c, -O2
FAIL: gcc.c-torture/unsorted/BUG23.c, -O3 -fomit-frame-pointer
FAIL: gcc.c-torture/unsorted/BUG23.c, -O3 -g
FAIL: gcc.c-torture/unsorted/BUG23.c, -Os
FAIL: gcc.c-torture/unsorted/SFset.c, -O0
FAIL: gcc.c-torture/unsorted/SFset.c, -O1
FAIL: gcc.c-torture/unsorted/SFset.c, -O2
FAIL: gcc.c-torture/unsorted/SFset.c, -O3 -fomit-frame-pointer
FAIL: gcc.c-torture/unsorted/SFset.c, -O3 -g
FAIL: gcc.c-torture/unsorted/SFset.c, -Os
FAIL: gcc.c-torture/unsorted/SIcmp.c, -O0
FAIL: gcc.c-torture/unsorted/SIcmp.c, -O1
FAIL: gcc.c-torture/unsorted/SIcmp.c, -O2
FAIL: gcc.c-torture/unsorted/SIcmp.c, -O3 -fomit-frame-pointer
FAIL: gcc.c-torture/unsorted/SIcmp.c, -O3 -g
FAIL: gcc.c-torture/unsorted/SIcmp.c, -Os
FAIL: gcc.c-torture/unsorted/SIset.c, -O0
FAIL: gcc.c-torture/unsorted/SIset.c, -O1
FAIL: gcc.c-torture/unsorted/SIset.c, -O2
FAIL: gcc.c-torture/unsorted/SIset.c, -O3 -fomit-frame-pointer
FAIL: gcc.c-torture/unsorted/SIset.c, -O3 -g
FAIL: gcc.c-torture/unsorted/SIset.c, -Os
FAIL: gcc.c-torture/unsorted/USIcmp.c, -O0
FAIL: gcc.c-torture/unsorted/USIcmp.c, -O1
FAIL: gcc.c-torture/unsorted/USIcmp.c, -O2
FAIL: gcc.c-torture/unsorted/USIcmp.c, -O3 -fomit-frame-pointer
FAIL: gcc.c-torture/unsorted/USIcmp.c, -O3 -g
FAIL: gcc.c-torture/unsorted/USIcmp.c, -Os
FAIL: gcc.c-torture/unsorted/conv.c, -O0
FAIL: gcc.c-torture/unsorted/conv.c, -O1
FAIL: gcc.c-torture/unsorted/conv.c, -O2
FAIL: gcc.c-torture/unsorted/conv.c, -O3 -fomit-frame-pointer
FAIL: gcc.c-torture/unsorted/conv.c, -O3 -g
FAIL: gcc.c-torture/unsorted/conv.c, -Os
FAIL: gcc.c-torture/unsorted/i++.c, -O0
FAIL: gcc.c-torture/unsorted/i++.c, -O1
FAIL: gcc.c-torture/unsorted/i++.c, -O2
FAIL: gcc.c-torture/unsorted/i++.c, -O3 -fomit-frame-pointer
FAIL: gcc.c-torture/unsorted/i++.c, -O3 -g
FAIL: gcc.c-torture/unsorted/i++.c, -Os
FAIL: gcc.c-torture/unsorted/poor.c, -O0
FAIL: gcc.c-torture/unsorted/poor.c, -O1
FAIL: gcc.c-torture/unsorted/poor.c, -O2
FAIL: gcc.c-torture/unsorted/poor.c, -O3 -fomit-frame-pointer
FAIL: gcc.c-torture/unsorted/poor.c, -O3 -g
FAIL: gcc.c-torture/unsorted/poor.c, -Os
FAIL: gcc.c-torture/unsorted/stuct.c, -O0
FAIL: gcc.c-torture/unsorted/stuct.c, -O1
FAIL: gcc.c-torture/unsorted/stuct.c, -O2
FAIL: gcc.c-torture/unsorted/stuct.c, -O3 -fomit-frame-pointer
FAIL: gcc.c-torture/unsorted/stuct.c, -O3 -g
FAIL: gcc.c-torture/unsorted/stuct.c, -Os
FAIL: gcc.dg/cpp/digraphs.c execution test
FAIL: gcc.dg/cpp/escape-1.c x out of range (test for warnings, line 16)
FAIL: gcc.dg/cpp/escape-1.c x out of range (test for warnings, line 33)
FAIL: gcc.dg/cpp/escape-1.c x out of range (test for warnings, line 35)
FAIL: gcc.dg/cpp/lexstrng.c execution test
FAIL: gcc.dg/cpp/paste2.c execution test
FAIL: gcc.dg/cpp/paste9.c execution test
FAIL: gcc.dg/cpp/tr-str.c execution test
FAIL: gcc.dg/cpp/trigraphs.c (test for excess errors)
FAIL: gcc.dg/20001009-1.c (test for excess errors)
FAIL: gcc.dg/20001108-1.c execution test
FAIL: gcc.dg/20001117-1.c (test for excess errors)
FAIL: gcc.dg/20010822-1.c execution test
FAIL: gcc.dg/20020201-2.c (test for excess errors)
FAIL: gcc.dg/array-4.c execution test
FAIL: gcc.dg/asm-fs-1.c (test for excess errors)
FAIL: gcc.dg/asm-names.c (test for excess errors)
FAIL: gcc.dg/attr-noinline.c scan-assembler function_definition
FAIL: gcc.dg/attr-noinline.c scan-assembler function_declaration_both_before
FAIL: gcc.dg/attr-noinline.c scan-assembler function_declaration_both_after
FAIL: gcc.dg/attr-noinline.c scan-assembler function_declaration_noinline_before
FAIL: gcc.dg/attr-noinline.c scan-assembler function_declaration_noinline_after
FAIL: gcc.dg/attr-noinline.c scan-assembler function_declaration_inline_before
FAIL: gcc.dg/attr-noinline.c scan-assembler function_declaration_inline_noinline_before
FAIL: gcc.dg/attr-noinline.c scan-assembler function_declaration_inline_noinline_after
FAIL: gcc.dg/attr-noinline.c scan-assembler function_declaration_noinline_inline_before
FAIL: gcc.dg/attr-used.c scan-assembler function_declaration_before
FAIL: gcc.dg/attr-used.c scan-assembler function_declaration_after
FAIL: gcc.dg/c90-digraph-1.c execution test
FAIL: gcc.dg/c94-digraph-1.c execution test
FAIL: gcc.dg/c99-bool-1.c execution test
FAIL: gcc.dg/c99-complit-1.c (test for excess errors)
FAIL: gcc.dg/c99-digraph-1.c execution test
FAIL: gcc.dg/c99-init-1.c execution test
FAIL: gcc.dg/complete-port.c (test for excess errors)
FAIL: gcc.dg/gnu89-init-1.c (test for excess errors)
FAIL: gcc.dg/gnu99-init-1.c execution test
XPASS: gcc.dg/setjmp-1.c spurious clobbered warning (test for bogus messages, line 16)
FAIL: gcc.dg/wtr-int-type-1.c decimal constant (test for warnings, line 26)
FAIL: gcc.dg/format/c90-printf-1.c (test for excess errors)
FAIL: gcc.dg/format/c90-printf-1.c (test for excess errors)
FAIL: gcc.dg/format/c99-printf-1.c (test for excess errors)
FAIL: gcc.dg/format/c99-printf-1.c (test for excess errors)
FAIL: gcc.dg/format/ext-1.c (test for excess errors)
FAIL: gcc.dg/format/ext-1.c (test for excess errors)
FAIL: gcc.dg/format/strfmon-1.c (test for excess errors)
FAIL: gcc.dg/format/strfmon-1.c (test for excess errors)
FAIL: gcc.dg/format/warnll-1.c (test for excess errors)
FAIL: gcc.dg/format/warnll-1.c (test for excess errors)
FAIL: gcc.dg/noncompile/920507-1.c (test for errors, line 4)
FAIL: gcc.dg/noncompile/920507-1.c (test for excess errors)
FAIL: gcc.dg/noncompile/920507-1.c (test for errors, line 4)
FAIL: gcc.dg/noncompile/920507-1.c (test for excess errors)
FAIL: gcc.dg/noncompile/920507-1.c (test for errors, line 4)
FAIL: gcc.dg/noncompile/920507-1.c (test for excess errors)
FAIL: gcc.dg/noncompile/920507-1.c (test for errors, line 4)
FAIL: gcc.dg/noncompile/920507-1.c (test for excess errors)
FAIL: gcc.dg/noncompile/920507-1.c (test for errors, line 4)
FAIL: gcc.dg/noncompile/920507-1.c (test for excess errors)
FAIL: gcc.dg/noncompile/920507-1.c (test for errors, line 4)
FAIL: gcc.dg/noncompile/920507-1.c (test for excess errors)
FAIL: gcc.dg/noncompile/invalid_asm.c (test for errors, line 3)
FAIL: gcc.dg/noncompile/invalid_asm.c (test for excess errors)
FAIL: gcc.dg/noncompile/invalid_asm.c (test for errors, line 3)
FAIL: gcc.dg/noncompile/invalid_asm.c (test for excess errors)
FAIL: gcc.dg/noncompile/invalid_asm.c (test for errors, line 3)
FAIL: gcc.dg/noncompile/invalid_asm.c (test for excess errors)
FAIL: gcc.dg/noncompile/invalid_asm.c (test for errors, line 3)
FAIL: gcc.dg/noncompile/invalid_asm.c (test for excess errors)
FAIL: gcc.dg/noncompile/invalid_asm.c (test for errors, line 3)
FAIL: gcc.dg/noncompile/invalid_asm.c (test for excess errors)
FAIL: gcc.dg/noncompile/invalid_asm.c (test for errors, line 3)
FAIL: gcc.dg/noncompile/invalid_asm.c (test for excess errors)
FAIL: alias-1.c
FAIL: 20000419-2.c
=== gcc Summary ===
# of expected passes 15324
# of unexpected failures 1083
# of unexpected successes 1
# of expected failures 53
# of unresolved testcases 180
# of unsupported tests 470
/home/lars/src/pdp10/gcc/pdp10/gcc/xgcc version 3.1 20020205 (experimental)
Compiler version: 3.1 20020205 (experimental) gcc
Platform: pdp10-xkl-tops20
configure flags: --target=pdp10-xkl-tops20 --with-as=macro --enable-languages=c : (reconfigured) : (reconfigured) : (reconfigured) : (reconfigured) : (reconfigured) : (reconfigured) : (reconfigured) : (reconfigured) : (reconfigured) : (reconfigured) : (reconfigured) : (reconfigured) : (reconfigured) : (reconfigured) : (reconfigured) : (reconfigured) : (reconfigured) : (reconfigured) : (reconfigured) : (reconfigured) : (reconfigured) : (reconfigured) : (reconfigured) : (reconfigured) : (reconfigured) : (reconfigured) : (reconfigured) : (reconfigured) : (reconfigured) : (reconfigured) : (reconfigured) : (reconfigured) : (reconfigured) : (reconfigured) : (reconfigured) : (reconfigured) : (reconfigured) : (reconfigured) : (reconfigured) : (reconfigured) : (reconfigured) : (reconfigured) : (reconfigured) : (reconfigured) : (reconfigured) : (reconfigured) : (reconfigured) : (reconfigured) : (reconfigured) : (reconfigured) : (reconfigured) : (reconfigured) : (reconfigured) %g
More information about the Gcc-testresults
mailing list