Results for 3.4 20021231 (experimental) testsuite on sparc-sun-solaris2.8
Brad Lucier
lucier@math.purdue.edu
Tue Dec 31 17:04:00 GMT 2002
Native configuration is sparc-sun-solaris2.8
=== g++ tests ===
Running target unix
FAIL: g++.dg/compat/break/bitfield7 y_tst.o compile
UNRESOLVED: g++.dg/compat/break/bitfield7 x_tst.o-y_tst.o link
UNRESOLVED: g++.dg/compat/break/bitfield7 x_tst.o-y_tst.o execute
FAIL: g++.dg/warn/Wunused-2.C (test for warnings, line 5)
FAIL: g++.benjamin/15799.C caused compiler crash
XPASS: g++.bugs/900404_04.C , (test for errors, line 15)
XPASS: g++.jason/access8.C cannot convert to inh (test for errors, line 28)
XPASS: g++.jason/ambig3.C - late parsing (test for bogus messages, line 12)
XPASS: g++.jason/ambig3.C - late parsing (test for bogus messages, line 14)
FAIL: g++.jason/overload28.C caused compiler crash
FAIL: g++.mike/net2.C caused compiler crash
XPASS: g++.other/access6.C - private - (test for bogus messages, line 9)
XPASS: g++.other/access6.C - redeclared - (test for bogus messages, line 11)
XPASS: g++.other/access6.C - private - (test for bogus messages, line 14)
XPASS: g++.other/decl1.C (test for excess errors)
XPASS: g++.other/decl5.C ::Q not a member of B (test for errors, line 34)
XPASS: g++.pt/typename12.C (test for excess errors)
XPASS: g++.pt/typename12.C Execution test
=== g++ Summary ===
# of expected passes 8026
# of unexpected failures 5
# of unexpected successes 11
# of expected failures 74
# of unresolved testcases 2
# of untested testcases 21
# of unsupported tests 15
/export/u3/lucier/programs/gcc/gcc-3.3/objdir/gcc/testsuite/../g++ version 3.4 20021231 (experimental)
=== g77 tests ===
Running target unix
=== g77 Summary ===
# of expected passes 1638
# of unsupported tests 8
/export/u3/lucier/programs/gcc/gcc-3.3/objdir/gcc/testsuite/../g77 version 3.4 20021231 (experimental)
=== gcc tests ===
Running target unix
FAIL: gcc.c-torture/execute/builtin-constant.c execution, -O1
FAIL: gcc.c-torture/execute/builtin-constant.c execution, -O2
FAIL: gcc.c-torture/execute/builtin-constant.c execution, -O3 -fomit-frame-pointer
FAIL: gcc.c-torture/execute/builtin-constant.c execution, -O3 -g
FAIL: gcc.c-torture/execute/builtin-constant.c execution, -Os
WARNING: gcc.dg/20021014-1.c compilation failed to produce executable
FAIL: gcc.dg/duff-2.c (test for excess errors)
=== gcc Summary ===
# of expected passes 20589
# of unexpected failures 6
# of expected failures 62
# of unsupported tests 162
/export/u3/lucier/programs/gcc/gcc-3.3/objdir/gcc/xgcc version 3.4 20021231 (experimental)
=== objc tests ===
Running target unix
=== objc Summary ===
# of expected passes 1153
/export/u3/lucier/programs/gcc/gcc-3.3/objdir/gcc/xgcc version 3.4 20021231 (experimental)
=== libjava tests ===
Running target unix
FAIL: PR1343 compilation from bytecode
FAIL: PR1343 -O compilation from bytecode
FAIL: calls run
FAIL: cxxtest run
FAIL: field run
FAIL: final_method run
FAIL: findclass run
FAIL: invoke run
FAIL: martin run
FAIL: noclass run
FAIL: overload run
FAIL: register run
FAIL: simple_int run
FAIL: throwit run
FAIL: virtual run
FAIL: FileHandleGcTest execution - source compiled test
FAIL: FileHandleGcTest execution - bytecode->native test
FAIL: FileHandleGcTest -O execution - source compiled test
FAIL: FileHandleGcTest -O execution - bytecode->native test
FAIL: TestProxy execution - source compiled test
FAIL: TestProxy execution - bytecode->native test
FAIL: TestProxy -O execution - source compiled test
FAIL: TestProxy -O execution - bytecode->native test
FAIL: Throw_2 execution - source compiled test
FAIL: Throw_2 execution - bytecode->native test
FAIL: Throw_2 -O execution - source compiled test
FAIL: Throw_2 -O execution - bytecode->native test
FAIL: pr8823 compilation from bytecode
FAIL: pr8823 -O compilation from bytecode
FAIL: /export/u3/lucier/programs/gcc/gcc-3.3/objdir/sparc-sun-solaris2.8/libjava/testsuite/TestEarlyGC.exe output - /export/u3/lucier/programs/gcc/gcc-3.3/objdir/sparc-sun-solaris2.8/libjava/testsuite/TestEarlyGC.exe
FAIL: /export/u3/lucier/programs/gcc/gcc-3.3/objdir/sparc-sun-solaris2.8/libjava/testsuite/TestLeak.exe execution - /export/u3/lucier/programs/gcc/gcc-3.3/objdir/sparc-sun-solaris2.8/libjava/testsuite/TestLeak.exe
FAIL: /export/u3/lucier/programs/gcc/gcc-3.3/objdir/sparc-sun-solaris2.8/libjava/testsuite/TestMultiple.exe execution - /export/u3/lucier/programs/gcc/gcc-3.3/objdir/sparc-sun-solaris2.8/libjava/testsuite/TestMultiple.exe
FAIL: /export/u3/lucier/programs/gcc/gcc-3.3/objdir/sparc-sun-solaris2.8/libjava/testsuite/TestParent.exe execution - /export/u3/lucier/programs/gcc/gcc-3.3/objdir/sparc-sun-solaris2.8/libjava/testsuite/TestParent.exe
=== libjava Summary ===
# of expected passes 2335
# of unexpected failures 33
# of expected failures 14
# of untested testcases 40
=== libstdc++-v3 tests ===
Running target unix
XPASS: 22_locale/collate_members_wchar_t.cc execution test
XPASS: 22_locale/ctype_is_wchar_t.cc execution test
XPASS: 22_locale/money_get_members_wchar_t.cc execution test
XPASS: 22_locale/money_put_members_wchar_t.cc execution test
XPASS: 22_locale/moneypunct_members_wchar_t.cc execution test
XPASS: 22_locale/num_get_members_wchar_t.cc execution test
XPASS: 22_locale/num_put_members_wchar_t.cc execution test
XPASS: 22_locale/numpunct_members_wchar_t.cc execution test
XPASS: 22_locale/time_get_members_wchar_t.cc execution test
XPASS: 22_locale/time_put_members_wchar_t.cc execution test
FAIL: 27_io/istream_extractor_arith.cc execution test
=== libstdc++-v3 Summary ===
# of expected passes 419
# of unexpected failures 1
# of unexpected successes 10
# of expected failures 17
Compiler version: 3.4 20021231 (experimental)
Platform: sparc-sun-solaris2.8
Counting all warnings,
there are 25 warnings in stage3 of this bootstrap.
Number of warnings per file:
4 gcc/unwind-dw2.c
4 gcc/libgcc2.c
2 gcc/gcc.c
2 gcc/f/sta.c
2 gcc/cp/decl2.c
2 /pkgs/gnu/share/bison.simple
1 include/libiberty.h
1 gcc/loop.c
1 gcc/java/lang.c
1 gcc/java/jvspec.c
1 gcc/java/jcf-write.c
1 gcc/java/builtins.c
1 gcc/cp/pt.c
1 gcc/convert.c
1 gcc/config/sparc/gmon-sol2.c
Number of warning types:
5 \`???' might be used uninitialized in this function
4 comparison between signed and unsigned
3 implicit declaration of function \`???'
2 string length \`???' is greater than the length \`???' ISO C89 compilers are required to support
2 missing braces around initializer
2 function declaration isn't a prototype
2 dereferencing type-punned pointer will break strict-aliasing rules
2 (near initialization for \`???')
1 unused variable \`???'
1 traditional C rejects string concatenation
1 static declaration for \`???' follows non-static
More information about the Gcc-testresults
mailing list