Results for 3.4 20021223 (experimental) testsuite on i686-pc-cygwin
Christian Jönsson
c.christian.joensson@telia.com
Mon Dec 23 15:21:00 GMT 2002
This was on a Windows XP SP1/cygwin P4 system with these packages:
binutils 2.13.90 20021118 (cygwin ver. 20021117-1)
cygwin 1.3.17-1
dejagnu 1.4.2.x (cygwin ver. 20021217-1)
gcc 3.2-3
In tree joined gcc and binutils cvs trunks.
LAST_UPDATED: Mon Dec 23 09:39:29 GMT 2002
Native configuration is i686-pc-cygwin
=== binutils tests ===
Running target unix
FAIL: simple objcopy of executable
FAIL: run objcopy of executable
ERROR: remote_download to build of tmpdir/copyprog to tmpdir/striprog: cp: cannot stat \`tmpdir/copyprog': No such file or directory
UNRESOLVED: run stripped executable
ERROR: remote_download to build of tmpdir/copyprog to tmpdir/striprog: cp: cannot stat \`tmpdir/copyprog': No such file or directory
UNRESOLVED: run stripped executable with saving a symbol
=== binutils Summary ===
# of expected passes 52
# of unexpected failures 2
# of unresolved testcases 2
=== gas tests ===
Running target unix
FAIL: i386 abs reloc
FAIL: i386 pcrel reloc
FAIL: i386 sub
=== gas Summary ===
# of expected passes 36
# of unexpected failures 3
=== g++ tests ===
Running target unix
FAIL: g++.dg/ext/instantiate3.C scan-assembler-not
FAIL: g++.dg/opt/vt1.C scan-assembler-not section[^
FAIL: g++.dg/opt/vtgc1.C scan-assembler-dem .vtable_inherit[ ]*vtable for Multivv3.*0
FAIL: g++.dg/opt/vtgc1.C scan-assembler-dem .vtable_inherit[ ]*VTT for Multivv3.*0
FAIL: g++.dg/opt/vtgc1.C scan-assembler-dem .vtable_inherit[ ]*vtable for Multiss2.*vtable for Base2
FAIL: g++.dg/opt/vtgc1.C scan-assembler-dem .vtable_inherit[ ]*vtable for Multivs1.*vtable for Base2
FAIL: g++.dg/opt/vtgc1.C scan-assembler-dem .vtable_inherit[ ]*VTT for Multivs1.*vtable for Base2
FAIL: g++.dg/opt/vtgc1.C scan-assembler-dem .vtable_inherit[ ]*vtable for Multisv0.*vtable for Side0
FAIL: g++.dg/opt/vtgc1.C scan-assembler-dem .vtable_inherit[ ]*VTT for Multisv0.*vtable for Side0
FAIL: g++.dg/opt/vtgc1.C scan-assembler-dem .vtable_inherit[ ]*vtable for Side0.*0
FAIL: g++.dg/opt/vtgc1.C scan-assembler-dem .vtable_inherit[ ]*vtable for VbasedA.*0
FAIL: g++.dg/opt/vtgc1.C scan-assembler-dem .vtable_inherit[ ]*VTT for VbasedA.*0
FAIL: g++.dg/opt/vtgc1.C scan-assembler-dem .vtable_inherit[ ]*vtable for Base2.*vtable for Base1
FAIL: g++.dg/opt/vtgc1.C scan-assembler-dem .vtable_inherit[ ]*vtable for Base1.*vtable for Base0
FAIL: g++.dg/opt/vtgc1.C scan-assembler-dem .vtable_inherit[ ]*vtable for Base0.*0
WARNING: program timed out.
FAIL: g++.dg/parse/stack1.C (test for excess errors)
FAIL: g++.dg/warn/Wunused-2.C (test for warnings, line 5)
FAIL: g++.dg/special/initp1.C execution test
FAIL: g++.eh/badalloc1.C Execution test
XPASS: g++.ext/attrib5.C Execution test
XPASS: g++.jason/template18.C Execution test
FAIL: g++.law/profile1.C (test for excess errors)
FAIL: g++.pt/instantiate4.C (test for excess errors)
FAIL: g++.pt/instantiate6.C (test for excess errors)
FAIL: g++.pt/repo1.C (test for excess errors)
FAIL: g++.pt/repo2.C (test for excess errors)
FAIL: g++.pt/repo4.C (test for excess errors)
=== g++ Summary ===
# of expected passes 7858
# of unexpected failures 25
# of unexpected successes 2
# of expected failures 89
# of untested testcases 15
# of unsupported tests 3
/usr/local/src/gcc-binutils/trunk/objdir/gcc/testsuite/../g++ version 3.4 20021223 (experimental)
=== g77 tests ===
Running target unix
FAIL: g77.f-torture/execute/20001201.f execution, -O0
FAIL: g77.f-torture/execute/20001201.f execution, -O1
FAIL: g77.f-torture/execute/20001201.f execution, -O2
FAIL: g77.f-torture/execute/20001201.f execution, -O3 -fomit-frame-pointer
FAIL: g77.f-torture/execute/20001201.f execution, -O3 -g
FAIL: g77.f-torture/execute/20001201.f execution, -Os
FAIL: g77.f-torture/execute/6367.f execution, -O0
FAIL: g77.f-torture/execute/6367.f execution, -O1
FAIL: g77.f-torture/execute/6367.f execution, -O2
FAIL: g77.f-torture/execute/6367.f execution, -O3 -fomit-frame-pointer
FAIL: g77.f-torture/execute/6367.f execution, -O3 -fomit-frame-pointer -funroll-loops
FAIL: g77.f-torture/execute/6367.f execution, -O3 -fomit-frame-pointer -funroll-all-loops -finline-functions
FAIL: g77.f-torture/execute/6367.f execution, -O3 -g
FAIL: g77.f-torture/execute/6367.f execution, -Os
FAIL: g77.f-torture/execute/io0.f execution, -O0
FAIL: g77.f-torture/execute/io0.f execution, -O1
FAIL: g77.f-torture/execute/io0.f execution, -O2
FAIL: g77.f-torture/execute/io0.f execution, -O3 -fomit-frame-pointer
FAIL: g77.f-torture/execute/io0.f execution, -O3 -g
FAIL: g77.f-torture/execute/io0.f execution, -Os
FAIL: g77.f-torture/execute/io1.f execution, -O0
FAIL: g77.f-torture/execute/io1.f execution, -O1
FAIL: g77.f-torture/execute/io1.f execution, -O2
FAIL: g77.f-torture/execute/io1.f execution, -O3 -fomit-frame-pointer
FAIL: g77.f-torture/execute/io1.f execution, -O3 -g
FAIL: g77.f-torture/execute/io1.f execution, -Os
=== g77 Summary ===
# of expected passes 1628
# of unexpected failures 26
/usr/local/src/gcc-binutils/trunk/objdir/gcc/testsuite/../g77 version 3.4 20021223 (experimental)
=== gcc tests ===
Running target unix
WARNING: program timed out.
FAIL: gcc.c-torture/execute/20000314-1.c compilation, -O0
UNRESOLVED: gcc.c-torture/execute/20000314-1.c execution, -O0
WARNING: program timed out.
FAIL: gcc.c-torture/execute/20011019-1.c compilation, -O0
UNRESOLVED: gcc.c-torture/execute/20011019-1.c execution, -O0
FAIL: gcc.c-torture/execute/builtin-constant.c execution, -O1
FAIL: gcc.c-torture/execute/builtin-constant.c execution, -O2
FAIL: gcc.c-torture/execute/builtin-constant.c execution, -O3 -fomit-frame-pointer
FAIL: gcc.c-torture/execute/builtin-constant.c execution, -O3 -g
FAIL: gcc.c-torture/execute/builtin-constant.c execution, -Os
FAIL: gcc.dg/20021014-1.c (test for excess errors)
WARNING: gcc.dg/20021014-1.c compilation failed to produce executable
FAIL: gcc.dg/duff-2.c (test for excess errors)
FAIL: gcc.dg/i386-pic-1.c (test for errors, line 9)
FAIL: gcc.dg/nest.c (test for excess errors)
WARNING: gcc.dg/nest.c compilation failed to produce executable
=== gcc Summary ===
# of expected passes 21118
# of unexpected failures 11
# of expected failures 63
# of unresolved testcases 2
# of unsupported tests 82
/usr/local/src/gcc-binutils/trunk/objdir/gcc/xgcc version 3.4 20021223 (experimental)
=== objc tests ===
Running target unix
=== objc Summary ===
# of expected passes 1153
/usr/local/src/gcc-binutils/trunk/objdir/gcc/xgcc version 3.4 20021223 (experimental)
=== libjava tests ===
Running target unix
FAIL: PR1343 compilation from bytecode
FAIL: PR1343 -O compilation from bytecode
FAIL: abstr byte compilation
FAIL: abstr byte compilation
FAIL: linking calls
FAIL: linking cxxtest
FAIL: linking field
FAIL: linking final_method
FAIL: linking findclass
FAIL: linking invoke
FAIL: linking martin
FAIL: linking noclass
FAIL: linking overload
FAIL: linking register
FAIL: linking simple_int
FAIL: linking throwit
FAIL: linking virtual
FAIL: ArrayStore execution - source compiled test
FAIL: ArrayStore execution - gij test
FAIL: ArrayStore execution - bytecode->native test
FAIL: ArrayStore -O execution - source compiled test
FAIL: ArrayStore execution - gij test
FAIL: ArrayStore -O execution - bytecode->native test
FAIL: ArrayStore2 execution - source compiled test
FAIL: ArrayStore2 execution - gij test
FAIL: ArrayStore2 execution - bytecode->native test
FAIL: ArrayStore2 -O execution - source compiled test
FAIL: ArrayStore2 execution - gij test
FAIL: ArrayStore2 -O execution - bytecode->native test
FAIL: Array_1 execution - source compiled test
FAIL: Array_1 execution - gij test
FAIL: Array_1 execution - bytecode->native test
FAIL: Array_1 -O execution - source compiled test
FAIL: Array_1 execution - gij test
FAIL: Array_1 -O execution - bytecode->native test
FAIL: Array_2 execution - source compiled test
FAIL: Array_2 execution - gij test
FAIL: Array_2 execution - bytecode->native test
FAIL: Array_2 -O execution - source compiled test
FAIL: Array_2 execution - gij test
FAIL: Array_2 -O execution - bytecode->native test
FAIL: Array_3 execution - source compiled test
FAIL: Array_3 execution - gij test
FAIL: Array_3 execution - bytecode->native test
FAIL: Array_3 -O execution - source compiled test
FAIL: Array_3 execution - gij test
FAIL: Array_3 -O execution - bytecode->native test
FAIL: Class_1 execution - source compiled test
FAIL: Class_1 execution - gij test
FAIL: Class_1 execution - bytecode->native test
FAIL: Class_1 -O execution - source compiled test
FAIL: Class_1 execution - gij test
FAIL: Class_1 -O execution - bytecode->native test
FAIL: Divide_1 execution - source compiled test
FAIL: Divide_1 execution - gij test
FAIL: Divide_1 execution - bytecode->native test
FAIL: Divide_1 -O execution - source compiled test
FAIL: Divide_1 execution - gij test
FAIL: Divide_1 -O execution - bytecode->native test
FAIL: EvaluationOrder execution - source compiled test
FAIL: EvaluationOrder execution - gij test
FAIL: EvaluationOrder execution - bytecode->native test
FAIL: EvaluationOrder -O execution - source compiled test
FAIL: EvaluationOrder execution - gij test
FAIL: EvaluationOrder -O execution - bytecode->native test
FAIL: FileHandleGcTest execution - source compiled test
FAIL: FileHandleGcTest execution - gij test
FAIL: FileHandleGcTest execution - bytecode->native test
FAIL: FileHandleGcTest -O execution - source compiled test
FAIL: FileHandleGcTest execution - gij test
FAIL: FileHandleGcTest -O execution - bytecode->native test
FAIL: Final execution - source compiled test
FAIL: Final execution - gij test
FAIL: Final execution - bytecode->native test
FAIL: Final -O execution - source compiled test
FAIL: Final execution - gij test
FAIL: Final -O execution - bytecode->native test
FAIL: Float_1 execution - source compiled test
FAIL: Float_1 execution - gij test
FAIL: Float_1 execution - bytecode->native test
FAIL: Float_1 -O execution - source compiled test
FAIL: Float_1 execution - gij test
FAIL: Float_1 -O execution - bytecode->native test
FAIL: G19990301_01 execution - source compiled test
FAIL: G19990301_01 byte compilation
FAIL: G19990301_01 -O execution - source compiled test
FAIL: G19990301_01 byte compilation
FAIL: G19990302_02 execution - source compiled test
FAIL: G19990302_02 execution - gij test
FAIL: G19990302_02 execution - bytecode->native test
FAIL: G19990302_02 -O execution - source compiled test
FAIL: G19990302_02 execution - gij test
FAIL: G19990302_02 -O execution - bytecode->native test
FAIL: G19990303_01 execution - source compiled test
FAIL: G19990303_01 execution - gij test
FAIL: G19990303_01 execution - bytecode->native test
FAIL: G19990303_01 -O execution - source compiled test
FAIL: G19990303_01 execution - gij test
FAIL: G19990303_01 -O execution - bytecode->native test
FAIL: G19990303_02 execution - source compiled test
FAIL: G19990303_02 execution - gij test
FAIL: G19990303_02 execution - bytecode->native test
FAIL: G19990303_02 -O execution - source compiled test
FAIL: G19990303_02 execution - gij test
FAIL: G19990303_02 -O execution - bytecode->native test
FAIL: G19990304_01 execution - source compiled test
FAIL: G19990304_01 execution - gij test
FAIL: G19990304_01 execution - bytecode->native test
FAIL: G19990304_01 -O execution - source compiled test
FAIL: G19990304_01 execution - gij test
FAIL: G19990304_01 -O execution - bytecode->native test
FAIL: G19990310_01 execution - source compiled test
FAIL: G19990310_01 execution - gij test
FAIL: G19990310_01 execution - bytecode->native test
FAIL: G19990310_01 -O execution - source compiled test
FAIL: G19990310_01 execution - gij test
FAIL: G19990310_01 -O execution - bytecode->native test
FAIL: II execution - source compiled test
FAIL: II execution - gij test
FAIL: II execution - bytecode->native test
FAIL: II -O execution - source compiled test
FAIL: II execution - gij test
FAIL: II -O execution - bytecode->native test
FAIL: InterfaceDispatch execution - source compiled test
FAIL: InterfaceDispatch execution - gij test
FAIL: InterfaceDispatch execution - bytecode->native test
FAIL: InterfaceDispatch -O execution - source compiled test
FAIL: InterfaceDispatch execution - gij test
FAIL: InterfaceDispatch -O execution - bytecode->native test
FAIL: InvokeReturn execution - source compiled test
FAIL: InvokeReturn execution - gij test
FAIL: InvokeReturn execution - bytecode->native test
FAIL: InvokeReturn -O execution - source compiled test
FAIL: InvokeReturn execution - gij test
FAIL: InvokeReturn -O execution - bytecode->native test
FAIL: Invoke_1 execution - source compiled test
FAIL: Invoke_1 execution - gij test
FAIL: Invoke_1 execution - bytecode->native test
FAIL: Invoke_1 -O execution - source compiled test
FAIL: Invoke_1 execution - gij test
FAIL: Invoke_1 -O execution - bytecode->native test
FAIL: Invoke_2 execution - source compiled test
FAIL: Invoke_2 execution - gij test
FAIL: Invoke_2 execution - bytecode->native test
FAIL: Invoke_2 -O execution - source compiled test
FAIL: Invoke_2 execution - gij test
FAIL: Invoke_2 -O execution - bytecode->native test
FAIL: KeepInline execution - source compiled test
FAIL: KeepInline execution - gij test
FAIL: KeepInline execution - bytecode->native test
FAIL: KeepInline -O execution - source compiled test
FAIL: KeepInline execution - gij test
FAIL: KeepInline -O execution - bytecode->native test
FAIL: Matrix4f execution - source compiled test
FAIL: Matrix4f execution - gij test
FAIL: Matrix4f execution - bytecode->native test
FAIL: Matrix4f -O execution - source compiled test
FAIL: Matrix4f execution - gij test
FAIL: Matrix4f -O execution - bytecode->native test
FAIL: N19990310_02 execution - source compiled test
FAIL: N19990310_02 execution - gij test
FAIL: N19990310_02 execution - bytecode->native test
FAIL: N19990310_02 -O execution - source compiled test
FAIL: N19990310_02 execution - gij test
FAIL: N19990310_02 -O execution - bytecode->native test
FAIL: N19990310_3 execution - source compiled test
FAIL: N19990310_3 execution - gij test
FAIL: N19990310_3 execution - bytecode->native test
FAIL: N19990310_3 -O execution - source compiled test
FAIL: N19990310_3 execution - gij test
FAIL: N19990310_3 -O execution - bytecode->native test
FAIL: N19990310_4 execution - source compiled test
FAIL: N19990310_4 execution - gij test
FAIL: N19990310_4 execution - bytecode->native test
FAIL: N19990310_4 -O execution - source compiled test
FAIL: N19990310_4 execution - gij test
FAIL: N19990310_4 -O execution - bytecode->native test
FAIL: N19990310_5 execution - source compiled test
FAIL: N19990310_5 execution - gij test
FAIL: N19990310_5 execution - bytecode->native test
FAIL: N19990310_5 -O execution - source compiled test
FAIL: N19990310_5 execution - gij test
FAIL: N19990310_5 -O execution - bytecode->native test
FAIL: PR141 execution - source compiled test
FAIL: PR141 execution - gij test
FAIL: PR141 execution - bytecode->native test
FAIL: PR141 -O execution - source compiled test
FAIL: PR141 execution - gij test
FAIL: PR141 -O execution - bytecode->native test
FAIL: PR160 execution - source compiled test
FAIL: PR160 execution - gij test
FAIL: PR160 execution - bytecode->native test
FAIL: PR160 -O execution - source compiled test
FAIL: PR160 execution - gij test
FAIL: PR160 -O execution - bytecode->native test
FAIL: PR162 execution - source compiled test
FAIL: PR162 execution - gij test
FAIL: PR162 execution - bytecode->native test
FAIL: PR162 -O execution - source compiled test
FAIL: PR162 execution - gij test
FAIL: PR162 -O execution - bytecode->native test
FAIL: PR218 execution - source compiled test
FAIL: PR218 execution - gij test
FAIL: PR218 execution - bytecode->native test
FAIL: PR218 -O execution - source compiled test
FAIL: PR218 execution - gij test
FAIL: PR218 -O execution - bytecode->native test
FAIL: PR242 execution - source compiled test
FAIL: PR242 byte compilation
FAIL: PR242 -O execution - source compiled test
FAIL: PR242 byte compilation
FAIL: PR260 execution - source compiled test
FAIL: PR260 execution - gij test
FAIL: PR260 execution - bytecode->native test
FAIL: PR260 -O execution - source compiled test
FAIL: PR260 execution - gij test
FAIL: PR260 -O execution - bytecode->native test
FAIL: PR3096 execution - source compiled test
FAIL: PR3096 execution - gij test
FAIL: PR3096 execution - bytecode->native test
FAIL: PR3096 -O execution - source compiled test
FAIL: PR3096 execution - gij test
FAIL: PR3096 -O execution - bytecode->native test
FAIL: PR3731 execution - source compiled test
FAIL: PR3731 execution - gij test
FAIL: PR3731 execution - bytecode->native test
FAIL: PR3731 -O execution - source compiled test
FAIL: PR3731 execution - gij test
FAIL: PR3731 -O execution - bytecode->native test
FAIL: PR5057 execution - source compiled test
FAIL: PR5057 execution - gij test
FAIL: PR5057 execution - bytecode->native test
FAIL: PR5057 -O execution - source compiled test
FAIL: PR5057 execution - gij test
FAIL: PR5057 -O execution - bytecode->native test
FAIL: PR5057_2 execution - source compiled test
FAIL: PR5057_2 execution - gij test
FAIL: PR5057_2 execution - bytecode->native test
FAIL: PR5057_2 -O execution - source compiled test
FAIL: PR5057_2 execution - gij test
FAIL: PR5057_2 -O execution - bytecode->native test
FAIL: PR55 execution - source compiled test
FAIL: PR55 execution - gij test
FAIL: PR55 execution - bytecode->native test
FAIL: PR55 -O execution - source compiled test
FAIL: PR55 execution - gij test
FAIL: PR55 -O execution - bytecode->native test
FAIL: PR56 execution - source compiled test
FAIL: PR56 execution - gij test
FAIL: PR56 execution - bytecode->native test
FAIL: PR56 -O execution - source compiled test
FAIL: PR56 execution - gij test
FAIL: PR56 -O execution - bytecode->native test
FAIL: PR6085 execution - source compiled test
FAIL: PR6085 execution - gij test
FAIL: PR6085 execution - bytecode->native test
FAIL: PR6085 -O execution - source compiled test
FAIL: PR6085 execution - gij test
FAIL: PR6085 -O execution - bytecode->native test
FAIL: PR6204 execution - source compiled test
FAIL: PR6204 execution - gij test
FAIL: PR6204 execution - bytecode->native test
FAIL: PR6204 -O execution - source compiled test
FAIL: PR6204 execution - gij test
FAIL: PR6204 -O execution - bytecode->native test
FAIL: PR6729 execution - source compiled test
FAIL: PR6729 execution - gij test
FAIL: PR6729 execution - bytecode->native test
FAIL: PR6729 -O execution - source compiled test
FAIL: PR6729 execution - gij test
FAIL: PR6729 -O execution - bytecode->native test
FAIL: PR6820 execution - source compiled test
FAIL: PR6820 execution - gij test
FAIL: PR6820 execution - bytecode->native test
FAIL: PR6820 -O execution - source compiled test
FAIL: PR6820 execution - gij test
FAIL: PR6820 -O execution - bytecode->native test
FAIL: Shazam execution - source compiled test
FAIL: Shazam execution - gij test
FAIL: Shazam execution - bytecode->native test
FAIL: Shazam -O execution - source compiled test
FAIL: Shazam execution - gij test
FAIL: Shazam -O execution - bytecode->native test
FAIL: StaticConstructor execution - source compiled test
FAIL: StaticConstructor execution - gij test
FAIL: StaticConstructor execution - bytecode->native test
FAIL: StaticConstructor -O execution - source compiled test
FAIL: StaticConstructor execution - gij test
FAIL: StaticConstructor -O execution - bytecode->native test
FAIL: StringBuffer_1 execution - source compiled test
FAIL: StringBuffer_1 execution - gij test
FAIL: StringBuffer_1 execution - bytecode->native test
FAIL: StringBuffer_1 -O execution - source compiled test
FAIL: StringBuffer_1 execution - gij test
FAIL: StringBuffer_1 -O execution - bytecode->native test
FAIL: SyncGlobal execution - source compiled test
FAIL: SyncGlobal execution - gij test
FAIL: SyncGlobal execution - bytecode->native test
FAIL: SyncGlobal -O execution - source compiled test
FAIL: SyncGlobal execution - gij test
FAIL: SyncGlobal -O execution - bytecode->native test
FAIL: SyncTest execution - source compiled test
FAIL: SyncTest execution - gij test
FAIL: SyncTest execution - bytecode->native test
FAIL: SyncTest -O execution - source compiled test
FAIL: SyncTest execution - gij test
FAIL: SyncTest -O execution - bytecode->native test
FAIL: Synch execution - source compiled test
FAIL: Synch execution - gij test
FAIL: Synch execution - bytecode->native test
FAIL: Synch -O execution - source compiled test
FAIL: Synch execution - gij test
FAIL: Synch -O execution - bytecode->native test
FAIL: TLtest execution - source compiled test
FAIL: TLtest execution - gij test
FAIL: TLtest execution - bytecode->native test
FAIL: TLtest -O execution - source compiled test
FAIL: TLtest execution - gij test
FAIL: TLtest -O execution - bytecode->native test
FAIL: TestProxy execution - source compiled test
FAIL: TestProxy execution - gij test
FAIL: TestProxy execution - bytecode->native test
FAIL: TestProxy -O execution - source compiled test
FAIL: TestProxy execution - gij test
FAIL: TestProxy -O execution - bytecode->native test
FAIL: Thread_Alive execution - source compiled test
FAIL: Thread_Alive execution - gij test
FAIL: Thread_Alive execution - bytecode->native test
FAIL: Thread_Alive -O execution - source compiled test
FAIL: Thread_Alive execution - gij test
FAIL: Thread_Alive -O execution - bytecode->native test
FAIL: Thread_Interrupt execution - source compiled test
FAIL: Thread_Interrupt execution - gij test
FAIL: Thread_Interrupt execution - bytecode->native test
FAIL: Thread_Interrupt -O execution - source compiled test
FAIL: Thread_Interrupt execution - gij test
FAIL: Thread_Interrupt -O execution - bytecode->native test
FAIL: Thread_Join execution - source compiled test
FAIL: Thread_Join execution - gij test
FAIL: Thread_Join execution - bytecode->native test
FAIL: Thread_Join -O execution - source compiled test
FAIL: Thread_Join execution - gij test
FAIL: Thread_Join -O execution - bytecode->native test
FAIL: Thread_Monitor execution - source compiled test
FAIL: Thread_Monitor execution - gij test
FAIL: Thread_Monitor execution - bytecode->native test
FAIL: Thread_Monitor -O execution - source compiled test
FAIL: Thread_Monitor execution - gij test
FAIL: Thread_Monitor -O execution - bytecode->native test
FAIL: Thread_Sleep execution - source compiled test
FAIL: Thread_Sleep execution - gij test
FAIL: Thread_Sleep execution - bytecode->native test
FAIL: Thread_Sleep -O execution - source compiled test
FAIL: Thread_Sleep execution - gij test
FAIL: Thread_Sleep -O execution - bytecode->native test
FAIL: Thread_Wait execution - source compiled test
FAIL: Thread_Wait execution - gij test
FAIL: Thread_Wait execution - bytecode->native test
FAIL: Thread_Wait -O execution - source compiled test
FAIL: Thread_Wait execution - gij test
FAIL: Thread_Wait -O execution - bytecode->native test
FAIL: Thread_Wait_2 execution - source compiled test
FAIL: Thread_Wait_2 execution - gij test
FAIL: Thread_Wait_2 execution - bytecode->native test
FAIL: Thread_Wait_2 -O execution - source compiled test
FAIL: Thread_Wait_2 execution - gij test
FAIL: Thread_Wait_2 -O execution - bytecode->native test
FAIL: Thread_Wait_Interrupt execution - source compiled test
FAIL: Thread_Wait_Interrupt execution - gij test
FAIL: Thread_Wait_Interrupt execution - bytecode->native test
FAIL: Thread_Wait_Interrupt -O execution - source compiled test
FAIL: Thread_Wait_Interrupt execution - gij test
FAIL: Thread_Wait_Interrupt -O execution - bytecode->native test
FAIL: Throw_1 execution - source compiled test
FAIL: Throw_1 execution - gij test
FAIL: Throw_1 execution - bytecode->native test
FAIL: Throw_1 -O execution - source compiled test
FAIL: Throw_1 execution - gij test
FAIL: Throw_1 -O execution - bytecode->native test
FAIL: Throw_2 execution - source compiled test
FAIL: Throw_2 execution - gij test
FAIL: Throw_2 execution - bytecode->native test
FAIL: Throw_2 -O execution - source compiled test
FAIL: Throw_2 execution - gij test
FAIL: Throw_2 -O execution - bytecode->native test
FAIL: anfi execution - source compiled test
FAIL: anfi execution - gij test
FAIL: anfi execution - bytecode->native test
FAIL: anfi -O execution - source compiled test
FAIL: anfi execution - gij test
FAIL: anfi -O execution - bytecode->native test
FAIL: anon execution - source compiled test
FAIL: anon execution - gij test
FAIL: anon execution - bytecode->native test
FAIL: anon -O execution - source compiled test
FAIL: anon execution - gij test
FAIL: anon -O execution - bytecode->native test
FAIL: anon2 execution - source compiled test
FAIL: anon2 execution - gij test
FAIL: anon2 execution - bytecode->native test
FAIL: anon2 -O execution - source compiled test
FAIL: anon2 execution - gij test
FAIL: anon2 -O execution - bytecode->native test
FAIL: anon3 execution - source compiled test
FAIL: anon3 execution - gij test
FAIL: anon3 execution - bytecode->native test
FAIL: anon3 -O execution - source compiled test
FAIL: anon3 execution - gij test
FAIL: anon3 -O execution - bytecode->native test
FAIL: anon4 execution - source compiled test
FAIL: anon4 execution - gij test
FAIL: anon4 execution - bytecode->native test
FAIL: anon4 -O execution - source compiled test
FAIL: anon4 execution - gij test
FAIL: anon4 -O execution - bytecode->native test
FAIL: anon_ctor_itf_arg execution - source compiled test
FAIL: anon_ctor_itf_arg execution - gij test
FAIL: anon_ctor_itf_arg execution - bytecode->native test
FAIL: anon_ctor_itf_arg -O execution - source compiled test
FAIL: anon_ctor_itf_arg execution - gij test
FAIL: anon_ctor_itf_arg -O execution - bytecode->native test
FAIL: anonarray execution - source compiled test
FAIL: anonarray execution - gij test
FAIL: anonarray execution - bytecode->native test
FAIL: anonarray -O execution - source compiled test
FAIL: anonarray execution - gij test
FAIL: anonarray -O execution - bytecode->native test
FAIL: anonarray2 execution - source compiled test
FAIL: anonarray2 execution - gij test
FAIL: anonarray2 execution - bytecode->native test
FAIL: anonarray2 -O execution - source compiled test
FAIL: anonarray2 execution - gij test
FAIL: anonarray2 -O execution - bytecode->native test
FAIL: anonarray3 execution - source compiled test
FAIL: anonarray3 execution - gij test
FAIL: anonarray3 execution - bytecode->native test
FAIL: anonarray3 -O execution - source compiled test
FAIL: anonarray3 execution - gij test
FAIL: anonarray3 -O execution - bytecode->native test
FAIL: direct_read execution - source compiled test
FAIL: direct_read execution - gij test
FAIL: direct_read execution - bytecode->native test
FAIL: direct_read -O execution - source compiled test
FAIL: direct_read execution - gij test
FAIL: direct_read -O execution - bytecode->native test
FAIL: direct_write execution - source compiled test
FAIL: direct_write execution - gij test
FAIL: direct_write execution - bytecode->native test
FAIL: direct_write -O execution - source compiled test
FAIL: direct_write execution - gij test
FAIL: direct_write -O execution - bytecode->native test
FAIL: emptystring execution - source compiled test
FAIL: emptystring execution - gij test
FAIL: emptystring execution - bytecode->native test
FAIL: emptystring -O execution - source compiled test
FAIL: emptystring execution - gij test
FAIL: emptystring -O execution - bytecode->native test
FAIL: err1 execution - source compiled test
FAIL: err1 execution - gij test
FAIL: err1 execution - bytecode->native test
FAIL: err1 -O execution - source compiled test
FAIL: err1 execution - gij test
FAIL: err1 -O execution - bytecode->native test
FAIL: err10 execution - source compiled test
FAIL: err10 execution - gij test
FAIL: err10 execution - bytecode->native test
FAIL: err10 -O execution - source compiled test
FAIL: err10 execution - gij test
FAIL: err10 -O execution - bytecode->native test
FAIL: err11 execution - source compiled test
FAIL: err11 execution - gij test
FAIL: err11 execution - bytecode->native test
FAIL: err11 -O execution - source compiled test
FAIL: err11 execution - gij test
FAIL: err11 -O execution - bytecode->native test
FAIL: err12 execution - source compiled test
FAIL: err12 execution - gij test
FAIL: err12 execution - bytecode->native test
FAIL: err12 -O execution - source compiled test
FAIL: err12 execution - gij test
FAIL: err12 -O execution - bytecode->native test
FAIL: err13 execution - source compiled test
FAIL: err13 execution - gij test
FAIL: err13 execution - bytecode->native test
FAIL: err13 -O execution - source compiled test
FAIL: err13 execution - gij test
FAIL: err13 -O execution - bytecode->native test
FAIL: err2 execution - source compiled test
FAIL: err2 execution - gij test
FAIL: err2 execution - bytecode->native test
FAIL: err2 -O execution - source compiled test
FAIL: err2 execution - gij test
FAIL: err2 -O execution - bytecode->native test
FAIL: err3 execution - source compiled test
FAIL: err3 execution - gij test
FAIL: err3 execution - bytecode->native test
FAIL: err3 -O execution - source compiled test
FAIL: err3 execution - gij test
FAIL: err3 -O execution - bytecode->native test
FAIL: err4 execution - source compiled test
FAIL: err4 execution - gij test
FAIL: err4 execution - bytecode->native test
FAIL: err4 -O execution - source compiled test
FAIL: err4 execution - gij test
FAIL: err4 -O execution - bytecode->native test
FAIL: err5 execution - source compiled test
FAIL: err5 execution - gij test
FAIL: err5 execution - bytecode->native test
FAIL: err5 -O execution - source compiled test
FAIL: err5 execution - gij test
FAIL: err5 -O execution - bytecode->native test
FAIL: err6 execution - source compiled test
FAIL: err6 execution - gij test
FAIL: err6 execution - bytecode->native test
FAIL: err6 -O execution - source compiled test
FAIL: err6 execution - gij test
FAIL: err6 -O execution - bytecode->native test
FAIL: err7 execution - source compiled test
FAIL: err7 execution - gij test
FAIL: err7 execution - bytecode->native test
FAIL: err7 -O execution - source compiled test
FAIL: err7 execution - gij test
FAIL: err7 -O execution - bytecode->native test
FAIL: err8 execution - source compiled test
FAIL: err8 execution - gij test
FAIL: err8 execution - bytecode->native test
FAIL: err8 -O execution - source compiled test
FAIL: err8 execution - gij test
FAIL: err8 -O execution - bytecode->native test
FAIL: err9 execution - source compiled test
FAIL: err9 execution - gij test
FAIL: err9 execution - bytecode->native test
FAIL: err9 -O execution - source compiled test
FAIL: err9 execution - gij test
FAIL: err9 -O execution - bytecode->native test
FAIL: final_inner execution - source compiled test
FAIL: final_inner execution - gij test
FAIL: final_inner execution - bytecode->native test
FAIL: final_inner -O execution - source compiled test
FAIL: final_inner execution - gij test
FAIL: final_inner -O execution - bytecode->native test
FAIL: final_int execution - source compiled test
FAIL: final_int execution - gij test
FAIL: final_int execution - bytecode->native test
FAIL: final_int -O execution - source compiled test
FAIL: final_int execution - gij test
FAIL: final_int -O execution - bytecode->native test
FAIL: final_static_and_friend execution - source compiled test
FAIL: final_static_and_friend execution - gij test
FAIL: final_static_and_friend execution - bytecode->native test
FAIL: final_static_and_friend -O execution - source compiled test
FAIL: final_static_and_friend execution - gij test
FAIL: final_static_and_friend -O execution - bytecode->native test
FAIL: indirect execution - source compiled test
FAIL: indirect execution - gij test
FAIL: indirect execution - bytecode->native test
FAIL: indirect -O execution - source compiled test
FAIL: indirect execution - gij test
FAIL: indirect -O execution - bytecode->native test
FAIL: indirect_read execution - source compiled test
FAIL: indirect_read execution - gij test
FAIL: indirect_read execution - bytecode->native test
FAIL: indirect_read -O execution - source compiled test
FAIL: indirect_read execution - gij test
FAIL: indirect_read -O execution - bytecode->native test
FAIL: indirect_write execution - source compiled test
FAIL: indirect_write execution - gij test
FAIL: indirect_write execution - bytecode->native test
FAIL: indirect_write -O execution - source compiled test
FAIL: indirect_write execution - gij test
FAIL: indirect_write -O execution - bytecode->native test
FAIL: initexc execution - source compiled test
FAIL: initexc execution - gij test
FAIL: initexc execution - bytecode->native test
FAIL: initexc -O execution - source compiled test
FAIL: initexc execution - gij test
FAIL: initexc -O execution - bytecode->native test
FAIL: inline execution - source compiled test
FAIL: inline execution - gij test
FAIL: inline execution - bytecode->native test
FAIL: inline -O execution - source compiled test
FAIL: inline execution - gij test
FAIL: inline -O execution - bytecode->native test
FAIL: inner1 execution - source compiled test
FAIL: inner1 execution - gij test
FAIL: inner1 execution - bytecode->native test
FAIL: inner1 -O execution - source compiled test
FAIL: inner1 execution - gij test
FAIL: inner1 -O execution - bytecode->native test
FAIL: inner2 execution - source compiled test
FAIL: inner2 execution - gij test
FAIL: inner2 execution - bytecode->native test
FAIL: inner2 -O execution - source compiled test
FAIL: inner2 execution - gij test
FAIL: inner2 -O execution - bytecode->native test
FAIL: inner3 execution - source compiled test
FAIL: inner3 execution - gij test
FAIL: inner3 execution - bytecode->native test
FAIL: inner3 -O execution - source compiled test
FAIL: inner3 execution - gij test
FAIL: inner3 -O execution - bytecode->native test
FAIL: inner4 execution - source compiled test
FAIL: inner4 execution - gij test
FAIL: inner4 execution - bytecode->native test
FAIL: inner4 -O execution - source compiled test
FAIL: inner4 execution - gij test
FAIL: inner4 -O execution - bytecode->native test
FAIL: inner_array execution - source compiled test
FAIL: inner_array execution - gij test
FAIL: inner_array execution - bytecode->native test
FAIL: inner_array -O execution - source compiled test
FAIL: inner_array execution - gij test
FAIL: inner_array -O execution - bytecode->native test
FAIL: inner_interface execution - source compiled test
FAIL: inner_interface execution - gij test
FAIL: inner_interface execution - bytecode->native test
FAIL: inner_interface -O execution - source compiled test
FAIL: inner_interface execution - gij test
FAIL: inner_interface -O execution - bytecode->native test
FAIL: instance execution - source compiled test
FAIL: instance execution - gij test
FAIL: instance execution - bytecode->native test
FAIL: instance -O execution - source compiled test
FAIL: instance execution - gij test
FAIL: instance -O execution - bytecode->native test
FAIL: instinit execution - source compiled test
FAIL: instinit execution - gij test
FAIL: instinit execution - bytecode->native test
FAIL: instinit -O execution - source compiled test
FAIL: instinit execution - gij test
FAIL: instinit -O execution - bytecode->native test
FAIL: instinit2 execution - source compiled test
FAIL: instinit2 execution - gij test
FAIL: instinit2 execution - bytecode->native test
FAIL: instinit2 -O execution - source compiled test
FAIL: instinit2 execution - gij test
FAIL: instinit2 -O execution - bytecode->native test
FAIL: invoke_from_inner execution - source compiled test
FAIL: invoke_from_inner execution - gij test
FAIL: invoke_from_inner execution - bytecode->native test
FAIL: invoke_from_inner -O execution - source compiled test
FAIL: invoke_from_inner execution - gij test
FAIL: invoke_from_inner -O execution - bytecode->native test
FAIL: invokethrow execution - source compiled test
FAIL: invokethrow execution - gij test
FAIL: invokethrow execution - bytecode->native test
FAIL: invokethrow -O execution - source compiled test
FAIL: invokethrow execution - gij test
FAIL: invokethrow -O execution - bytecode->native test
FAIL: klass execution - source compiled test
FAIL: klass execution - gij test
FAIL: klass execution - bytecode->native test
FAIL: klass -O execution - source compiled test
FAIL: klass execution - gij test
FAIL: klass -O execution - bytecode->native test
FAIL: multiple_finit execution - source compiled test
FAIL: multiple_finit execution - gij test
FAIL: multiple_finit execution - bytecode->native test
FAIL: multiple_finit -O execution - source compiled test
FAIL: multiple_finit execution - gij test
FAIL: multiple_finit -O execution - bytecode->native test
FAIL: negzero execution - source compiled test
FAIL: negzero execution - gij test
FAIL: negzero execution - bytecode->native test
FAIL: negzero -O execution - source compiled test
FAIL: negzero execution - gij test
FAIL: negzero -O execution - bytecode->native test
FAIL: nested_with_ctor execution - source compiled test
FAIL: nested_with_ctor execution - gij test
FAIL: nested_with_ctor execution - bytecode->native test
FAIL: nested_with_ctor -O execution - source compiled test
FAIL: nested_with_ctor execution - gij test
FAIL: nested_with_ctor -O execution - bytecode->native test
FAIL: override execution - source compiled test
FAIL: override execution - gij test
FAIL: override execution - bytecode->native test
FAIL: override -O execution - source compiled test
FAIL: override execution - gij test
FAIL: override -O execution - bytecode->native test
FAIL: pr109 execution - source compiled test
FAIL: pr109 execution - gij test
FAIL: pr109 execution - bytecode->native test
FAIL: pr109 -O execution - source compiled test
FAIL: pr109 execution - gij test
FAIL: pr109 -O execution - bytecode->native test
FAIL: pr133 execution - source compiled test
FAIL: pr133 execution - gij test
FAIL: pr133 execution - bytecode->native test
FAIL: pr133 -O execution - source compiled test
FAIL: pr133 execution - gij test
FAIL: pr133 -O execution - bytecode->native test
FAIL: pr179 execution - source compiled test
FAIL: pr179 execution - gij test
FAIL: pr179 execution - bytecode->native test
FAIL: pr179 -O execution - source compiled test
FAIL: pr179 execution - gij test
FAIL: pr179 -O execution - bytecode->native test
FAIL: pr184 execution - source compiled test
FAIL: pr184 execution - gij test
FAIL: pr184 execution - bytecode->native test
FAIL: pr184 -O execution - source compiled test
FAIL: pr184 execution - gij test
FAIL: pr184 -O execution - bytecode->native test
FAIL: pr6388 execution - source compiled test
FAIL: pr6388 execution - gij test
FAIL: pr6388 execution - bytecode->native test
FAIL: pr6388 -O execution - source compiled test
FAIL: pr6388 execution - gij test
FAIL: pr6388 -O execution - bytecode->native test
FAIL: pr83 execution - source compiled test
FAIL: pr83 execution - gij test
FAIL: pr83 execution - bytecode->native test
FAIL: pr83 -O execution - source compiled test
FAIL: pr83 execution - gij test
FAIL: pr83 -O execution - bytecode->native test
FAIL: pr8415 execution - source compiled test
FAIL: pr8415 execution - gij test
FAIL: pr8415 execution - bytecode->native test
FAIL: pr8415 -O execution - source compiled test
FAIL: pr8415 execution - gij test
FAIL: pr8415 -O execution - bytecode->native test
FAIL: pr8676 execution - source compiled test
FAIL: pr8676 execution - gij test
FAIL: pr8676 execution - bytecode->native test
FAIL: pr8676 -O execution - source compiled test
FAIL: pr8676 execution - gij test
FAIL: pr8676 -O execution - bytecode->native test
FAIL: pr8823 execution - source compiled test
FAIL: pr8823 execution - gij test
FAIL: pr8823 compilation from bytecode
FAIL: pr8823 -O execution - source compiled test
FAIL: pr8823 execution - gij test
FAIL: pr8823 -O compilation from bytecode
FAIL: pr8945 execution - source compiled test
FAIL: pr8945 execution - gij test
FAIL: pr8945 execution - bytecode->native test
FAIL: pr8945 -O execution - source compiled test
FAIL: pr8945 execution - gij test
FAIL: pr8945 -O execution - bytecode->native test
FAIL: private_direct_read execution - source compiled test
FAIL: private_direct_read execution - gij test
FAIL: private_direct_read execution - bytecode->native test
FAIL: private_direct_read -O execution - source compiled test
FAIL: private_direct_read execution - gij test
FAIL: private_direct_read -O execution - bytecode->native test
FAIL: search_outer execution - source compiled test
FAIL: search_outer execution - gij test
FAIL: search_outer execution - bytecode->native test
FAIL: search_outer -O execution - source compiled test
FAIL: search_outer execution - gij test
FAIL: search_outer -O execution - bytecode->native test
FAIL: stringconst execution - source compiled test
FAIL: stringconst execution - gij test
FAIL: stringconst execution - bytecode->native test
FAIL: stringconst -O execution - source compiled test
FAIL: stringconst execution - gij test
FAIL: stringconst -O execution - bytecode->native test
FAIL: stringconst2 execution - source compiled test
FAIL: stringconst2 execution - gij test
FAIL: stringconst2 execution - bytecode->native test
FAIL: stringconst2 -O execution - source compiled test
FAIL: stringconst2 execution - gij test
FAIL: stringconst2 -O execution - bytecode->native test
FAIL: stub execution - source compiled test
FAIL: stub execution - gij test
FAIL: stub execution - bytecode->native test
FAIL: stub -O execution - source compiled test
FAIL: stub execution - gij test
FAIL: stub -O execution - bytecode->native test
FAIL: test_long execution - source compiled test
FAIL: test_long execution - gij test
FAIL: test_long execution - bytecode->native test
FAIL: test_long -O execution - source compiled test
FAIL: test_long execution - gij test
FAIL: test_long -O execution - bytecode->native test
FAIL: tmi execution - source compiled test
FAIL: tmi execution - gij test
FAIL: tmi execution - bytecode->native test
FAIL: tmi -O execution - source compiled test
FAIL: tmi execution - gij test
FAIL: tmi -O execution - bytecode->native test
FAIL: tp execution - source compiled test
FAIL: tp execution - gij test
FAIL: tp execution - bytecode->native test
FAIL: tp -O execution - source compiled test
FAIL: tp execution - gij test
FAIL: tp -O execution - bytecode->native test
FAIL: update_outer execution - source compiled test
FAIL: update_outer execution - gij test
FAIL: update_outer execution - bytecode->native test
FAIL: update_outer -O execution - source compiled test
FAIL: update_outer execution - gij test
FAIL: update_outer -O execution - bytecode->native test
FAIL: utf8concat execution - source compiled test
FAIL: utf8concat execution - gij test
FAIL: utf8concat execution - bytecode->native test
FAIL: utf8concat -O execution - source compiled test
FAIL: utf8concat execution - gij test
FAIL: utf8concat -O execution - bytecode->native test
FAIL: utilTest execution - source compiled test
FAIL: utilTest execution - gij test
FAIL: utilTest execution - bytecode->native test
FAIL: utilTest -O execution - source compiled test
FAIL: utilTest execution - gij test
FAIL: utilTest -O execution - bytecode->native test
FAIL: /usr/local/src/gcc-binutils/trunk/objdir/i686-pc-cygwin/libjava/testsuite/TestEarlyGC.exe execution - /usr/local/src/gcc-binutils/trunk/objdir/i686-pc-cygwin/libjava/testsuite/TestEarlyGC.exe
FAIL: /usr/local/src/gcc-binutils/trunk/objdir/i686-pc-cygwin/libjava/testsuite/TestLeak.exe execution - /usr/local/src/gcc-binutils/trunk/objdir/i686-pc-cygwin/libjava/testsuite/TestLeak.exe
FAIL: /usr/local/src/gcc-binutils/trunk/objdir/i686-pc-cygwin/libjava/testsuite/TestMultiple.exe execution - /usr/local/src/gcc-binutils/trunk/objdir/i686-pc-cygwin/libjava/testsuite/TestMultiple.exe
FAIL: /usr/local/src/gcc-binutils/trunk/objdir/i686-pc-cygwin/libjava/testsuite/TestParent.exe execution - /usr/local/src/gcc-binutils/trunk/objdir/i686-pc-cygwin/libjava/testsuite/TestParent.exe
=== libjava Summary ===
# of expected passes 1289
# of unexpected failures 809
# of expected failures 19
# of untested testcases 812
=== libstdc++-v3 tests ===
Running target unix
XPASS: 22_locale/collate_members_wchar_t.cc execution test
XPASS: 22_locale/ctype_is_wchar_t.cc execution test
XPASS: 22_locale/money_get_members_wchar_t.cc execution test
XPASS: 22_locale/money_put_members_wchar_t.cc execution test
XPASS: 22_locale/moneypunct_members_wchar_t.cc execution test
XPASS: 22_locale/num_get_members_wchar_t.cc execution test
XPASS: 22_locale/num_put_members_wchar_t.cc execution test
XPASS: 22_locale/numpunct_members_wchar_t.cc execution test
XPASS: 22_locale/time_get_members_wchar_t.cc execution test
XPASS: 22_locale/time_put_members_wchar_t.cc execution test
FAIL: 26_numerics/c99_classification_macros_c.cc (test for excess errors)
FAIL: 27_io/filebuf_members.cc execution test
FAIL: 27_io/istream_extractor_arith.cc execution test
=== libstdc++-v3 Summary ===
# of expected passes 417
# of unexpected failures 3
# of unexpected successes 10
# of expected failures 17
=== ld tests ===
Running target unix
FAIL: linking auto-import client using symbolic linked dll
FAIL: bootstrap
FAIL: bootstrap with strip
FAIL: bootstrap with --static
FAIL: bootstrap with --traditional-format
FAIL: bootstrap with --no-keep-memory
FAIL: bootstrap with --relax
FAIL: cdtest with -Ur
FAIL: NOCROSSREFS 2
FAIL: selective1
FAIL: selective2
ERROR: /usr/local/src/gcc-binutils/trunk/src/ld/testsuite/ld-selective/3.cc: compilation failed
UNRESOLVED: selective4
ERROR: /usr/local/src/gcc-binutils/trunk/src/ld/testsuite/ld-selective/4.cc: compilation failed
UNRESOLVED: selective5
ERROR: /usr/local/src/gcc-binutils/trunk/src/ld/testsuite/ld-selective/5.cc: compilation failed
UNRESOLVED: selective6
=== ld Summary ===
# of expected passes 17
# of unexpected failures 11
# of expected failures 2
# of unresolved testcases 3
Compiler version: 3.4 20021223 (experimental)
Platform: i686-pc-cygwin
configure flags: --host=i686-pc-cygwin --prefix=/usr/local/gcc-binutils --disable-shared --enable-threads=posix --with-system-zlib --disable-nls --enable-libgcj --enable-version-specific-runtime-libs --without-included-gettext --enable-sjlj-exceptions
BOOT_CFLAGS=-g -O2 -march=pentium4 -msse2 -mfpmath=sse -pipe
Counting all warnings,
there are 173 warnings in stage0 of this bootstrap.
Number of warnings per file:
60 cc1plus
27 include/i686-pc-cygwin/bits/gthr-default.h
10 libtool
10 libiberty/regex.c
6 include/i686-pc-cygwin/bits/c++locale.h
6 fastjar/jartool.c
4 libjava/java/lang/strtod.c
4 libjava/java/lang/dtoa.c
4 libiberty/getopt.c
3 libf2c/libI77/rsne.c
3 libf2c/libI77/inquire.c
3 lex.yy.c
3 include/getopt.h
3 /usr/local/src/gcc-binutils/trunk/gcc-binutils/bfd/elf.c
2 libobjc/linking.m
2 libjava/prims.cc
2 libjava/java/lang/w_exp.c
2 libjava/gnu/gcj/runtime/natSharedLibLoader.cc
2 libjava/gnu/gcj/runtime/natNameFinder.cc
2 libiberty/strsignal.c
2 libf2c/libI77/open.c
2 include/xregex2.h
1 libobjc/encoding.c
1 libobjc/Protocol.m
1 libobjc/Object.m
1 libjava/verify.cc
1 libjava/java/net/natNetworkInterface.cc
1 libjava/java/lang/e_exp.c
1 libjava/interpret.cc
1 libjava/gnu/gcj/io/shs.cc
1 libiberty/sigsetmask.c
1 /usr/local/src/gcc-binutils/trunk/gcc-binutils/boehm-gc/mark_rts.c
1 /usr/local/src/gcc-binutils/trunk/gcc-binutils/binutils/dllwrap.c
Number of warning types:
60 -ffunction-sections may affect debugging on some targets
27 ignoring
13 unused
13 \`???' might be used uninitialized in this function
9 signed and unsigned type in conditional expression
8 undefined symbols not allowed in i686-pc-cygwin shared libraries
6 unused parameter \`???'
6 \`???' defined but not used
4 pointer targets in passing arg ??? of \`???' differ in signedness
4 function declaration isn't a prototype
4 dereferencing type-punned pointer will break strict-aliasing rules
4 comparison between signed and unsigned
2 string length \`???' is greater than the length \`???' ISO C89 compilers are required to support
2 \`
2 ??? format, ??? arg (arg ???)
1 unused variable \`???'
1 traditional C rejects ISO C style function definitions
1 to ensure that POSIX-compatible ar will work
1 object name conflicts; overriding AR_FLAGS to 'cq'
1 implicit declaration of function \`???'
1 function returns address of local variable
1 comparison
1 ISO C90 does not support \`static' or type qualifiers in parameter array declarators
1 ISO C89 does not support \`static' or type qualifiers in parameter array declarators
Counting all warnings,
there are 45 warnings in stage3 of this bootstrap.
Number of warnings per file:
8 gcc/gcc.c
4 insn-conditions.c
3 gengtype-yacc.c
2 op1676.c
2 objc-parse.y
2 gcc/unwind-dw2-fde.h
2 gcc/f/sta.c
2 gcc/cp/lex.c
2 gcc/cp/lang-specs.h
2 c-parse.y
2 c-p2684.c
1 gcc/unwind-sjlj.c
1 gcc/unwind-pe.h
1 gcc/sdbout.c
1 gcc/ra-build.c
1 gcc/loop.c
1 gcc/java/lang.c
1 gcc/java/jvspec.c
1 gcc/java/jcf-write.c
1 gcc/java/builtins.c
1 gcc/function.c
1 gcc/emit-rtl.c
1 gcc/cp/decl2.c
1 gcc/convert.c
1 gcc/config/i386/i386.c
Number of warning types:
9 string length \`???' is greater than the length \`???' ISO C89 compilers are required to support
7 traditional C rejects ISO C style function definitions
6 ??? format, ??? arg (arg ???)
4 traditional C rejects string concatenation
3 unused parameter \`???'
3 comparison between signed and unsigned
2 dereferencing type-punned pointer will break strict-aliasing rules
2 assignment of read-only location
1 unused variable \`???'
1 too many arguments for format
1 static declaration for \`???' follows non-static
1 signed and unsigned type in conditional expression
1 function declaration isn't a prototype
1 assignment discards qualifiers from pointer target type
1 \`long' switch expression not converted to \`int' in ISO C
1 \`???' might be used uninitialized in this function
1 \`???' defined but not used
More information about the Gcc-testresults
mailing list