Results for 3.4 20021220 (experimental) testsuite on i586-pc-linux-gnu
mrs@apple.com
mrs@apple.com
Fri Dec 20 10:16:00 GMT 2002
LAST_UPDATED: Fri Dec 20 14:30:56 GMT 2002
Native configuration is i586-pc-linux-gnu
=== g++ tests ===
Running target unix
FAIL: g++.dg/warn/Wunused-2.C (test for warnings, line 5)
FAIL: g++.dg/tls/init-2.C (test for excess errors)
=== g++ Summary ===
# of expected passes 7913
# of unexpected failures 2
# of expected failures 88
# of untested testcases 9
# of unsupported tests 3
/mnt7/mrs/net/gcc-linux/gcc/testsuite/../g++ version 3.4 20021220 (experimental)
=== g77 tests ===
Running target unix
=== g77 Summary ===
# of expected passes 1638
# of unsupported tests 8
/mnt7/mrs/net/gcc-linux/gcc/testsuite/../g77 version 3.4 20021220 (experimental)
=== gcc tests ===
Running target unix
FAIL: gcc.c-torture/compile/20021220-1.c, -O1
FAIL: gcc.c-torture/compile/20021220-1.c, -O2
FAIL: gcc.c-torture/compile/20021220-1.c, -O3 -fomit-frame-pointer
FAIL: gcc.c-torture/compile/20021220-1.c, -O3 -fomit-frame-pointer -funroll-loops
FAIL: gcc.c-torture/compile/20021220-1.c, -O3 -fomit-frame-pointer -funroll-all-loops -finline-functions
FAIL: gcc.c-torture/compile/20021220-1.c, -O3 -g
FAIL: gcc.c-torture/compile/20021220-1.c, -Os
FAIL: gcc.c-torture/execute/builtin-constant.c execution, -O1
FAIL: gcc.c-torture/execute/builtin-constant.c execution, -O2
FAIL: gcc.c-torture/execute/builtin-constant.c execution, -O3 -fomit-frame-pointer
FAIL: gcc.c-torture/execute/builtin-constant.c execution, -O3 -g
FAIL: gcc.c-torture/execute/builtin-constant.c execution, -Os
FAIL: gcc.c-torture/execute/loop-2e.c execution, -Os
FAIL: gcc.c-torture/execute/ieee/20010114-2.c execution, -O1
FAIL: gcc.c-torture/execute/ieee/20010114-2.c execution, -O2
FAIL: gcc.c-torture/execute/ieee/20010114-2.c execution, -Os
FAIL: gcc.c-torture/execute/ieee/980619-1.c execution, -O1
FAIL: gcc.c-torture/execute/ieee/980619-1.c execution, -O2
FAIL: gcc.c-torture/execute/ieee/980619-1.c execution, -O3 -fomit-frame-pointer
FAIL: gcc.c-torture/execute/ieee/980619-1.c execution, -O3 -fomit-frame-pointer -funroll-loops
FAIL: gcc.c-torture/execute/ieee/980619-1.c execution, -O3 -fomit-frame-pointer -funroll-all-loops -finline-functions
FAIL: gcc.c-torture/execute/ieee/980619-1.c execution, -O3 -g
FAIL: gcc.c-torture/execute/ieee/980619-1.c execution, -Os
FAIL: gcc.dg/duff-2.c (test for excess errors)
=== gcc Summary ===
# of expected passes 20792
# of unexpected failures 24
# of expected failures 59
# of unsupported tests 76
/mnt7/mrs/net/gcc-linux/gcc/xgcc version 3.4 20021220 (experimental)
=== objc tests ===
Running target unix
=== objc Summary ===
# of expected passes 1153
/mnt7/mrs/net/gcc-linux/gcc/xgcc version 3.4 20021220 (experimental)
Compiler version: 3.4 20021220 (experimental)
Platform: i586-pc-linux-gnu
configure flags: --host=i586-pc-linux-gnu --prefix=/usr/local/gcc-20021220
More information about the Gcc-testresults
mailing list