Results for 3.4 20021218 (experimental) testsuite on cris-axis-elf
Hans-Peter Nilsson
hp@bitrange.com
Thu Dec 19 00:06:00 GMT 2002
Variations may appear at times due to local patches applied to GCC,
testsuite and DejaGNU. Host compiler is pristine gcc-2.95.3, C only.
LAST_UPDATED: Thu Dec 19 02:39:07 GMT 2002
(Ahh! BIB-merge regressions are gone!)
Target is cris-axis-elf
Host is cris-axis-elf
=== libstdc++-v3 tests ===
Running target cris-xsim
XPASS: 22_locale/collate_members_wchar_t.cc execution test
XPASS: 22_locale/ctype_is_wchar_t.cc execution test
XPASS: 22_locale/money_get_members_wchar_t.cc execution test
XPASS: 22_locale/money_put_members_wchar_t.cc execution test
XPASS: 22_locale/moneypunct_members_wchar_t.cc execution test
XPASS: 22_locale/num_get_members_wchar_t.cc execution test
XPASS: 22_locale/num_put_members_wchar_t.cc execution test
XPASS: 22_locale/numpunct_members_wchar_t.cc execution test
XPASS: 22_locale/time_get_members_wchar_t.cc execution test
XPASS: 22_locale/time_put_members_wchar_t.cc execution test
FAIL: 23_containers/vector_resize.cc execution test
FAIL: 27_io/filebuf_members.cc (test for excess errors)
WARNING: 27_io/filebuf_members.cc compilation failed to produce executable
FAIL: 27_io/ios_base_storage.cc execution test
=== libstdc++-v3 Summary ===
# of expected passes 404
# of unexpected failures 3
# of unexpected successes 10
# of expected failures 17
# of unsupported tests 6
Host is i686-pc-linux-gnu
=== g77 tests ===
Running target cris-xsim
FAIL: g77.f-torture/execute/20010430.f execution, -O2
FAIL: g77.f-torture/execute/20010430.f execution, -O3 -fomit-frame-pointer
FAIL: g77.f-torture/execute/20010430.f execution, -O3 -fomit-frame-pointer -funroll-loops
FAIL: g77.f-torture/execute/20010430.f execution, -O3 -fomit-frame-pointer -funroll-all-loops -finline-functions
FAIL: g77.f-torture/execute/20010430.f execution, -O3 -g
=== g77 Summary ===
# of expected passes 1566
# of unexpected failures 5
# of expected failures 34
# of untested testcases 8
# of unsupported tests 9
/mnt/miscb3/builds2/cris-xsim/gcc/testsuite/../g77 version 3.4 20021218 (experimental)
Host is i686-pc-linux-gnu
=== gcc tests ===
Running target cris-xsim
FAIL: gcc.c-torture/compile/simd-3.c, -O0
FAIL: gcc.c-torture/compile/simd-3.c, -O1
FAIL: gcc.c-torture/compile/simd-3.c, -O2
FAIL: gcc.c-torture/compile/simd-3.c, -O3 -fomit-frame-pointer
FAIL: gcc.c-torture/compile/simd-3.c, -O3 -g
FAIL: gcc.c-torture/compile/simd-3.c, -Os
UNRESOLVED: gcc.c-torture/execute/20020720-1.c execution, -O1
UNRESOLVED: gcc.c-torture/execute/20020720-1.c execution, -O2
UNRESOLVED: gcc.c-torture/execute/20020720-1.c execution, -O3 -fomit-frame-pointer
UNRESOLVED: gcc.c-torture/execute/20020720-1.c execution, -O3 -g
UNRESOLVED: gcc.c-torture/execute/20020720-1.c execution, -Os
FAIL: gcc.c-torture/execute/builtin-constant.c execution, -O1
FAIL: gcc.c-torture/execute/builtin-constant.c execution, -O2
FAIL: gcc.c-torture/execute/builtin-constant.c execution, -O3 -fomit-frame-pointer
FAIL: gcc.c-torture/execute/builtin-constant.c execution, -O3 -g
FAIL: gcc.c-torture/execute/builtin-constant.c execution, -Os
FAIL: gcc.dg/debug/debug-1.c scan-assembler xyzzy
FAIL: gcc.dg/debug/debug-1.c scan-assembler xyzzy
FAIL: gcc.dg/debug/debug-1.c scan-assembler xyzzy
FAIL: gcc.dg/debug/debug-1.c scan-assembler xyzzy
FAIL: gcc.dg/debug/debug-2.c scan-assembler xyzzy
FAIL: gcc.dg/debug/debug-2.c scan-assembler xyzzy
FAIL: gcc.dg/debug/debug-2.c scan-assembler xyzzy
FAIL: gcc.dg/debug/debug-2.c scan-assembler xyzzy
FAIL: gcc.dg/20020304-1.c (test for excess errors)
FAIL: gcc.dg/20021014-1.c (test for excess errors)
WARNING: gcc.dg/20021014-1.c compilation failed to produce executable
FAIL: gcc.dg/bitfld-3.c execution test
XPASS: gcc.dg/c99-flex-array-4.c sizeof != offsetof (test for bogus messages, line 24)
FAIL: gcc.dg/duff-2.c (test for excess errors)
FAIL: gcc.dg/nest.c (test for excess errors)
WARNING: gcc.dg/nest.c compilation failed to produce executable
FAIL: gcc.dg/uninit-A.c uninitialized variable warning (test for bogus messages, line 52)
FAIL: gcc.dg/uninit-A.c uninitialized variable warning (test for bogus messages, line 53)
FAIL: gcc.dg/wchar_t-1.c (test for excess errors)
FAIL: gcc.dg/wint_t-1.c (test for excess errors)
UNRESOLVED: weak-1.c
UNRESOLVED: weak-2.c
UNRESOLVED: wkali-1.c
UNRESOLVED: wkali-2.c
UNRESOLVED: gcc.dg/weak
=== gcc Summary ===
# of expected passes 20788
# of unexpected failures 28
# of unexpected successes 1
# of expected failures 70
# of unresolved testcases 10
# of unsupported tests 176
/mnt/miscb3/builds2/cris-xsim/gcc/xgcc version 3.4 20021218 (experimental)
Host is i686-pc-linux-gnu
=== g++ tests ===
Running target cris-xsim
FAIL: g++.dg/abi/empty6.C (test for warnings, line 6)
FAIL: g++.dg/abi/mangle17.C (test for excess errors)
ERROR: g++.dg/abi/rtti1.C: error executing dg-final: couldn't execute "cris-elf-c++filt": no such file or directory
UNRESOLVED: g++.dg/abi/rtti1.C: error executing dg-final: couldn't execute "cris-elf-c++filt": no such file or directory
FAIL: g++.dg/abi/vbase10.C (test for warnings, line 6)
FAIL: g++.dg/opt/vt1.C scan-assembler-not section[^
ERROR: g++.dg/opt/vtgc1.C: error executing dg-final: couldn't execute "cris-elf-c++filt": no such file or directory
UNRESOLVED: g++.dg/opt/vtgc1.C: error executing dg-final: couldn't execute "cris-elf-c++filt": no such file or directory
FAIL: g++.dg/warn/Wunused-2.C (test for warnings, line 5)
=== g++ Summary ===
# of expected passes 7795
# of unexpected failures 5
# of expected failures 90
# of unresolved testcases 2
# of untested testcases 30
# of unsupported tests 20
/mnt/miscb3/builds2/cris-xsim/gcc/testsuite/../g++ version 3.4 20021218 (experimental)
Host is i686-pc-linux-gnu
=== objc tests ===
Running target cris-xsim
=== objc Summary ===
# of expected passes 1153
/mnt/miscb3/builds2/cris-xsim/gcc/xgcc version 3.4 20021218 (experimental)
Compiler version: 3.4 20021218 (experimental)
Platform: cris-axis-elf
configure flags: --host=i686-pc-linux-gnu --target=cris-elf --prefix=/home/hp/work/axis/build/gcc3testprefix
More information about the Gcc-testresults
mailing list