Results for 3.2.1 20021125 (Red Hat Linux 8.0 3.2.1-1) testsuite on ia64-unknown-linux-gnu
H. J. Lu
hjl@lucon.org
Thu Dec 5 20:53:00 GMT 2002
LAST_UPDATED: Thu Dec 5 17:34:09 UTC 2002
Native configuration is ia64-unknown-linux-gnu
=== binutils tests ===
Running target unix
=== binutils Summary ===
# of expected passes 31
# of expected failures 1
=== gas tests ===
Running target unix
=== gas Summary ===
# of expected passes 46
# of expected failures 2
=== g77 tests ===
Running target unix
=== g77 Summary ===
# of expected passes 1452
# of unsupported tests 8
/home/hjl/build/tools-3.2-redhat-8/build-ia64-linux/gcc/testsuite/../g77 version 3.2.1 20021125 (Red Hat Linux 8.0 3.2.1-1)
=== gcc tests ===
Running target unix
XPASS: gcc.c-torture/compile/981223-1.c, -O2
XPASS: gcc.c-torture/compile/981223-1.c, -O3 -fomit-frame-pointer
XPASS: gcc.c-torture/compile/981223-1.c, -O3 -g
XPASS: gcc.c-torture/compile/981223-1.c, -Os
FAIL: gcc.dg/20021014-1.c execution test
XPASS: gcc.dg/c99-intconst-1.c (test for excess errors)
=== gcc Summary ===
# of expected passes 18211
# of unexpected failures 1
# of unexpected successes 5
# of expected failures 80
# of unsupported tests 112
/home/hjl/build/tools-3.2-redhat-8/build-ia64-linux/gcc/xgcc version 3.2.1 20021125 (Red Hat Linux 8.0 3.2.1-1)
=== g++ tests ===
Running target unix
FAIL: g++.dg/tls/diag-1.C (test for excess errors)
FAIL: g++.dg/tls/diag-2.C (test for excess errors)
FAIL: g++.dg/tls/init-1.C (test for excess errors)
FAIL: g++.law/profile1.C Execution test
FAIL: g++.pt/repo3.C (test for excess errors)
=== g++ Summary ===
# of expected passes 7191
# of unexpected failures 5
# of expected failures 89
# of untested testcases 23
# of unsupported tests 8
/home/hjl/build/tools-3.2-redhat-8/build-ia64-linux/gcc/testsuite/../g++ version 3.2.1 20021125 (Red Hat Linux 8.0 3.2.1-1)
=== objc tests ===
Running target unix
=== objc Summary ===
# of expected passes 1047
# of expected failures 6
/home/hjl/build/tools-3.2-redhat-8/build-ia64-linux/gcc/xgcc version 3.2.1 20021125 (Red Hat Linux 8.0 3.2.1-1)
=== libjava tests ===
Running target unix
FAIL: Array_3 -O execution from source compiled test
=== libjava Summary ===
# of expected passes 2085
# of unexpected failures 1
# of expected failures 18
# of untested testcases 15
=== libstdc++-v3 tests ===
Running target unix
XPASS: 22_locale/ctype_is_char.cc execution test
XPASS: 22_locale/ctype_is_wchar_t.cc execution test
XPASS: 22_locale/members.cc execution test
XPASS: 22_locale/messages_byname.cc execution test
XPASS: 22_locale/messages_members_char.cc execution test
XPASS: 22_locale/money_get_members_char.cc execution test
XPASS: 22_locale/money_get_members_wchar_t.cc execution test
XPASS: 22_locale/money_put_members_char.cc execution test
XPASS: 22_locale/money_put_members_wchar_t.cc execution test
XPASS: 22_locale/moneypunct_byname.cc execution test
XPASS: 22_locale/moneypunct_members_char.cc execution test
XPASS: 22_locale/moneypunct_members_wchar_t.cc execution test
XPASS: 22_locale/num_get_members_char.cc execution test
XPASS: 22_locale/num_get_members_wchar_t.cc execution test
XPASS: 22_locale/num_put_members_char.cc execution test
XPASS: 22_locale/num_put_members_wchar_t.cc execution test
XPASS: 22_locale/numpunct_byname.cc execution test
XPASS: 22_locale/numpunct_members_char.cc execution test
XPASS: 22_locale/numpunct_members_wchar_t.cc execution test
FAIL: 22_locale/operators.cc execution test
XPASS: 22_locale/time_get_members_char.cc execution test
XPASS: 22_locale/time_get_members_wchar_t.cc execution test
XPASS: 22_locale/time_put_members_char.cc execution test
XPASS: 22_locale/time_put_members_wchar_t.cc execution test
FAIL: 26_numerics/c99_classification_macros_c.cc (test for excess errors)
=== libstdc++-v3 Summary ===
# of expected passes 409
# of unexpected failures 2
# of unexpected successes 23
# of expected failures 3
=== ld tests ===
Running target unix
FAIL: selective1
FAIL: selective2
FAIL: selective3
ERROR: /home/hjl/src/tools-3.2-redhat-8/tools/ld/testsuite/ld-selective/3.cc: compilation failed
UNRESOLVED: selective4
ERROR: /home/hjl/src/tools-3.2-redhat-8/tools/ld/testsuite/ld-selective/4.cc: compilation failed
UNRESOLVED: selective5
ERROR: /home/hjl/src/tools-3.2-redhat-8/tools/ld/testsuite/ld-selective/5.cc: compilation failed
UNRESOLVED: selective6
FAIL: S-records
FAIL: S-records with constructors
=== ld Summary ===
# of expected passes 109
# of unexpected failures 5
# of expected failures 39
# of unresolved testcases 3
Compiler version: 3.2.1 20021125 (Red Hat Linux 8.0 3.2.1-1)
Platform: ia64-unknown-linux-gnu
configure flags: --host=ia64-unknown-linux --enable-clocale=gnu --with-system-zlib --enable-shared --enable-threads=posix --enable-haifa --disable-checking --prefix=/home/hjl/tools-3.2-redhat-8 --with-local-prefix=/home/hjl/tools-3.2-redhat-8
More information about the Gcc-testresults
mailing list