Results for 3.3 20021205 (experimental) testsuite on sparcv9-sun-solaris2.8
Brad Lucier
lucier@math.purdue.edu
Thu Dec 5 17:09:00 GMT 2002
LAST_UPDATED: Thu Dec 5 22:02:29 UTC 2002
Native configuration is sparcv9-sun-solaris2.8
=== g77 tests ===
Running target unix
=== g77 Summary ===
# of expected passes 1638
# of unsupported tests 8
/export/u3/lucier/programs/gcc/gcc-3.3/objdir/gcc/testsuite/../g77 version 3.3 20021205 (experimental)
=== gcc tests ===
Running target unix
FAIL: gcc.c-torture/compile/simd-5.c, -O0
FAIL: gcc.c-torture/compile/simd-5.c, -O1
FAIL: gcc.c-torture/compile/simd-5.c, -O2
FAIL: gcc.c-torture/compile/simd-5.c, -O3 -fomit-frame-pointer
FAIL: gcc.c-torture/compile/simd-5.c, -O3 -g
FAIL: gcc.c-torture/compile/simd-5.c, -Os
XPASS: gcc.c-torture/execute/20020227-1.c execution, -O0
XPASS: gcc.c-torture/execute/20020227-1.c execution, -O1
FAIL: gcc.c-torture/execute/930921-1.c compilation, -O3 -fomit-frame-pointer -funroll-loops
UNRESOLVED: gcc.c-torture/execute/930921-1.c execution, -O3 -fomit-frame-pointer -funroll-loops
FAIL: gcc.c-torture/execute/930921-1.c compilation, -O3 -fomit-frame-pointer -funroll-all-loops -finline-functions
UNRESOLVED: gcc.c-torture/execute/930921-1.c execution, -O3 -fomit-frame-pointer -funroll-all-loops -finline-functions
FAIL: gcc.c-torture/execute/builtin-constant.c execution, -O1
FAIL: gcc.c-torture/execute/builtin-constant.c execution, -O2
FAIL: gcc.c-torture/execute/builtin-constant.c execution, -O3 -fomit-frame-pointer
FAIL: gcc.c-torture/execute/builtin-constant.c execution, -O3 -g
FAIL: gcc.c-torture/execute/builtin-constant.c execution, -Os
WARNING: gcc.dg/20021014-1.c compilation failed to produce executable
FAIL: gcc.dg/duff-2.c (test for excess errors)
=== gcc Summary ===
# of expected passes 20463
# of unexpected failures 14
# of unexpected successes 2
# of expected failures 66
# of unresolved testcases 2
# of unsupported tests 142
/export/u3/lucier/programs/gcc/gcc-3.3/objdir/gcc/xgcc version 3.3 20021205 (experimental)
=== objc tests ===
Running target unix
=== objc Summary ===
# of expected passes 1153
/export/u3/lucier/programs/gcc/gcc-3.3/objdir/gcc/xgcc version 3.3 20021205 (experimental)
Compiler version: 3.3 20021205 (experimental)
Platform: sparcv9-sun-solaris2.8
configure flags: --host=sparcv9-sun-solaris2.8 --prefix=/home/c/lucier/local/gcc-test --enable-languages=c,objc,f77
Counting all warnings,
there are 22 warnings in stage3 of this bootstrap.
Number of warnings per file:
6 gcc/unwind-dw2-fde.h
4 gcc/unwind-dw2.c
4 gcc/libgcc2.c
2 gcc/gcc.c
2 gcc/f/sta.c
2 /pkgs/gnu/share/bison.simple
1 gcc/ra-build.c
1 gcc/loop.c
Number of warning types:
6 unused parameter \`???'
3 comparison between signed and unsigned
2 missing braces around initializer
2 implicit declaration of function \`???'
2 dereferencing type-punned pointer will break strict-aliasing rules
2 \`???' might be used uninitialized in this function
2 (near initialization for \`???')
1 traditional C rejects string concatenation
1 string length \`???' is greater than the length \`???' ISO C89 compilers are required to support
1 \`long' switch expression not converted to \`int' in ISO C
More information about the Gcc-testresults
mailing list