Results for 3.2.2 20021130 (prerelease) testsuite on sparc64-unknown-linux-gnu
David S. Miller
davem@nuts.ninka.net
Sun Dec 1 03:38:00 GMT 2002
LAST_UPDATED: Sat Nov 30 10:10:19 UTC 2002
Native configuration is sparc64-unknown-linux-gnu
=== g++ tests ===
Running target unix
=== g++ Summary ===
# of expected passes 7309
# of expected failures 89
# of untested testcases 23
# of unsupported tests 5
/disk1/davem/GCC/cvs/3.2/build-sparc64-linux/gcc/testsuite/../g++ version 3.2.2 20021130 (prerelease)
=== g77 tests ===
Running target unix
=== g77 Summary ===
# of expected passes 1452
# of unsupported tests 8
/disk1/davem/GCC/cvs/3.2/build-sparc64-linux/gcc/testsuite/../g77 version 3.2.2 20021130 (prerelease)
=== gcc tests ===
Running target unix
XPASS: gcc.c-torture/execute/20020227-1.c execution, -O0
XPASS: gcc.c-torture/execute/20020227-1.c execution, -O1
XPASS: gcc.dg/c99-intconst-1.c (test for excess errors)
=== gcc Summary ===
# of expected passes 18416
# of unexpected successes 3
# of expected failures 69
# of unsupported tests 109
/disk1/davem/GCC/cvs/3.2/build-sparc64-linux/gcc/xgcc version 3.2.2 20021130 (prerelease)
=== objc tests ===
Running target unix
=== objc Summary ===
# of expected passes 1035
# of expected failures 6
/disk1/davem/GCC/cvs/3.2/build-sparc64-linux/gcc/xgcc version 3.2.2 20021130 (prerelease)
=== libjava tests ===
Running target unix
=== libjava Summary ===
# of expected passes 2061
# of expected failures 18
# of untested testcases 14
=== libstdc++-v3 tests ===
Running target unix
XPASS: 22_locale/collate_byname.cc execution test
XPASS: 22_locale/collate_members_char.cc execution test
XPASS: 22_locale/collate_members_wchar_t.cc execution test
XPASS: 22_locale/ctype_is_char.cc execution test
XPASS: 22_locale/ctype_is_wchar_t.cc execution test
XPASS: 22_locale/members.cc execution test
XPASS: 22_locale/messages_byname.cc execution test
XPASS: 22_locale/messages_members_char.cc execution test
XPASS: 22_locale/money_get_members_char.cc execution test
XPASS: 22_locale/money_get_members_wchar_t.cc execution test
XPASS: 22_locale/money_put_members_char.cc execution test
XPASS: 22_locale/money_put_members_wchar_t.cc execution test
XPASS: 22_locale/moneypunct_byname.cc execution test
XPASS: 22_locale/moneypunct_members_char.cc execution test
XPASS: 22_locale/moneypunct_members_wchar_t.cc execution test
XPASS: 22_locale/num_get_members_char.cc execution test
XPASS: 22_locale/num_get_members_wchar_t.cc execution test
XPASS: 22_locale/num_put_members_char.cc execution test
XPASS: 22_locale/num_put_members_wchar_t.cc execution test
XPASS: 22_locale/numpunct_byname.cc execution test
XPASS: 22_locale/numpunct_members_char.cc execution test
XPASS: 22_locale/numpunct_members_wchar_t.cc execution test
XPASS: 22_locale/time_get_members_char.cc execution test
XPASS: 22_locale/time_get_members_wchar_t.cc execution test
XPASS: 22_locale/time_put_members_char.cc execution test
XPASS: 22_locale/time_put_members_wchar_t.cc execution test
FAIL: 26_numerics/c99_classification_macros_c.cc (test for excess errors)
=== libstdc++-v3 Summary ===
# of expected passes 410
# of unexpected failures 1
# of unexpected successes 26
Compiler version: 3.2.2 20021130 (prerelease)
Platform: sparc64-unknown-linux-gnu
configure flags: --host=sparc64-unknown-linux-gnu --prefix=/foo/bar --enable-shared --enable-threads
More information about the Gcc-testresults
mailing list