Results for 3.3 20020827 (experimental) testsuite on sparcv9-sun-solaris2.8
Brad Lucier
lucier@math.purdue.edu
Wed Aug 28 03:38:00 GMT 2002
LAST_UPDATED: Wed Aug 28 01:24:44 UTC 2002
Native configuration is sparcv9-sun-solaris2.8
=== g++ tests ===
Running target unix
FAIL: g++.dg/bprob/bprob-1.C execution, -g -fprofile-arcs
UNRESOLVED: g++.dg/bprob/bprob-1.C compilation, -g -fbranch-probabilities
UNRESOLVED: g++.dg/bprob/bprob-1.C execution, -g -fbranch-probabilities
FAIL: g++.dg/bprob/bprob-1.C compilation, -O0 -fbranch-probabilities
UNRESOLVED: g++.dg/bprob/bprob-1.C execution, -O0 -fbranch-probabilities
FAIL: g++.dg/bprob/bprob-1.C compilation, -O1 -fbranch-probabilities
UNRESOLVED: g++.dg/bprob/bprob-1.C execution, -O1 -fbranch-probabilities
FAIL: g++.dg/bprob/bprob-1.C compilation, -O3 -g -fbranch-probabilities
UNRESOLVED: g++.dg/bprob/bprob-1.C execution, -O3 -g -fbranch-probabilities
FAIL: g++.dg/bprob/bprob-1.C compilation, -Os -fbranch-probabilities
UNRESOLVED: g++.dg/bprob/bprob-1.C execution, -Os -fbranch-probabilities
FAIL: g++.dg/parse/stack1.C (test for excess errors)
FAIL: g++.dg/warn/Wunused-2.C (test for warnings, line 5)
FAIL: g++.dg/special/conpr-2.C execution test
FAIL: g++.dg/special/conpr-3.C execution test
FAIL: g++.dg/special/initp1.C execution test
=== g++ Summary ===
# of expected passes 7470
# of unexpected failures 10
# of expected failures 92
# of unresolved testcases 6
# of untested testcases 23
# of unsupported tests 4
/export/u3/lucier/programs/gcc/gcc-3.3/objdir/gcc/testsuite/../g++ version 3.3 20020827 (experimental)
=== g77 tests ===
Running target unix
FAIL: g77.dg/bprob/bprob-1.f compilation, -O2 -fbranch-probabilities
UNRESOLVED: g77.dg/bprob/bprob-1.f execution, -O2 -fbranch-probabilities
FAIL: g77.f-torture/execute/6367.f execution, -O0
FAIL: g77.f-torture/execute/6367.f execution, -O1
FAIL: g77.f-torture/execute/6367.f execution, -O2
FAIL: g77.f-torture/execute/6367.f execution, -O3 -fomit-frame-pointer
FAIL: g77.f-torture/execute/6367.f execution, -O3 -fomit-frame-pointer -funroll-loops
FAIL: g77.f-torture/execute/6367.f execution, -O3 -fomit-frame-pointer -funroll-all-loops -finline-functions
FAIL: g77.f-torture/execute/6367.f execution, -O3 -g
FAIL: g77.f-torture/execute/6367.f execution, -Os
=== g77 Summary ===
# of expected passes 1616
# of unexpected failures 9
# of unresolved testcases 1
# of unsupported tests 8
/export/u3/lucier/programs/gcc/gcc-3.3/objdir/gcc/testsuite/../g77 version 3.3 20020827 (experimental)
=== gcc tests ===
Running target unix
XPASS: gcc.c-torture/execute/20020227-1.c execution, -O0
XPASS: gcc.c-torture/execute/20020227-1.c execution, -O1
FAIL: gcc.c-torture/execute/20020720-1.c compilation, -O1
UNRESOLVED: gcc.c-torture/execute/20020720-1.c execution, -O1
FAIL: gcc.c-torture/execute/20020720-1.c compilation, -O2
UNRESOLVED: gcc.c-torture/execute/20020720-1.c execution, -O2
FAIL: gcc.c-torture/execute/20020720-1.c compilation, -O3 -fomit-frame-pointer
UNRESOLVED: gcc.c-torture/execute/20020720-1.c execution, -O3 -fomit-frame-pointer
FAIL: gcc.c-torture/execute/20020720-1.c compilation, -O3 -g
UNRESOLVED: gcc.c-torture/execute/20020720-1.c execution, -O3 -g
FAIL: gcc.c-torture/execute/20020720-1.c compilation, -Os
UNRESOLVED: gcc.c-torture/execute/20020720-1.c execution, -Os
FAIL: gcc.c-torture/execute/930921-1.c compilation, -O3 -fomit-frame-pointer -funroll-loops
UNRESOLVED: gcc.c-torture/execute/930921-1.c execution, -O3 -fomit-frame-pointer -funroll-loops
FAIL: gcc.c-torture/execute/930921-1.c compilation, -O3 -fomit-frame-pointer -funroll-all-loops -finline-functions
UNRESOLVED: gcc.c-torture/execute/930921-1.c execution, -O3 -fomit-frame-pointer -funroll-all-loops -finline-functions
FAIL: gcc.dg/noncompile/incomplete-1.c (test for excess errors)
UNRESOLVED: weak-1.c
UNRESOLVED: weak-2.c
UNRESOLVED: wkali-1.c
UNRESOLVED: wkali-2.c
=== gcc Summary ===
# of expected passes 20197
# of unexpected failures 8
# of unexpected successes 2
# of expected failures 68
# of unresolved testcases 11
# of unsupported tests 129
/export/u3/lucier/programs/gcc/gcc-3.3/objdir/gcc/xgcc version 3.3 20020827 (experimental)
=== objc tests ===
Running target unix
=== objc Summary ===
# of expected passes 1055
# of expected failures 6
/export/u3/lucier/programs/gcc/gcc-3.3/objdir/gcc/xgcc version 3.3 20020827 (experimental)
=== libjava tests ===
Running target unix
FAIL: PR1343 compilation from bytecode
FAIL: PR1343 -O compilation from bytecode
FAIL: noclass run
FAIL: Array_3 compilation from bytecode
FAIL: Array_3 -O compilation from bytecode
FAIL: FileHandleGcTest execution - source compiled test
FAIL: FileHandleGcTest execution - bytecode->native test
FAIL: FileHandleGcTest -O execution - source compiled test
FAIL: FileHandleGcTest -O execution - bytecode->native test
=== libjava Summary ===
# of expected passes 2196
# of unexpected failures 9
# of expected failures 14
# of untested testcases 17
=== libstdc++-v3 tests ===
Running target unix
XPASS: 22_locale/collate_members_wchar_t.cc execution test
XPASS: 22_locale/ctype_is_wchar_t.cc execution test
XPASS: 22_locale/money_get_members_wchar_t.cc execution test
XPASS: 22_locale/money_put_members_wchar_t.cc execution test
XPASS: 22_locale/moneypunct_members_wchar_t.cc execution test
XPASS: 22_locale/num_get_members_wchar_t.cc execution test
XPASS: 22_locale/num_put_members_wchar_t.cc execution test
XPASS: 22_locale/numpunct_members_wchar_t.cc execution test
XPASS: 22_locale/time_get_members_wchar_t.cc execution test
XPASS: 22_locale/time_put_members_wchar_t.cc execution test
FAIL: 27_io/istream_extractor_arith.cc execution test
=== libstdc++-v3 Summary ===
# of expected passes 417
# of unexpected failures 1
# of unexpected successes 10
# of expected failures 17
Compiler version: 3.3 20020827 (experimental)
Platform: sparcv9-sun-solaris2.8
configure flags: --host=sparcv9-sun-solaris2.8 --prefix=/home/c/lucier/local/gcc-test
Counting all warnings,
there are 23 warnings in stage3 of this bootstrap.
Number of warnings per file:
4 gcc/unwind-dw2.c
4 gcc/libgcc2.c
3 gcc/java/class.c
2 gcc/java/lex.c
2 gcc/gcc.c
2 gcc/cp/decl.c
2 /pkgs/gnu/share/bison.simple
1 gcc/ra-build.c
1 gcc/java/jvspec.c
1 gcc/function.c
1 gcc/c-opts.c
Number of warning types:
6 cast from pointer to integer of different size
4 \`???' might be used uninitialized in this function
2 string length \`???' is greater than the length \`???' ISO C89 compilers are required to support
2 missing braces around initializer
2 implicit declaration of function \`???'
2 comparison between signed and unsigned
2 \`long' switch expression not converted to \`int' in ISO C
2 (near initialization for \`???')
1 traditional C rejects string concatenation
More information about the Gcc-testresults
mailing list