Results for 3.320020818(experimental) testsuite on alpha-unknown-linux-gnu
Michael Ritzert
michael.ritzert@realtech.de
Tue Aug 20 07:29:00 GMT 2002
LAST_UPDATED: Son Aug 18 12:16:14 UTC 2002
Native configuration is alpha-unknown-linux-gnu
=== libjava tests ===
Running target unix
FAIL: PR1343 compilation from bytecode
FAIL: PR1343 -O compilation from bytecode
FAIL: cxxtest run
FAIL: Array_3 compilation from bytecode
FAIL: Array_3 -O execution - source compiled test
FAIL: Array_3 -O compilation from bytecode
FAIL: err10 output - gij test
FAIL: err10 output - gij test
=== libjava Summary ===
# of expected passes 2678
# of unexpected failures 8
# of expected failures 14
# of untested testcases 14
=== libstdc++-v3 tests ===
Running target unix
XPASS: 22_locale/ctype_is_wchar_t.cc execution test
FAIL: 26_numerics/c99_classification_macros_c.cc (test for excess errors)
FAIL: 27_io/filebuf_members.cc execution test
WARNING: program timed out.
FAIL: thread/pthread4.cc execution test
=== libstdc++-v3 Summary ===
# of expected passes 415
# of unexpected failures 3
# of unexpected successes 1
# of expected failures 26
=== g++ tests ===
Running target unix
FAIL: g++.dg/other/offsetof1.C (test for excess errors)
FAIL: g++.dg/warn/Wunused-2.C (test for warnings, line 5)
=== g++ Summary ===
# of expected passes 7471
# of unexpected failures 2
# of expected failures 86
# of untested testcases 22
# of unsupported tests 6
/home/obj/alpha/gcc-HEAD/gcc/testsuite/../g++ version 3.3 20020818 (experimental)
=== g77 tests ===
Running target unix
FAIL: g77.f-torture/execute/6367.f execution, -O0
FAIL: g77.f-torture/execute/6367.f execution, -O1
FAIL: g77.f-torture/execute/6367.f execution, -O2
FAIL: g77.f-torture/execute/6367.f execution, -O3 -fomit-frame-pointer
FAIL: g77.f-torture/execute/6367.f execution, -O3 -fomit-frame-pointer -funroll-loops
FAIL: g77.f-torture/execute/6367.f execution, -O3 -fomit-frame-pointer -funroll-all-loops -finline-functions
FAIL: g77.f-torture/execute/6367.f execution, -O3 -g
FAIL: g77.f-torture/execute/6367.f execution, -Os
=== g77 Summary ===
# of expected passes 1618
# of unexpected failures 8
# of unsupported tests 8
/home/obj/alpha/gcc-HEAD/gcc/testsuite/../g77 version 3.3 20020818 (experimental)
=== gcc tests ===
Running target unix
WARNING: program timed out.
FAIL: gcc.c-torture/compile/20001226-1.c, -O0
WARNING: program timed out.
FAIL: gcc.c-torture/compile/20001226-1.c, -O1
WARNING: program timed out.
FAIL: gcc.c-torture/compile/20001226-1.c, -O2
WARNING: program timed out.
FAIL: gcc.c-torture/compile/20001226-1.c, -O3 -fomit-frame-pointer
WARNING: program timed out.
FAIL: gcc.c-torture/compile/20001226-1.c, -O3 -g
WARNING: program timed out.
FAIL: gcc.c-torture/compile/20001226-1.c, -Os
WARNING: program timed out.
WARNING: program timed out.
FAIL: gcc.dg/c99-intconst-1.c (test for excess errors)
=== gcc Summary ===
# of expected passes 19365
# of unexpected failures 7
# of expected failures 74
# of unsupported tests 126
/home/obj/alpha/gcc-HEAD/gcc/xgcc version 3.3 20020818 (experimental)
=== objc tests ===
Running target unix
=== objc Summary ===
# of expected passes 1045
# of expected failures 6
/home/obj/alpha/gcc-HEAD/gcc/xgcc version 3.3 20020818 (experimental)
Compiler version: 3.320020818(experimental)
Platform: alpha-unknown-linux-gnu
configure flags: --host=alpha-unknown-linux-gnu --enable-threads --prefix=/home/obj/alpha/install --disable-nls
Counting all warnings,
there are 22 warnings in stage3 of this bootstrap.
Number of warnings per file:
3 gcc/java/class.c
3 /usr/share/bison/bison.simple
2 gcc/libgcc2.c
2 gcc/cp/decl.c
1 insn-conditions.c
1 gcc/varasm.c
1 gcc/tree-inline.c
1 gcc/regrename.c
1 gcc/ra-colorize.c
1 gcc/ra-build.c
1 gcc/java/jvspec.c
1 gcc/gcc.c
1 gcc/function.c
1 gcc/f/where.c
1 gcc/cp/typeck.c
1 gcc/c-opts.c
Number of warning types:
6 cast from pointer to integer of different size
4 `???' might be used uninitialized in this function
3 string length `???' is greater than the length `???' ISO C89 compilers are required to support
3 label `???' defined but not used
2 `long' switch expression not converted to `int' in ISO C
1 unused variable `???'
1 unused parameter `???'
1 comparison is always false due to limited range of data type
1 `???' defined but not used
More information about the Gcc-testresults
mailing list