Results for 3.2 testsuite on i686-pc-cygwin
ERIC KRAUSE (ekraus02)
shaniafan72@netzero.net
Thu Aug 15 17:13:00 GMT 2002
Testing done using August 14, 2002 CVS version of dejagnu
---
CYGWIN_NT-5.0 ERIC2K 1.3.12(0.54/3/2) 2002-07-06 02:16 i686 unknown
LAST_UPDATED:
Native configuration is i686-pc-cygwin
=== g++ tests ===
Running target unix
FAIL: g++.dg/ext/instantiate3.C scan-assembler-not
FAIL: g++.dg/special/initp1.C execution test
FAIL: g++.eh/badalloc1.C Execution test
XPASS: g++.ext/attrib5.C Execution test
XPASS: g++.jason/template18.C (test for excess errors)
XPASS: g++.jason/template18.C Execution test
FAIL: g++.law/profile1.C (test for excess errors)
=== g++ Summary ===
# of expected passes 7255
# of unexpected failures 4
# of unexpected successes 3
# of expected failures 88
# of untested testcases 15
# of unsupported tests 3
/cygdrive/c/Eric/gcc-build/gcc/testsuite/../g++ version 3.2
=== gcc tests ===
Running target unix
FAIL: gcc.c-torture/execute/20020307-2.c execution, -O1
FAIL: gcc.c-torture/execute/20020307-2.c execution, -O2
FAIL: gcc.c-torture/execute/20020307-2.c execution, -O3 -fomit-
frame-pointer
FAIL: gcc.c-torture/execute/20020307-2.c execution, -O3 -fomit-
frame-pointer -funroll-loops
FAIL: gcc.c-torture/execute/20020307-2.c execution, -O3 -fomit-
frame-pointer -funroll-all-loops -finline-functions
FAIL: gcc.c-torture/execute/20020307-2.c execution, -O3 -g
XPASS: gcc.c-torture/execute/loop-2e.c execution, -Os
FAIL: gcc.dg/weak-9.c (test for excess errors)
=== gcc Summary ===
# of expected passes 18773
# of unexpected failures 7
# of unexpected successes 1
# of expected failures 71
# of unsupported tests 49
/cygdrive/c/Eric/gcc-build/gcc/xgcc version 3.2
=== libstdc++-v3 tests ===
Running target unix
XPASS: 22_locale/collate_members_wchar_t.cc execution test
XPASS: 22_locale/ctype_is_wchar_t.cc execution test
XPASS: 22_locale/money_get_members_wchar_t.cc execution test
XPASS: 22_locale/money_put_members_wchar_t.cc execution test
XPASS: 22_locale/moneypunct_members_wchar_t.cc execution test
XPASS: 22_locale/num_get_members_wchar_t.cc execution test
XPASS: 22_locale/num_put_members_wchar_t.cc execution test
XPASS: 22_locale/numpunct_members_wchar_t.cc execution test
XPASS: 22_locale/time_get_members_wchar_t.cc execution test
XPASS: 22_locale/time_put_members_wchar_t.cc execution test
FAIL: 26_numerics/c99_classification_macros_c.cc (test for excess
errors)
FAIL: 27_io/filebuf_members.cc execution test
FAIL: 27_io/ios_base_storage.cc execution test
FAIL: 27_io/istream_extractor_arith.cc execution test
=== libstdc++-v3 Summary ===
# of expected passes 405
# of unexpected failures 4
# of unexpected successes 10
# of expected failures 16
Compiler version: 3.2
Platform: i686-pc-cygwin
configure flags: --host=i686-pc-cygwin --with-gcc --with-gnu-as --
with-gnu-ld --enable-shared --enable-threads=posix --disable-win32-
registry --disable-nls --enable-languages=c,c++
----
Eric R. Krause
More information about the Gcc-testresults
mailing list