Results for 3.1.1 testsuite on sparc-sun-solaris2.6

rbrown64@csc.com.au rbrown64@csc.com.au
Sun Aug 11 18:56:00 GMT 2002


LAST_UPDATED:
Native configuration is sparc-sun-solaris2.6

            === g++ tests ===


Running target unix
FAIL: g++.robertl/eb130.C (test for excess errors)
FAIL: g++.robertl/eb132.C (test for excess errors)
FAIL: g++.robertl/eb73.C (test for excess errors)

            === g++ Summary ===

# of expected passes          7240
# of unexpected failures      3
# of expected failures        88
# of untested testcases       21
# of unsupported tests        3
/devel/src/gcc-3.1.1.obj/gcc/testsuite/../g++ version 3.1.1

            === g77 tests ===


Running target unix

            === g77 Summary ===

# of expected passes          1452
# of unsupported tests        8
/devel/src/gcc-3.1.1.obj/gcc/testsuite/../g77 version 3.1.1

            === gcc tests ===


Running target unix
WARNING: program timed out.
FAIL: gcc.c-torture/compile/20001226-1.c,  -O1
WARNING: program timed out.
FAIL: gcc.c-torture/compile/20001226-1.c,  -O2
WARNING: program timed out.
FAIL: gcc.c-torture/compile/20001226-1.c,  -O3 -fomit-frame-pointer
WARNING: program timed out.
FAIL: gcc.c-torture/compile/20001226-1.c,  -O3 -g
WARNING: program timed out.
FAIL: gcc.c-torture/compile/20001226-1.c,  -Os

            === gcc Summary ===

# of expected passes          18416
# of unexpected failures      5
# of expected failures        66
# of unsupported tests        109
/devel/src/gcc-3.1.1.obj/gcc/xgcc version 3.1.1

            === objc tests ===


Running target unix

            === objc Summary ===

# of expected passes          1035
# of expected failures        6
/devel/src/gcc-3.1.1.obj/gcc/xgcc version 3.1.1

            === libjava tests ===


Running target unix
ERROR: (DejaGnu) proc "find_gcj" does not exist.

            === libjava Summary ===

            === libstdc++-v3 tests ===


Running target unix
ERROR: tcl error sourcing /devel/src/gcc-3.1.1/libstdc++-v3/testsuite/libstdc++-v3.dg/dg.exp.
ERROR: couldn't compile regular expression pattern: nested *?+

            === libstdc++-v3 Summary ===


Compiler version: 3.1.1
Platform: sparc-sun-solaris2.6
configure flags: --host=sparc-sun-solaris2.6 --with-gnu-as --with-as=/usr/local/bin/as --with-gnu-ld --with-ld=/usr/local/bin/ld
Counting all warnings,
there are 59 warnings in stage3 of this bootstrap.

Number of warnings per file:
  23 gcc/combine.c
  10 gcc/regclass.c
   6 gcc/unwind-dw2-fde.c
   4 gcc/optabs.c
   4 gcc/gcc.c
   2 gcc/unwind-dw2.c
   2 gcc/fold-const.c
   1 gcc/reload.c
   1 gcc/objc/lang-specs.h
   1 gcc/libgcc2.c
   1 gcc/java/jvspec.c
   1 gcc/function.c
   1 gcc/emit-rtl.c
   1 gcc/cp/lang-specs.h
   1 gcc/cp/init.c

Number of warning types:
  37 comparison between signed and unsigned
   7 string length \`???' is greater than the length \`???' ISO C89 compilers are required to support
   4 signed and unsigned type in conditional expression
   4 (near initialization for \`???')
   2 missing initializer
   2 missing braces around initializer
   1 unused variable \`???'
   1 pointer targets in passing arg ??? of \`???' differ in signedness
   1 implicit declaration of function \`???'



More information about the Gcc-testresults mailing list