Results for 3.1.1 testsuite on i686-pc-linux-gnu
Willy Weisz
weisz@gescher.vcpc.univie.ac.at
Sun Aug 11 09:28:00 GMT 2002
Results of "make -k check" for gcc 3.1.1 under Linux kernel 2.4.19-rc3
(distribution SuSE 8.0) after the following changes were made
to the standard procedure:
1. In order to run the libjava tests it was necessary to add a link
in obj_dir/i686-pc-linux-gnu/libjava:
ln -s libgcj-3.1.1.jar libgcj.jar
2. In order to successfully run the libU77 test one has to define
the path to the shared libraries:
setenv LD_LIBRARY_PATH obj_dir/i686-pc-linux-gnu/lib2fc/.libs:obj_dir/gcc
LAST_UPDATED:
Native configuration is i686-pc-linux-gnu
=== g77 tests ===
Running target unix
=== g77 Summary ===
# of expected passes 1468
/home/INSTALL/GCC/gcc-3.1.1/gcc-3.1.1_obj/gcc/testsuite/../g77 version 3.1.1
=== gcc tests ===
Running target unix
FAIL: gcc.c-torture/execute/20020307-2.c execution, -O1
FAIL: gcc.c-torture/execute/20020307-2.c execution, -O2
FAIL: gcc.c-torture/execute/20020307-2.c execution, -O3 -fomit-frame-pointer
FAIL: gcc.c-torture/execute/20020307-2.c execution, -O3 -fomit-frame-pointer -funroll-loops
FAIL: gcc.c-torture/execute/20020307-2.c execution, -O3 -fomit-frame-pointer -funroll-all-loops -finline-functions
FAIL: gcc.c-torture/execute/20020307-2.c execution, -O3 -g
=== gcc Summary ===
# of expected passes 18567
# of unexpected failures 6
# of expected failures 68
# of unsupported tests 44
/home/INSTALL/GCC/gcc-3.1.1/gcc-3.1.1_obj/gcc/xgcc version 3.1.1
=== g++ tests ===
Running target unix
=== g++ Summary ===
# of expected passes 7258
# of expected failures 88
# of untested testcases 9
# of unsupported tests 3
/home/INSTALL/GCC/gcc-3.1.1/gcc-3.1.1_obj/gcc/testsuite/../g++ version 3.1.1
=== objc tests ===
Running target unix
=== objc Summary ===
# of expected passes 1035
# of expected failures 6
/home/INSTALL/GCC/gcc-3.1.1/gcc-3.1.1_obj/gcc/xgcc version 3.1.1
=== libjava tests ===
Running target unix
=== libjava Summary ===
# of expected passes 2075
# of expected failures 18
# of untested testcases 14
=== libstdc++-v3 tests ===
Running target unix
XPASS: 22_locale/collate_byname.cc execution test
XPASS: 22_locale/collate_members_char.cc execution test
XPASS: 22_locale/collate_members_wchar_t.cc execution test
XPASS: 22_locale/ctype_is_char.cc execution test
XPASS: 22_locale/ctype_is_wchar_t.cc execution test
XPASS: 22_locale/members.cc execution test
XPASS: 22_locale/money_get_members_char.cc execution test
XPASS: 22_locale/money_put_members_char.cc execution test
XPASS: 22_locale/moneypunct_byname.cc execution test
XPASS: 22_locale/moneypunct_members_char.cc execution test
XPASS: 22_locale/moneypunct_members_wchar_t.cc execution test
XPASS: 22_locale/num_get_members_char.cc execution test
XPASS: 22_locale/num_get_members_wchar_t.cc execution test
XPASS: 22_locale/num_put_members_char.cc execution test
XPASS: 22_locale/num_put_members_wchar_t.cc execution test
XPASS: 22_locale/numpunct_byname.cc execution test
XPASS: 22_locale/numpunct_members_char.cc execution test
XPASS: 22_locale/numpunct_members_wchar_t.cc execution test
XPASS: 22_locale/time_get_members_char.cc execution test
XPASS: 22_locale/time_get_members_wchar_t.cc execution test
XPASS: 22_locale/time_put_members_char.cc execution test
XPASS: 22_locale/time_put_members_wchar_t.cc execution test
FAIL: 26_numerics/c99_classification_macros_c.cc (test for excess errors)
=== libstdc++-v3 Summary ===
# of expected passes 397
# of unexpected failures 1
# of unexpected successes 22
# of expected failures 4
Compiler version: 3.1.1
Platform: i686-pc-linux-gnu
configure flags: --host=i686-pc-linux-gnu --prefix=/opt/local/gcc-3.1.1 --enable-threads=posix
More information about the Gcc-testresults
mailing list