Results for 3.320020805(experimental) testsuite on alpha-unknown-linux-gnu
Michael Ritzert
michael.ritzert@realtech.de
Wed Aug 7 13:42:00 GMT 2002
LAST_UPDATED: Mon Aug 5 17:08:57 UTC 2002
Native configuration is alpha-unknown-linux-gnu
=== libjava tests ===
Running target unix
FAIL: PR1343 compilation from bytecode
FAIL: PR1343 -O compilation from bytecode
FAIL: cxxtest run
FAIL: Array_3 compilation from bytecode
FAIL: Array_3 -O execution - source compiled test
FAIL: Array_3 -O compilation from bytecode
FAIL: err10 output - gij test
FAIL: err10 output - gij test
=== libjava Summary ===
# of expected passes 2678
# of unexpected failures 8
# of expected failures 14
# of untested testcases 14
=== libstdc++-v3 tests ===
Running target unix
XPASS: 22_locale/ctype_is_wchar_t.cc execution test
FAIL: 26_numerics/c99_classification_macros_c.cc (test for excess errors)
FAIL: 27_io/filebuf_members.cc execution test
WARNING: program timed out.
FAIL: thread/pthread4.cc execution test
=== libstdc++-v3 Summary ===
# of expected passes 415
# of unexpected failures 3
# of unexpected successes 1
# of expected failures 26
=== g++ tests ===
Running target unix
FAIL: g++.dg/warn/Wunused-2.C (test for warnings, line 5)
FAIL: g++.dg/gcov/gcov-1.C gcov: 24 failures in branch percentages
=== g++ Summary ===
# of expected passes 7455
# of unexpected failures 2
# of expected failures 87
# of untested testcases 22
# of unsupported tests 5
/home/obj/alpha/gcc-HEAD/gcc/testsuite/../g++ version 3.3 20020805 (experimental)
=== g77 tests ===
Running target unix
FAIL: g77.dg/gcov/gcov-1.f gcov: 0 failures in line counts, 32 in branch percentages, 24 in return percentages
FAIL: g77.f-torture/execute/6367.f execution, -O0
FAIL: g77.f-torture/execute/6367.f execution, -O1
FAIL: g77.f-torture/execute/6367.f execution, -O2
FAIL: g77.f-torture/execute/6367.f execution, -O3 -fomit-frame-pointer
FAIL: g77.f-torture/execute/6367.f execution, -O3 -fomit-frame-pointer -funroll-loops
FAIL: g77.f-torture/execute/6367.f execution, -O3 -fomit-frame-pointer -funroll-all-loops -finline-functions
FAIL: g77.f-torture/execute/6367.f execution, -O3 -g
FAIL: g77.f-torture/execute/6367.f execution, -Os
=== g77 Summary ===
# of expected passes 1617
# of unexpected failures 9
# of unsupported tests 8
/home/obj/alpha/gcc-HEAD/gcc/testsuite/../g77 version 3.3 20020805 (experimental)
=== gcc tests ===
Running target unix
WARNING: program timed out.
FAIL: gcc.c-torture/compile/20001226-1.c, -O0
WARNING: program timed out.
FAIL: gcc.c-torture/compile/20001226-1.c, -O1
WARNING: program timed out.
FAIL: gcc.c-torture/compile/20001226-1.c, -O2
WARNING: program timed out.
FAIL: gcc.c-torture/compile/20001226-1.c, -O3 -fomit-frame-pointer
WARNING: program timed out.
FAIL: gcc.c-torture/compile/20001226-1.c, -O3 -g
WARNING: program timed out.
FAIL: gcc.c-torture/compile/20001226-1.c, -Os
FAIL: cmdlne-dM-M.c: #define line not printed
WARNING: program timed out.
WARNING: program timed out.
FAIL: gcc.dg/c99-intconst-1.c (test for excess errors)
FAIL: gcc.misc-tests/gcov-4b.c gcov: 24 failures in branch percentages
FAIL: gcc.misc-tests/gcov-6.c gcov: 0 failures in line counts, 1 in branch percentages, 3 in return percentages
FAIL: gcc.misc-tests/gcov-7.c gcov: 0 failures in line counts, 3 in branch percentages, 4 in return percentages
=== gcc Summary ===
# of expected passes 19301
# of unexpected failures 11
# of expected failures 73
# of unsupported tests 125
/home/obj/alpha/gcc-HEAD/gcc/xgcc version 3.3 20020805 (experimental)
=== objc tests ===
Running target unix
=== objc Summary ===
# of expected passes 1043
# of expected failures 6
/home/obj/alpha/gcc-HEAD/gcc/xgcc version 3.3 20020805 (experimental)
Compiler version: 3.320020805(experimental)
Platform: alpha-unknown-linux-gnu
configure flags: --host=alpha-unknown-linux-gnu --enable-threads --prefix=/home/obj/alpha/install --disable-nls
Counting all warnings,
there are 44 warnings in stage3 of this bootstrap.
Number of warnings per file:
10 gcc/regclass.c
3 gcc/java/class.c
3 gcc/cp/repo.c
3 /usr/share/bison/bison.simple
2 gtype-desc.c
2 gt-except.h
2 gcc/ra-colorize.c
2 gcc/ra-build.c
2 gcc/libgcc2.c
2 gcc/cp/decl.c
1 parse.y
1 insn-conditions.c
1 gt-integrate.h
1 gcc/varasm.c
1 gcc/reload.c
1 gcc/regrename.c
1 gcc/java/jvspec.c
1 gcc/ifcvt.c
1 gcc/gcc.c
1 gcc/function.c
1 gcc/f/where.c
1 gcc/cp/decl2.c
1 gcc/cp/class.c
Number of warning types:
16 comparison between signed and unsigned
6 cast from pointer to integer of different size
6 `???' might be used uninitialized in this function
3 unused parameter `???'
3 string length `???' is greater than the length `???' ISO C89 compilers are required to support
3 label `???' defined but not used
3 assignment discards qualifiers from pointer target type
1 comparison is always false due to limited range of data type
1 `long' switch expression not converted to `int' in ISO C
1 `???' defined but not used
1 ??? format, ??? arg (arg ???)
More information about the Gcc-testresults
mailing list