Results for 3.3 20020805 (experimental) testsuite on i686-pc-linux-gnu
Andrew Pinski
pinskia@physics.uc.edu
Mon Aug 5 07:23:00 GMT 2002
LAST_UPDATED: Mon Aug 5 08:01:27 UTC 2002
Native configuration is i686-pc-linux-gnu
=== g77 tests ===
Running target unix
FAIL: g77.dg/gcov/gcov-1.f gcov: 0 failures in line counts, 32 in branch percentages, 24 in return percentages
FAIL: g77.f-torture/execute/6367.f execution, -O0
FAIL: g77.f-torture/execute/6367.f execution, -O1
FAIL: g77.f-torture/execute/6367.f execution, -O2
FAIL: g77.f-torture/execute/6367.f execution, -O3 -fomit-frame-pointer
FAIL: g77.f-torture/execute/6367.f execution, -O3 -fomit-frame-pointer -funroll-loops
FAIL: g77.f-torture/execute/6367.f execution, -O3 -fomit-frame-pointer -funroll-all-loops -finline-functions
FAIL: g77.f-torture/execute/6367.f execution, -O3 -g
FAIL: g77.f-torture/execute/6367.f execution, -Os
=== g77 Summary ===
# of expected passes 1633
# of unexpected failures 9
/home/gates/pinskia/src/gnu/gcc/src/objdir.linux/gcc/testsuite/../g77 version 3.3 20020805 (experimental)
=== gcc tests ===
Running target unix
FAIL: gcc.c-torture/execute/20020412-1.c execution, -O1
FAIL: gcc.c-torture/execute/20020412-1.c execution, -O2
FAIL: gcc.c-torture/execute/20020412-1.c execution, -O3 -fomit-frame-pointer
FAIL: gcc.c-torture/execute/20020412-1.c execution, -O3 -fomit-frame-pointer -funroll-loops
FAIL: gcc.c-torture/execute/20020412-1.c execution, -O3 -fomit-frame-pointer -funroll-all-loops -finline-functions
FAIL: gcc.c-torture/execute/20020412-1.c execution, -O3 -g
FAIL: cmdlne-dM-M.c: #define line not printed
FAIL: gcc.misc-tests/gcov-4b.c gcov: 24 failures in branch percentages
FAIL: gcc.misc-tests/gcov-6.c gcov: 0 failures in line counts, 1 in branch percentages, 3 in return percentages
FAIL: gcc.misc-tests/gcov-7.c gcov: 0 failures in line counts, 3 in branch percentages, 4 in return percentages
=== gcc Summary ===
# of expected passes 19903
# of unexpected failures 10
# of expected failures 65
# of unsupported tests 62
/home/gates/pinskia/src/gnu/gcc/src/objdir.linux/gcc/xgcc version 3.3 20020805 (experimental)
=== g++ tests ===
Running target unix
FAIL: g++.dg/warn/Wunused-2.C (test for warnings, line 5)
FAIL: g++.dg/gcov/gcov-1.C gcov: 24 failures in branch percentages
=== g++ Summary ===
# of expected passes 7500
# of unexpected failures 2
# of expected failures 87
# of untested testcases 9
# of unsupported tests 3
/home/gates/pinskia/src/gnu/gcc/src/objdir.linux/gcc/testsuite/../g++ version 3.3 20020805 (experimental)
=== objc tests ===
Running target unix
=== objc Summary ===
# of expected passes 1043
# of expected failures 6
/home/gates/pinskia/src/gnu/gcc/src/objdir.linux/gcc/xgcc version 3.3 20020805 (experimental)
=== libjava tests ===
Running target unix
FAIL: PR1343 compilation from bytecode
FAIL: PR1343 -O compilation from bytecode
FAIL: Array_3 compilation from bytecode
FAIL: Array_3 -O execution - source compiled test
FAIL: Array_3 -O compilation from bytecode
FAIL: Thread_Interrupt output - gij test
FAIL: Compile DejaGNUTestHarness.o
FAIL: Compile gnu/testlet/SimpleTestHarness.o
=== libjava Summary ===
# of expected passes 2687
# of unexpected failures 8
# of expected failures 14
# of untested testcases 13
=== libstdc++-v3 tests ===
Running target unix
XPASS: 22_locale/ctype_is_wchar_t.cc execution test
FAIL: 26_numerics/c99_classification_macros_c.cc (test for excess errors)
=== libstdc++-v3 Summary ===
# of expected passes 417
# of unexpected failures 1
# of unexpected successes 1
# of expected failures 26
Compiler version: 3.3 20020805 (experimental)
Platform: i686-pc-linux-gnu
configure flags: --host=i686-pc-linux-gnu --target=i686-pc-linux-gnu --prefix=/home/gates/pinskia/linux --enable-threads=posix --enable-shared
More information about the Gcc-testresults
mailing list