Results for 3.2 20020804 (prerelease) testsuite on i686-pc-linux-gnu
H. J. Lu
hjl@lucon.org
Sun Aug 4 12:48:00 GMT 2002
LAST_UPDATED: Sun Aug 4 15:00:47 UTC 2002
Native configuration is i686-pc-linux-gnu
=== g77 tests ===
Running target unix
=== g77 Summary ===
# of expected passes 1468
/export/build/gnu/gcc-3.2/build-pentium3-rearden-linux/gcc/testsuite/../g77 version 3.2 20020804 (prerelease)
=== gcc tests ===
Running target unix
FAIL: gcc.dg/i386-387-1.c scan-assembler call _?sin
FAIL: gcc.dg/i386-387-1.c scan-assembler call _?cos
FAIL: gcc.dg/i386-387-1.c scan-assembler call _?sqrt
FAIL: gcc.misc-tests/i386-pf-none-1.c scan-assembler-not fetch
FAIL: gcc.misc-tests/i386-pf-none-1.c scan-assembler-not fetch
FAIL: gcc.misc-tests/i386-pf-none-1.c scan-assembler-not fetch
FAIL: gcc.misc-tests/i386-pf-none-1.c scan-assembler-not fetch
FAIL: gcc.misc-tests/i386-pf-none-1.c scan-assembler-not fetch
FAIL: gcc.misc-tests/i386-pf-none-1.c scan-assembler-not fetch
FAIL: gcc.misc-tests/i386-pf-none-1.c scan-assembler-not fetch
FAIL: gcc.misc-tests/i386-pf-none-1.c scan-assembler-not fetch
=== gcc Summary ===
# of expected passes 18580
# of unexpected failures 11
# of expected failures 68
# of unsupported tests 44
/export/build/gnu/gcc-3.2/build-pentium3-rearden-linux/gcc/xgcc version 3.2 20020804 (prerelease)
=== g++ tests ===
Running target unix
XPASS: g++.other/init5.C Execution test
=== g++ Summary ===
# of expected passes 7269
# of unexpected successes 1
# of expected failures 87
# of untested testcases 9
# of unsupported tests 3
/export/build/gnu/gcc-3.2/build-pentium3-rearden-linux/gcc/testsuite/../g++ version 3.2 20020804 (prerelease)
=== objc tests ===
Running target unix
=== objc Summary ===
# of expected passes 1035
# of expected failures 6
/export/build/gnu/gcc-3.2/build-pentium3-rearden-linux/gcc/xgcc version 3.2 20020804 (prerelease)
=== libjava tests ===
Running target unix
=== libjava Summary ===
# of expected passes 2075
# of expected failures 18
# of untested testcases 14
=== libstdc++-v3 tests ===
Running target unix
FAIL: 22_locale/codecvt_members_char_char.cc execution test
FAIL: 22_locale/codecvt_members_wchar_t_char.cc execution test
FAIL: 22_locale/ctor_copy_dtor.cc execution test
FAIL: 22_locale/ctype_to_char.cc execution test
FAIL: 22_locale/ctype_to_wchar_t.cc execution test
FAIL: 26_numerics/c99_classification_macros_c.cc (test for excess errors)
FAIL: 27_io/ostream_inserter_arith.cc execution test
=== libstdc++-v3 Summary ===
# of expected passes 402
# of unexpected failures 7
# of expected failures 26
Compiler version: 3.2 20020804 (prerelease)
Platform: i686-pc-linux-gnu
configure flags: --host=i686-pc-linux-gnu --with-arch=pentium3 --with-cpu=pentium3 --enable-__cxa_atexit --enable-clocale=gnu --with-system-zlib --enable-shared --enable-threads=posix --enable-haifa --disable-checking --prefix=/usr/gcc-3.2 --with-local-prefix=/usr/local
More information about the Gcc-testresults
mailing list