Results for 3.1 20020427 (prerelease) testsuite on hppa1.1-hp-hpux10.20
John David Anglin
dave@hiauly1.hia.nrc.ca
Mon Apr 29 07:38:00 GMT 2002
LAST_UPDATED: Sat Apr 27 21:53:22 UTC 2002
Native configuration is hppa1.1-hp-hpux10.20
=== g++ tests ===
Running target unix
FAIL: g++.dg/warn/weak1.C (test for excess errors)
FAIL: g++.ext/attrib5.C (test for excess errors)
XPASS: g++.mike/eh33.C (test for excess errors)
XPASS: g++.mike/eh33.C Execution test
XPASS: g++.mike/eh50.C (test for excess errors)
XPASS: g++.mike/eh50.C Execution test
FAIL: g++.other/mangle3.C (test for excess errors)
=== g++ Summary ===
# of expected passes 7068
# of unexpected failures 3
# of unexpected successes 4
# of expected failures 96
# of untested testcases 23
# of unsupported tests 4
/xxx/gnu/gcc-3.1/objdir/gcc/testsuite/../g++ version 3.1 20020427 (prerelease)
=== g77 tests ===
Running target unix
=== g77 Summary ===
# of expected passes 1452
# of unsupported tests 8
/xxx/gnu/gcc-3.1/objdir/gcc/testsuite/../g77 version 3.1 20020427 (prerelease)
=== gcc tests ===
Running target unix
WARNING: program timed out.
FAIL: gcc.c-torture/compile/20001226-1.c, -O3 -g
WARNING: program timed out.
FAIL: gcc.c-torture/compile/20001226-1.c, -Os
FAIL: gcc.c-torture/execute/20020307-2.c compilation, -O0
UNRESOLVED: gcc.c-torture/execute/20020307-2.c execution, -O0
FAIL: gcc.c-torture/execute/20020307-2.c compilation, -O1
UNRESOLVED: gcc.c-torture/execute/20020307-2.c execution, -O1
FAIL: gcc.c-torture/execute/20020307-2.c compilation, -O2
UNRESOLVED: gcc.c-torture/execute/20020307-2.c execution, -O2
FAIL: gcc.c-torture/execute/20020307-2.c compilation, -O3 -fomit-frame-pointer
UNRESOLVED: gcc.c-torture/execute/20020307-2.c execution, -O3 -fomit-frame-pointer
FAIL: gcc.c-torture/execute/20020307-2.c compilation, -O3 -fomit-frame-pointer -funroll-loops
UNRESOLVED: gcc.c-torture/execute/20020307-2.c execution, -O3 -fomit-frame-pointer -funroll-loops
FAIL: gcc.c-torture/execute/20020307-2.c compilation, -O3 -fomit-frame-pointer -funroll-all-loops -finline-functions
UNRESOLVED: gcc.c-torture/execute/20020307-2.c execution, -O3 -fomit-frame-pointer -funroll-all-loops -finline-functions
FAIL: gcc.c-torture/execute/20020307-2.c compilation, -O3 -g
UNRESOLVED: gcc.c-torture/execute/20020307-2.c execution, -O3 -g
FAIL: gcc.c-torture/execute/20020307-2.c compilation, -Os
UNRESOLVED: gcc.c-torture/execute/20020307-2.c execution, -Os
FAIL: gcc.c-torture/execute/va-arg-22.c execution, -O0
FAIL: gcc.c-torture/execute/va-arg-22.c execution, -O1
FAIL: gcc.c-torture/execute/va-arg-22.c execution, -O2
FAIL: gcc.c-torture/execute/va-arg-22.c execution, -O3 -fomit-frame-pointer
FAIL: gcc.c-torture/execute/va-arg-22.c execution, -O3 -fomit-frame-pointer -funroll-loops
FAIL: gcc.c-torture/execute/va-arg-22.c execution, -O3 -fomit-frame-pointer -funroll-all-loops -finline-functions
FAIL: gcc.c-torture/execute/va-arg-22.c execution, -O3 -g
FAIL: gcc.c-torture/execute/va-arg-22.c execution, -Os
FAIL: gcc.dg/cpp/wchar-1.c execution test
FAIL: gcc.dg/20020219-1.c execution test
FAIL: gcc.dg/20020312-2.c (test for excess errors)
WARNING: gcc.dg/20020312-2.c compilation failed to produce executable
FAIL: gcc.dg/asm-names.c (test for excess errors)
FAIL: gcc.dg/inline-1.c scan-assembler-not xyzzy
FAIL: gcc.dg/weak-1.c scan-assembler weak[^ ]*[ ]_?a
FAIL: gcc.dg/weak-1.c scan-assembler weak[^ ]*[ ]_?b
FAIL: gcc.dg/weak-1.c scan-assembler weak[^ ]*[ ]_?c
FAIL: gcc.dg/weak-1.c scan-assembler weak[^ ]*[ ]_?d
FAIL: gcc.dg/weak-1.c scan-assembler weak[^ ]*[ ]_?e
FAIL: gcc.dg/weak-1.c scan-assembler weak[^ ]*[ ]_?g
FAIL: gcc.dg/weak-1.c scan-assembler weak[^ ]*[ ]_?j
UNRESOLVED: weak-1.c
UNRESOLVED: weak-2.c
UNRESOLVED: wkali-1.c
UNRESOLVED: wkali-2.c
=== gcc Summary ===
# of expected passes 17932
# of unexpected failures 30
# of expected failures 76
# of unresolved testcases 12
# of unsupported tests 119
/xxx/gnu/gcc-3.1/objdir/gcc/xgcc version 3.1 20020427 (prerelease)
=== objc tests ===
Running target unix
=== objc Summary ===
# of expected passes 1036
# of expected failures 6
/xxx/gnu/gcc-3.1/objdir/gcc/xgcc version 3.1 20020427 (prerelease)
=== libstdc++-v3 tests ===
Running target unix
XPASS: 22_locale/collate_members_wchar_t.cc execution test
XPASS: 22_locale/money_get_members_wchar_t.cc execution test
XPASS: 22_locale/money_put_members_wchar_t.cc execution test
XPASS: 22_locale/moneypunct_members_wchar_t.cc execution test
XPASS: 22_locale/num_get_members_wchar_t.cc execution test
XPASS: 22_locale/num_put_members_wchar_t.cc execution test
XPASS: 22_locale/numpunct_members_wchar_t.cc execution test
XPASS: 22_locale/time_get_members_wchar_t.cc execution test
XPASS: 22_locale/time_put_members_wchar_t.cc execution test
=== libstdc++-v3 Summary ===
# of expected passes 361
# of unexpected successes 9
# of expected failures 16
# of unsupported tests 6
Compiler version: 3.1 20020427 (prerelease)
Platform: hppa1.1-hp-hpux10.20
configure flags: --host=hppa1.1-hp-hpux10.20 --with-gnu-as --with-as=/usr/local/bin/as --enable-shared --prefix=/opt/gnu --enable-debug=no
More information about the Gcc-testresults
mailing list