Results for 3.1 20020426 (prerelease) testsuite on sparc-suse-linux-gnu
Robert Schiele
schiele@pi3.informatik.uni-mannheim.de
Fri Apr 26 23:51:00 GMT 2002
LAST_UPDATED:
Native configuration is sparc-suse-linux-gnu
=== g++ tests ===
Running target unix
FAIL: g++.dg/abi/enum1.C execution test
=== g++ Summary ===
# of expected passes 7153
# of unexpected failures 1
# of expected failures 88
# of untested testcases 22
# of unsupported tests 4
/local/gccbuild/gcc/testsuite/../g++ version 3.1 20020426 (prerelease)
=== g77 tests ===
Running target unix
=== g77 Summary ===
# of expected passes 1452
# of unsupported tests 8
/local/gccbuild/gcc/testsuite/../g77 version 3.1 20020426 (prerelease)
=== gcc tests ===
Running target unix
=== gcc Summary ===
# of expected passes 18188
# of expected failures 62
# of unsupported tests 107
/local/gccbuild/gcc/xgcc version 3.1 20020426 (prerelease)
=== objc tests ===
Running target unix
=== objc Summary ===
# of expected passes 1036
# of expected failures 6
/local/gccbuild/gcc/xgcc version 3.1 20020426 (prerelease)
=== libjava tests ===
Running target unix
FAIL: Array_3 execution from source compiled test
FAIL: Array_3 execution from bytecode->native test
FAIL: Array_3 -O execution from source compiled test
FAIL: Array_3 -O execution from bytecode->native test
=== libjava Summary ===
# of expected passes 2067
# of unexpected failures 4
# of expected failures 18
# of untested testcases 18
=== libstdc++-v3 tests ===
Running target unix
XPASS: 22_locale/time_put_members_char.cc execution test
XPASS: 22_locale/time_put_members_wchar_t.cc execution test
FAIL: 26_numerics/c99_classification_macros_c.cc (test for excess errors)
=== libstdc++-v3 Summary ===
# of expected passes 372
# of unexpected failures 1
# of unexpected successes 2
# of expected failures 23
Compiler version: 3.1 20020426 (prerelease)
Platform: sparc-suse-linux-gnu
configure flags: --host=sparc-suse-linux --enable-threads=posix --enable-long-long --prefix=/opt/Pkg/Linux/sparc64/gcc31 --enable-languages=c,c++,f77,objc,java --disable-nls --enable-shared
More information about the Gcc-testresults
mailing list