Results for 3.2 20020423 (experimental) testsuite on cris-axis-elf
Hans-Peter Nilsson
hp@bitrange.com
Wed Apr 24 04:47:00 GMT 2002
Variations may appear at times due to local patches applied to GCC,
testsuite and DejaGNU. Host compiler is pristine gcc-2.95.3, C only.
LAST_UPDATED: Tue Apr 23 23:06:41 GMT 2002
Target is cris-axis-elf
Host is cris-axis-elf
=== libstdc++-v3 tests ===
Running target cris-xsim
XPASS: 22_locale/collate_members_wchar_t.cc execution test
XPASS: 22_locale/money_get_members_wchar_t.cc execution test
XPASS: 22_locale/money_put_members_wchar_t.cc execution test
XPASS: 22_locale/moneypunct_members_wchar_t.cc execution test
XPASS: 22_locale/num_get_members_wchar_t.cc execution test
XPASS: 22_locale/num_put_members_wchar_t.cc execution test
XPASS: 22_locale/numpunct_members_wchar_t.cc execution test
XPASS: 22_locale/time_get_members_wchar_t.cc execution test
XPASS: 22_locale/time_put_members_wchar_t.cc execution test
FAIL: 27_io/filebuf_members.cc (test for excess errors)
WARNING: 27_io/filebuf_members.cc compilation failed to produce executable
FAIL: 27_io/ios_base_storage.cc execution test
FAIL: 27_io/stringbuf.cc execution test
=== libstdc++-v3 Summary ===
# of expected passes 357
# of unexpected failures 3
# of unexpected successes 9
# of expected failures 16
# of unsupported tests 6
Host is i686-pc-linux-gnu
=== g77 tests ===
Running target cris-xsim
FAIL: g77.f-torture/execute/20010430.f execution, -O2
FAIL: g77.f-torture/execute/20010430.f execution, -O3 -fomit-frame-pointer
FAIL: g77.f-torture/execute/20010430.f execution, -O3 -fomit-frame-pointer -funroll-loops
FAIL: g77.f-torture/execute/20010430.f execution, -O3 -fomit-frame-pointer -funroll-all-loops -finline-functions
FAIL: g77.f-torture/execute/20010430.f execution, -O3 -g
=== g77 Summary ===
# of expected passes 1554
# of unexpected failures 5
# of expected failures 34
# of untested testcases 8
# of unsupported tests 9
/mnt/miscb3/builds2/cris-xsim/gcc/testsuite/../g77 version 3.2 20020423 (experimental)
Host is i686-pc-linux-gnu
=== gcc tests ===
Running target cris-xsim
FAIL: gcc.c-torture/execute/930123-1.c execution, -O1
FAIL: gcc.dg/cpp/lexident.c (test for excess errors)
FAIL: gcc.dg/debug/debug-1.c scan-assembler xyzzy
FAIL: gcc.dg/debug/debug-1.c scan-assembler xyzzy
FAIL: gcc.dg/debug/debug-1.c scan-assembler xyzzy
FAIL: gcc.dg/debug/debug-1.c scan-assembler xyzzy
FAIL: gcc.dg/debug/debug-2.c scan-assembler xyzzy
FAIL: gcc.dg/debug/debug-2.c scan-assembler xyzzy
FAIL: gcc.dg/debug/debug-2.c scan-assembler xyzzy
FAIL: gcc.dg/debug/debug-2.c scan-assembler xyzzy
WARNING: gcc.dg/20010912-1.c compilation failed to produce executable
FAIL: gcc.dg/20020304-1.c (test for excess errors)
FAIL: gcc.dg/20020312-2.c execution test
UNRESOLVED: weak-1.c
UNRESOLVED: weak-2.c
UNRESOLVED: wkali-1.c
UNRESOLVED: wkali-2.c
=== gcc Summary ===
# of expected passes 18508
# of unexpected failures 12
# of expected failures 64
# of unresolved testcases 4
# of unsupported tests 128
/mnt/miscb3/builds2/cris-xsim/gcc/xgcc version 3.2 20020423 (experimental)
Host is i686-pc-linux-gnu
=== g++ tests ===
Running target cris-xsim
FAIL: g++.dg/template/typename2.C (test for excess errors)
FAIL: g++.dg/warn/Wunused-2.C (test for warnings, line 5)
=== g++ Summary ===
# of expected passes 7222
# of unexpected failures 2
# of expected failures 87
# of untested testcases 30
# of unsupported tests 7
/mnt/miscb3/builds2/cris-xsim/gcc/testsuite/../g++ version 3.2 20020423 (experimental)
Host is i686-pc-linux-gnu
=== objc tests ===
Running target cris-xsim
=== objc Summary ===
# of expected passes 1036
# of expected failures 6
/mnt/miscb3/builds2/cris-xsim/gcc/xgcc version 3.2 20020423 (experimental)
Compiler version: 3.2 20020423 (experimental)
Platform: cris-axis-elf
configure flags: --host=i686-pc-linux-gnu --target=cris-elf --prefix=/home/hp/work/axis/build/gcc3testprefix
More information about the Gcc-testresults
mailing list