Results for 3.1 20020423 (prerelease) testsuite on i686-pc-linux-gnu
vin shelton
ethersoft@rcn.com
Tue Apr 23 20:03:00 GMT 2002
LAST_UPDATED:
Native configuration is i686-pc-linux-gnu
=== g++ tests ===
Running target unix
=== gcc tests ===
Running target unix
FAIL: gcc.c-torture/execute/20020307-2.c execution, -O1
FAIL: gcc.c-torture/execute/20020307-2.c execution, -O2
FAIL: gcc.c-torture/execute/20020307-2.c execution, -O3 -fomit-frame-pointer
FAIL: gcc.c-torture/execute/20020307-2.c execution, -O3 -fomit-frame-pointer -funroll-loops
FAIL: gcc.c-torture/execute/20020307-2.c execution, -O3 -fomit-frame-pointer -funroll-all-loops -finline-functions
FAIL: gcc.c-torture/execute/20020307-2.c execution, -O3 -g
FAIL: gcc.c-torture/execute/20020402-1.c execution, -Os
FAIL: gcc.dg/format/c90-scanf-1.c writing into NULL (test for warnings, line 118)
FAIL: gcc.dg/format/c90-scanf-1.c (test for excess errors)
=== gcc Summary ===
# of expected passes 18313
# of unexpected failures 9
# of expected failures 66
# of unsupported tests 43
/opt/build/gcc-3.1-20020423/gcc/xgcc version 3.1 20020423 (prerelease)
Compiler version: 3.1 20020423 (prerelease)
Platform: i686-pc-linux-gnu
configure flags: --host=i686-pc-linux-gnu --prefix=/usr/local/gcc-3.1-20020423 --without-local-prefix --disable-nls --enable-languages='c,c++'
More information about the Gcc-testresults
mailing list