Results for 3.1 20020415 (prerelease) testsuite on sparcv9-sun-solaris2.8
glebourgeois@amadeus.net
glebourgeois@amadeus.net
Wed Apr 17 01:07:00 GMT 2002
LAST_UPDATED:
Native configuration is sparcv9-sun-solaris2.8
=== g++ tests ===
Running target unix
FAIL: g++.dg/opt/cleanup1.C execution test
FAIL: g++.dg/special/conpr-2.C execution test
FAIL: g++.dg/special/conpr-3.C execution test
FAIL: g++.dg/special/initp1.C execution test
=== g++ Summary ===
# of expected passes 7143
# of unexpected failures 4
# of expected failures 86
# of untested testcases 23
# of unsupported tests 3
/softntools/softadm/Archives/CVS-Snapshots/BuildGcc-200020415/gcc/testsuite/../g++
version 3.1 20020415 (prerelease)
=== g77 tests ===
Running target unix
=== g77 Summary ===
# of expected passes 1452
# of unsupported tests 8
/softntools/softadm/Archives/CVS-Snapshots/BuildGcc-200020415/gcc/testsuite/../g77
version 3.1 20020415 (prerelease)
=== gcc tests ===
Running target unix
FAIL: gcc.c-torture/execute/950511-1.c execution, -O1
FAIL: gcc.dg/cpp/charconst.c (test for excess errors)
UNRESOLVED: weak-1.c
UNRESOLVED: weak-2.c
UNRESOLVED: wkali-1.c
UNRESOLVED: wkali-2.c
=== gcc Summary ===
# of expected passes 18130
# of unexpected failures 2
# of expected failures 62
# of unresolved testcases 4
# of unsupported tests 105
/softntools/softadm/Archives/CVS-Snapshots/BuildGcc-200020415/gcc/xgcc
version 3.1 20020415 (prerelease)
=== objc tests ===
Running target unix
=== objc Summary ===
# of expected passes 1036
# of expected failures 6
/softntools/softadm/Archives/CVS-Snapshots/BuildGcc-200020415/gcc/xgcc
version 3.1 20020415 (prerelease)
=== libstdc++-v3 tests ===
Running target unix
FAIL: 18_support/numeric_limits.cc execution test
XPASS: 22_locale/collate_members_wchar_t.cc execution test
XPASS: 22_locale/money_get_members_wchar_t.cc execution test
XPASS: 22_locale/money_put_members_wchar_t.cc execution test
XPASS: 22_locale/moneypunct_members_wchar_t.cc execution test
XPASS: 22_locale/num_get_members_wchar_t.cc execution test
XPASS: 22_locale/num_put_members_wchar_t.cc execution test
XPASS: 22_locale/numpunct_members_wchar_t.cc execution test
XPASS: 22_locale/time_get_members_wchar_t.cc execution test
XPASS: 22_locale/time_put_members_wchar_t.cc execution test
FAIL: 27_io/filebuf_virtuals.cc execution test
FAIL: 27_io/istream_extractor_arith.cc execution test
FAIL: 27_io/streambuf.cc execution test
FAIL: 27_io/stringbuf.cc execution test
=== libstdc++-v3 Summary ===
# of expected passes 366
# of unexpected failures 5
# of unexpected successes 9
# of expected failures 16
Compiler version: 3.1 20020415 (prerelease)
Platform: sparcv9-sun-solaris2.8
configure flags: --host=sparcv9-sun-solaris2.8
--prefix=/softntools/tools/gcc-20020415 --enable-shared
--enable-threads=posix
More information about the Gcc-testresults
mailing list