Results for 3.1 20020415 (prerelease) testsuite on i686-pc-linux-gnu
Mark Wielaard
mark@wildebeest.org
Tue Apr 16 15:09:00 GMT 2002
Debian GNU/Linux 3.0
Linux 2.4.18-k7
binutils Version: 2.12.90.0.1-1
glibc Version: 2.2.5-4
Test results for libjava include the results of the Mauve testsuite
(see http://sources.redhat.com/mauve/)
Source also includes the following patch:
http://gcc.gnu.org/ml/gcc-patches/2002-04/msg00920.html
LAST_UPDATED: Mon Apr 15 21:16:26 UTC 2002
Native configuration is i686-pc-linux-gnu
=== gcc tests ===
Running target unix
FAIL: gcc.c-torture/execute/20020307-2.c execution, -O1
FAIL: gcc.c-torture/execute/20020307-2.c execution, -O2
FAIL: gcc.c-torture/execute/20020307-2.c execution, -O3 -fomit-frame-pointer
FAIL: gcc.c-torture/execute/20020307-2.c execution, -O3 -fomit-frame-pointer -funroll-loops
FAIL: gcc.c-torture/execute/20020307-2.c execution, -O3 -fomit-frame-pointer -funroll-all-loops -finline-functions
FAIL: gcc.c-torture/execute/20020307-2.c execution, -O3 -g
FAIL: gcc.c-torture/execute/20020402-1.c execution, -Os
FAIL: gcc.dg/format/c99-printf-1.c %hhn unsigned char (test for warnings, line 196)
FAIL: gcc.dg/format/c99-printf-1.c (test for excess errors)
=== gcc Summary ===
# of expected passes 18276
# of unexpected failures 9
# of expected failures 66
# of unsupported tests 42
/opt/src/gcc-obj/gcc/xgcc version 3.1 20020415 (prerelease)
=== g++ tests ===
Running target unix
FAIL: g++.dg/opt/cleanup1.C execution test
=== g++ Summary ===
# of expected passes 7164
# of unexpected failures 1
# of expected failures 86
# of untested testcases 9
# of unsupported tests 3
/opt/src/gcc-obj/gcc/testsuite/../g++ version 3.1 20020415 (prerelease)
=== libjava tests ===
Running target unix
FAIL: gnu.testlet.java.lang.Double.DoubleTest: Error: test_intValue returned wrong results CYGNUS: Float to int conversions - 1 (number 1)
FAIL: gnu.testlet.java.lang.Double.DoubleTest: Error: test_longValue returned wrong results CYGNUS: Float to int conversions - 1 (number 1)
FAIL: gnu.testlet.java.lang.Float.FloatTest: Error: test_intValue returned wrong results - 1 (number 1)
FAIL: Compile gnu/testlet/java/lang/Math/min.o for gnu.testlet.java.lang.Math.min
FAIL: gnu.testlet.java.lang.StringBuffer.plus (number 1)
FAIL: gnu.testlet.java.lang.ref.PhantomReference.phantom: unreachable (number 1)
=== libjava Summary ===
# of expected passes 8710
# of unexpected failures 6
# of expected failures 79
# of untested testcases 14
=== libstdc++-v3 tests ===
Running target unix
FAIL: 26_numerics/c99_classification_macros_c.cc (test for excess errors)
=== libstdc++-v3 Summary ===
# of expected passes 370
# of unexpected failures 1
# of expected failures 25
Compiler version: 3.1 20020415 (prerelease)
Platform: i686-pc-linux-gnu
configure flags: --host=i686-pc-linux-gnu --enable-languages=c++,java --enable-threads --prefix=/usr/local/gcc-3.1
More information about the Gcc-testresults
mailing list