Results for 3.1 20020411 (prerelease) testsuite on sparc-sun-solaris2.8
Robert Schiele
schiele@pi3.informatik.uni-mannheim.de
Fri Apr 12 04:10:00 GMT 2002
LAST_UPDATED:
Native configuration is sparc-sun-solaris2.8
=== g++ tests ===
Running target unix
FAIL: g++.dg/opt/cleanup1.C execution test
FAIL: g++.dg/special/conpr-2.C execution test
FAIL: g++.dg/special/conpr-3.C execution test
FAIL: g++.dg/special/initp1.C execution test
=== g++ Summary ===
# of expected passes 7136
# of unexpected failures 4
# of expected failures 86
# of untested testcases 21
# of unsupported tests 2
/export/share1/gccbuild/gcc/testsuite/../g++ version 3.1 20020411 (prerelease)
=== g77 tests ===
Running target unix
=== g77 Summary ===
# of expected passes 1452
# of unsupported tests 8
/export/share1/gccbuild/gcc/testsuite/../g77 version 3.1 20020411 (prerelease)
=== gcc tests ===
Running target unix
WARNING: program timed out.
FAIL: gcc.c-torture/execute/20020406-1.c execution, -O0
WARNING: program timed out.
FAIL: gcc.c-torture/execute/20020406-1.c execution, -O1
WARNING: program timed out.
FAIL: gcc.c-torture/execute/20020406-1.c execution, -O2
WARNING: program timed out.
FAIL: gcc.c-torture/execute/20020406-1.c execution, -O3 -fomit-frame-pointer
WARNING: program timed out.
FAIL: gcc.c-torture/execute/20020406-1.c execution, -O3 -fomit-frame-pointer -funroll-loops
WARNING: program timed out.
FAIL: gcc.c-torture/execute/20020406-1.c execution, -O3 -fomit-frame-pointer -funroll-all-loops -finline-functions
WARNING: program timed out.
FAIL: gcc.c-torture/execute/20020406-1.c execution, -O3 -g
WARNING: program timed out.
FAIL: gcc.c-torture/execute/20020406-1.c execution, -Os
FAIL: gcc.dg/cpp/charconst.c (test for excess errors)
UNRESOLVED: weak-1.c
UNRESOLVED: weak-2.c
UNRESOLVED: wkali-1.c
UNRESOLVED: wkali-2.c
=== gcc Summary ===
# of expected passes 18102
# of unexpected failures 9
# of expected failures 62
# of unresolved testcases 4
# of unsupported tests 107
/export/share1/gccbuild/gcc/xgcc version 3.1 20020411 (prerelease)
=== objc tests ===
Running target unix
=== objc Summary ===
# of expected passes 1036
# of expected failures 6
/export/share1/gccbuild/gcc/xgcc version 3.1 20020411 (prerelease)
=== libstdc++-v3 tests ===
Running target unix
FAIL: 18_support/numeric_limits.cc execution test
XPASS: 22_locale/collate_members_wchar_t.cc execution test
XPASS: 22_locale/money_get_members_wchar_t.cc execution test
XPASS: 22_locale/money_put_members_wchar_t.cc execution test
XPASS: 22_locale/moneypunct_members_wchar_t.cc execution test
XPASS: 22_locale/num_get_members_wchar_t.cc execution test
XPASS: 22_locale/num_put_members_wchar_t.cc execution test
XPASS: 22_locale/numpunct_members_wchar_t.cc execution test
XPASS: 22_locale/time_get_members_wchar_t.cc execution test
XPASS: 22_locale/time_put_members_wchar_t.cc execution test
FAIL: 27_io/filebuf_virtuals.cc execution test
FAIL: 27_io/istream_extractor_arith.cc execution test
FAIL: 27_io/streambuf.cc execution test
FAIL: 27_io/stringbuf.cc execution test
WARNING: program timed out.
FAIL: thread/pthread4.cc execution test
=== libstdc++-v3 Summary ===
# of expected passes 365
# of unexpected failures 6
# of unexpected successes 9
# of expected failures 16
Compiler version: 3.1 20020411 (prerelease)
Platform: sparc-sun-solaris2.8
configure flags: --host=sparc-sun-solaris2.8 --enable-threads=posix --enable-long-long --prefix=/opt/Pkg/SunOS/gcc31 --enable-languages=c,c++,f77,objc,java --disable-nls --enable-shared
More information about the Gcc-testresults
mailing list