Results for 3.2 20020410 (experimental) testsuite on s390-ibm-linux-gnu
Ulrich Weigand
Ulrich.Weigand@de.ibm.com
Thu Apr 11 05:50:00 GMT 2002
LAST_UPDATED:
Native configuration is s390-ibm-linux-gnu
=== g++ tests ===
Running target unix
FAIL: g++.dg/bprob/bprob-1.C compilation, -g -fbranch-probabilities
UNRESOLVED: g++.dg/bprob/bprob-1.C execution, -g -fbranch-probabilities
FAIL: g++.dg/bprob/bprob-1.C compilation, -O1 -fbranch-probabilities
UNRESOLVED: g++.dg/bprob/bprob-1.C execution, -O1 -fbranch-probabilities
FAIL: g++.dg/bprob/bprob-1.C compilation, -Os -fbranch-probabilities
UNRESOLVED: g++.dg/bprob/bprob-1.C execution, -Os -fbranch-probabilities
FAIL: g++.dg/template/typename2.C (test for excess errors)
FAIL: g++.dg/warn/Wunused-2.C (test for warnings, line 5)
=== g++ Summary ===
# of expected passes 7211
# of unexpected failures 5
# of expected failures 87
# of unresolved testcases 3
# of untested testcases 23
# of unsupported tests 3
/mnt/dasdc1/fsf/gcc-head-build/gcc/testsuite/../g++ version 3.2 20020410 (experimental)
=== g77 tests ===
Running target unix
=== g77 Summary ===
# of expected passes 1598
# of unsupported tests 8
/mnt/dasdc1/fsf/gcc-head-build/gcc/testsuite/../g77 version 3.2 20020410 (experimental)
=== gcc tests ===
Running target unix
FAIL: gcc.dg/debug/debug-1.c scan-assembler xyzzy
FAIL: gcc.dg/debug/debug-1.c scan-assembler xyzzy
FAIL: gcc.dg/debug/debug-1.c scan-assembler xyzzy
FAIL: gcc.dg/debug/debug-1.c scan-assembler xyzzy
FAIL: gcc.dg/debug/debug-2.c scan-assembler xyzzy
FAIL: gcc.dg/debug/debug-2.c scan-assembler xyzzy
FAIL: gcc.dg/debug/debug-2.c scan-assembler xyzzy
FAIL: gcc.dg/debug/debug-2.c scan-assembler xyzzy
=== gcc Summary ===
# of expected passes 18237
# of unexpected failures 8
# of expected failures 62
# of unsupported tests 116
/mnt/dasdc1/fsf/gcc-head-build/gcc/xgcc version 3.2 20020410 (experimental)
=== objc tests ===
Running target unix
=== objc Summary ===
# of expected passes 1036
# of expected failures 6
/mnt/dasdc1/fsf/gcc-head-build/gcc/xgcc version 3.2 20020410 (experimental)
=== libstdc++-v3 tests ===
Running target unix
XPASS: 22_locale/collate_byname.cc execution test
XPASS: 22_locale/collate_members_char.cc execution test
XPASS: 22_locale/collate_members_wchar_t.cc execution test
XPASS: 22_locale/ctype_members_char.cc execution test
XPASS: 22_locale/members.cc execution test
XPASS: 22_locale/messages_byname.cc execution test
XPASS: 22_locale/messages_members_char.cc execution test
XPASS: 22_locale/money_get_members_char.cc execution test
XPASS: 22_locale/money_get_members_wchar_t.cc execution test
XPASS: 22_locale/money_put_members_char.cc execution test
XPASS: 22_locale/money_put_members_wchar_t.cc execution test
XPASS: 22_locale/moneypunct_byname.cc execution test
XPASS: 22_locale/moneypunct_members_char.cc execution test
XPASS: 22_locale/moneypunct_members_wchar_t.cc execution test
XPASS: 22_locale/num_get_members_char.cc execution test
XPASS: 22_locale/num_get_members_wchar_t.cc execution test
XPASS: 22_locale/num_put_members_char.cc execution test
XPASS: 22_locale/num_put_members_wchar_t.cc execution test
XPASS: 22_locale/numpunct_byname.cc execution test
XPASS: 22_locale/numpunct_members_char.cc execution test
XPASS: 22_locale/numpunct_members_wchar_t.cc execution test
XPASS: 22_locale/time_get_members_char.cc execution test
XPASS: 22_locale/time_get_members_wchar_t.cc execution test
XPASS: 22_locale/time_put_members_char.cc execution test
XPASS: 22_locale/time_put_members_wchar_t.cc execution test
FAIL: 26_numerics/c99_classification_macros_c.cc (test for excess errors)
WARNING: program timed out.
FAIL: thread/pthread5.cc execution test
=== libstdc++-v3 Summary ===
# of expected passes 369
# of unexpected failures 2
# of unexpected successes 25
Compiler version: 3.2 20020410 (experimental)
Platform: s390-ibm-linux-gnu
configure flags: --host=s390-ibm-linux --enable-shared --enable-threads --disable-libgcj --prefix=/home/weigand/fsf/gcc-head-install
More information about the Gcc-testresults
mailing list